000
CXUS53 KDLH 010920
CF6INL
PRELIMINARY LOCAL CLIMATOLOGICAL DATA (WS FORM: F-6)
STATION: INTERNATIONAL FALLS
MONTH: AUGUST
YEAR: 2020
LATITUDE: 48 34 N
LONGITUDE: 93 23 W
TEMPERATURE IN F: :PCPN: SNOW: WIND :SUNSHINE: SKY :PK WND
================================================================================
1 2 3 4 5 6A 6B 7 8 9 10 11 12 13 14 15 16 17 18
12Z AVG MX 2MIN
DY MAX MIN AVG DEP HDD CDD WTR SNW DPTH SPD SPD DIR MIN PSBL S-S WX SPD DR
================================================================================
1 78 55 67 2 0 2 0.02 0.0 0 9.2 22 340 M M 4 18 29 350
2 75 52 64 -1 1 0 0.00 0.0 0 7.8 16 340 M M 2 23 360
3 76 39 58 -7 7 0 0.00 0.0 0 3.8 13 340 M M 2 18 17 40
4 76 44 60 -5 5 0 0.00 0.0 0 3.2 9 40 M M 1 15 340
5 80 42 61 -4 4 0 0.00 0.0 0 1.8 12 220 M M 1 18 200
6 80 48 64 -1 1 0 0.00 0.0 0 4.0 12 220 M M 1 1 21 220
7 80 59 70 5 0 5 0.00 0.0 0 6.0 15 140 M M 5 25 130
8 82 50 66 1 0 1 0.10 0.0 0 5.7 23 80 M M 4 123 31 80
9 76 48 62 -3 3 0 1.37 0.0 0 6.9 23 270 M M 5 1238 39 280
10 76 50 63 -2 2 0 0.00 0.0 0 8.3 22 270 M M 0 36 220
11 79 50 65 1 0 0 0.00 0.0 0 7.2 22 290 M M 0 31 290
12 81 46 64 0 1 0 0.00 0.0 0 4.3 14 130 M M 0 19 120
13 79 54 67 3 0 2 0.98 0.0 0 10.5 23 260 M M 5 123 41 270
14 71 61 66 2 0 1 1.19 0.0 0 7.0 20 280 M M 6 13 27 280
15 76 54 65 1 0 0 T 0.0 0 7.9 15 270 M M 3 13 29 300
16 77 50 64 0 1 0 0.23 0.0 0 4.9 18 280 M M 2 13 30 300
17 73 43 58 -6 7 0 0.00 0.0 0 5.2 17 320 M M 2 22 320
18 81 43 62 -1 3 0 0.00 0.0 0 2.8 10 230 M M 2 17 230
19 85 60 73 10 0 8 0.02 0.0 0 6.5 18 250 M M 3 31 210
20 80 63 72 9 0 7 0.00 0.0 0 5.5 14 90 M M 2 18 100
21 84 62 73 10 0 8 0.00 0.0 0 3.5 9 40 M M 5 12 12 30
22 81 61 71 9 0 6 0.12 0.0 0 3.7 14 110 M M 6 123 20 130
23 80 61 71 9 0 6 0.00 0.0 0 2.6 9 140 M M 7 12 13 210
24 82 54 68 6 0 3 0.00 0.0 0 4.4 13 350 M M 1 1 17 330
25 80 49 65 3 0 0 0.00 0.0 0 5.3 14 140 M M 2 20 120
26 80 59 70 9 0 5 T 0.0 0 5.2 13 320 M M 7 19 130
27 75 48 62 1 3 0 0.00 0.0 0 3.5 9 50 M M 1 1 16 40
28 74 54 64 3 1 0 0.03 0.0 0 6.3 21 320 M M 6 3 29 310
29 72 44 58 -2 7 0 0.00 0.0 0 6.2 16 340 M M 2 22 340
30 74 42 58 -2 7 0 0.09 0.0 0 7.5 15 140 M M 4 1 25 120
31 67 45 56 -4 9 0 0.65 0.0 0 7.4 20 280 M M 7 1 31 300
================================================================================
SM 2410 1590 62 54 4.80 0.0 174.1 M 98
================================================================================
AV 77.7 51.3 5.6 FASTST M M 3 MAX(MPH)
MISC ----> # 23 80 41 270
================================================================================
NOTES:
# LAST OF SEVERAL OCCURRENCES
COLUMN 17 PEAK WIND IN M.P.H.
PRELIMINARY LOCAL CLIMATOLOGICAL DATA (WS FORM: F-6) , PAGE 2
STATION: INTERNATIONAL FALLS
MONTH: AUGUST
YEAR: 2020
LATITUDE: 48 34 N
LONGITUDE: 93 23 W
[TEMPERATURE DATA] [PRECIPITATION DATA] SYMBOLS USED IN COLUMN 16
AVERAGE MONTHLY: 64.5 TOTAL FOR MONTH: 4.80 1 = FOG OR MIST
DPTR FM NORMAL: 1.2 DPTR FM NORMAL: 1.99 2 = FOG REDUCING VISIBILITY
HIGHEST: 85 ON 19 GRTST 24HR 2.17 ON 13-14 TO 1/4 MILE OR LESS
LOWEST: 39 ON 3 3 = THUNDER
SNOW, ICE PELLETS, HAIL 4 = ICE PELLETS
TOTAL MONTH: 0.0 INCH 5 = HAIL
GRTST 24HR 0.0 6 = FREEZING RAIN OR DRIZZLE
GRTST DEPTH: 0 7 = DUSTSTORM OR SANDSTORM:
VSBY 1/2 MILE OR LESS
8 = SMOKE OR HAZE
[NO. OF DAYS WITH] [WEATHER - DAYS WITH] 9 = BLOWING SNOW
X = TORNADO
MAX 32 OR BELOW: 0 0.01 INCH OR MORE: 11
MAX 90 OR ABOVE: 0 0.10 INCH OR MORE: 7
MIN 32 OR BELOW: 0 0.50 INCH OR MORE: 4
MIN 0 OR BELOW: 0 1.00 INCH OR MORE: 2
[HDD (BASE 65) ]
TOTAL THIS MO. 62 CLEAR (SCALE 0-3) 17
DPTR FM NORMAL -49 PTCLDY (SCALE 4-7) 14
TOTAL FM JUL 1 89 CLOUDY (SCALE 8-10) 0
DPTR FM NORMAL -91
[CDD (BASE 65) ]
TOTAL THIS MO. 54
DPTR FM NORMAL -4 [PRESSURE DATA]
TOTAL FM JAN 1 247 HIGHEST SLP 30.24 ON 3
DPTR FM NORMAL 66 LOWEST SLP 29.57 ON 31
[REMARKS]
#FINAL-08-20#