000
CDUS43 KDLH 080621
CLIINL


CLIMATE REPORT
NATIONAL WEATHER SERVICE DULUTH MN
120 AM CDT TUE JUL 8 2014


...................................

...THE INTERNATIONAL FALLS MN CLIMATE SUMMARY FOR JULY 7 2014...

CLIMATE NORMAL PERIOD 1981 TO 2010
CLIMATE RECORD PERIOD 1895 TO 2014


WEATHER ITEM   OBSERVED TIME   RECORD YEAR NORMAL DEPARTURE LAST
                VALUE   (LST)  VALUE       VALUE  FROM      YEAR
                                                  NORMAL
..................................................................
TEMPERATURE (F)
 YESTERDAY
  MAXIMUM         79   1216 PM  97    1926  77      2       80
  MINIMUM         57   1159 PM  34    1997  53      4       60
  AVERAGE         68                        65      3       70

PRECIPITATION (IN)
  YESTERDAY        0.03          2.60 1962   0.14  -0.11     0.28
  MONTH TO DATE    0.83                      1.02  -0.19     1.32
  SINCE JUN 1     11.07                      4.94   6.13     2.92
  SINCE JAN 1     19.89                     11.47   8.42    15.30

SNOWFALL (IN)
  YESTERDAY        0.0           0.0  2002   0.0    0.0      0.0
                                      2001
  MONTH TO DATE    0.0                       0.0    0.0      0.0
  SINCE JUN 1      0.0                       0.0    0.0      0.0
  SINCE JUL 1      0.0                       0.0    0.0      0.0
  SNOW DEPTH       0

DEGREE DAYS
 HEATING
  YESTERDAY        0                         3     -3        0
  MONTH TO DATE   26                        21      5        0
  SINCE JUN 1    155                       185    -30      169
  SINCE JUL 1     26                        21      5        0

 COOLING
  YESTERDAY        3                         2      1        5
  MONTH TO DATE   15                        14      1       26
  SINCE JUN 1     44                        52     -8       60
  SINCE JAN 1     67                        61      6       63
..................................................................


WIND (MPH)
  HIGHEST WIND SPEED    25   HIGHEST WIND DIRECTION     N (340)
  HIGHEST GUST SPEED    35   HIGHEST GUST DIRECTION     N (340)
  AVERAGE WIND SPEED     6.2


SKY COVER
  AVERAGE SKY COVER 0.1


WEATHER CONDITIONS
 THE FOLLOWING WEATHER WAS RECORDED YESTERDAY.
  THUNDERSTORM
  RAIN
  LIGHT RAIN
  FOG


RELATIVE HUMIDITY (PERCENT)
 HIGHEST    93           400 AM
 LOWEST     48          1200 PM
 AVERAGE    71

..........................................................


THE INTERNATIONAL FALLS MN CLIMATE NORMALS FOR TODAY
                         NORMAL    RECORD    YEAR
 MAXIMUM TEMPERATURE (F)   77        95      1923
 MINIMUM TEMPERATURE (F)   53        40      1958


SUNRISE AND SUNSET
JULY  8 2014..........SUNRISE   521 AM CDT   SUNSET   916 PM CDT
JULY  9 2014..........SUNRISE   522 AM CDT   SUNSET   915 PM CDT


-  INDICATES NEGATIVE NUMBERS.
R  INDICATES RECORD WAS SET OR TIED.
MM INDICATES DATA IS MISSING.
T  INDICATES TRACE AMOUNT.




$$
