000
CDUS43 KDLH 310629
CLIINL


CLIMATE REPORT
NATIONAL WEATHER SERVICE DULUTH MN
128 AM CDT SUN AUG 31 2014


...................................

...THE INTERNATIONAL FALLS MN CLIMATE SUMMARY FOR AUGUST 30 2014...

CLIMATE NORMAL PERIOD 1981 TO 2010
CLIMATE RECORD PERIOD 1895 TO 2014


WEATHER ITEM   OBSERVED TIME   RECORD YEAR NORMAL DEPARTURE LAST
                VALUE   (LST)  VALUE       VALUE  FROM      YEAR
                                                  NORMAL
..................................................................
TEMPERATURE (F)
 YESTERDAY
  MAXIMUM         71    419 PM  88    2010  72     -1       80
                                      1921
  MINIMUM         45   1049 PM  32    2009  48     -3       57
  AVERAGE         58                        60     -2       69

PRECIPITATION (IN)
  YESTERDAY        0.00          4.82 1942   0.09  -0.09     0.00
  MONTH TO DATE    0.68                      2.72  -2.04     3.31
  SINCE JUN 1     15.50                     10.34   5.16    12.31
  SINCE JAN 1     24.32                     16.87   7.45    24.69

SNOWFALL (IN)
  YESTERDAY        0.0           0.0  2002   0.0    0.0      0.0
                                      2001
  MONTH TO DATE    0.0                       0.0    0.0      0.0
  SINCE JUN 1      0.0                       0.0    0.0      0.0
  SINCE JUL 1      0.0                       0.0    0.0      0.0
  SNOW DEPTH       0

DEGREE DAYS
 HEATING
  YESTERDAY        7                         6      1        0
  MONTH TO DATE  108                       104      4      135
  SINCE JUN 1    340                       338      2      389
  SINCE JUL 1    211                       174     37      220

 COOLING
  YESTERDAY        0                         1     -1        4
  MONTH TO DATE   16                        52    -36       83
  SINCE JUN 1     88                       166    -78      207
  SINCE JAN 1    111                       175    -64      210
..................................................................


WIND (MPH)
  HIGHEST WIND SPEED    15   HIGHEST WIND DIRECTION     N (10)
  HIGHEST GUST SPEED    19   HIGHEST GUST DIRECTION     N (20)
  AVERAGE WIND SPEED     7.1


SKY COVER
  AVERAGE SKY COVER 0.5


WEATHER CONDITIONS
 THE FOLLOWING WEATHER WAS RECORDED YESTERDAY.
  NO SIGNIFICANT WEATHER WAS OBSERVED.


RELATIVE HUMIDITY (PERCENT)
 HIGHEST   100          1000 PM
 LOWEST     47           400 PM
 AVERAGE    74

..........................................................


THE INTERNATIONAL FALLS MN CLIMATE NORMALS FOR TODAY
                         NORMAL    RECORD    YEAR
 MAXIMUM TEMPERATURE (F)   72        94      1921
 MINIMUM TEMPERATURE (F)   48        27      1906


SUNRISE AND SUNSET
AUGUST 31 2014........SUNRISE   629 AM CDT   SUNSET   757 PM CDT
SEPTEMBER  1 2014.....SUNRISE   631 AM CDT   SUNSET   755 PM CDT


-  INDICATES NEGATIVE NUMBERS.
R  INDICATES RECORD WAS SET OR TIED.
MM INDICATES DATA IS MISSING.
T  INDICATES TRACE AMOUNT.




$$
