000
CDUS43 KDLH 280632
CLIINL


CLIMATE REPORT
NATIONAL WEATHER SERVICE DULUTH MN
129 AM CDT SUN AUG 28 2016


...................................

...THE INTERNATIONAL FALLS MN CLIMATE SUMMARY FOR AUGUST 27 2016...

CLIMATE NORMAL PERIOD 1981 TO 2010
CLIMATE RECORD PERIOD 1895 TO 2016


WEATHER ITEM   OBSERVED TIME   RECORD YEAR NORMAL DEPARTURE LAST
                VALUE   (LST)  VALUE       VALUE  FROM      YEAR
                                                  NORMAL
..................................................................
TEMPERATURE (F)
 YESTERDAY
  MAXIMUM         71   1115 AM  95    1991  74     -3       76
  MINIMUM         51    426 AM  32    1982  49      2       37
  AVERAGE         61                        61      0       57

PRECIPITATION (IN)
  YESTERDAY        0.59          1.44 2002   0.09   0.50     0.00
  MONTH TO DATE    2.86                      2.44   0.42     3.57
  SINCE JUN 1     12.21                     10.06   2.15     8.24
  SINCE JAN 1     20.01                     16.59   3.42    16.41

SNOWFALL (IN)
  YESTERDAY        0.0           T    1994   0.0    0.0      0.0
  MONTH TO DATE    0.0                       0.0    0.0      0.0
  SINCE JUN 1      0.0                       0.0    0.0      0.0
  SINCE JUL 1      0.0                       0.0    0.0      0.0
  SNOW DEPTH       0

DEGREE DAYS
 HEATING
  YESTERDAY        4                         5     -1        8
  MONTH TO DATE   56                        87    -31      129
  SINCE JUN 1    266                       321    -55      325
  SINCE JUL 1     99                       157    -58      176

 COOLING
  YESTERDAY        0                         1     -1        0
  MONTH TO DATE   44                        49     -5       44
  SINCE JUN 1    144                       163    -19      139
  SINCE JAN 1    146                       172    -26      139
..................................................................


WIND (MPH)
  HIGHEST WIND SPEED    14   HIGHEST WIND DIRECTION    SE (120)
  HIGHEST GUST SPEED    18   HIGHEST GUST DIRECTION     S (170)
  AVERAGE WIND SPEED     3.0


SKY COVER
  AVERAGE SKY COVER 0.8


WEATHER CONDITIONS
 THE FOLLOWING WEATHER WAS RECORDED YESTERDAY.
  THUNDERSTORM
  HEAVY RAIN
  RAIN
  LIGHT RAIN
  FOG


RELATIVE HUMIDITY (PERCENT)
 HIGHEST   100           600 AM
 LOWEST     61          1100 AM
 AVERAGE    81

..........................................................


THE INTERNATIONAL FALLS MN CLIMATE NORMALS FOR TODAY
                         NORMAL    RECORD    YEAR
 MAXIMUM TEMPERATURE (F)   73        93      1984
 MINIMUM TEMPERATURE (F)   49        30      1982


SUNRISE AND SUNSET
AUGUST 28 2016........SUNRISE   626 AM CDT   SUNSET   802 PM CDT
AUGUST 29 2016........SUNRISE   627 AM CDT   SUNSET   800 PM CDT


-  INDICATES NEGATIVE NUMBERS.
R  INDICATES RECORD WAS SET OR TIED.
MM INDICATES DATA IS MISSING.
T  INDICATES TRACE AMOUNT.




$$
