405
CDUS43 KDLH 180630
CLIINL


CLIMATE REPORT
NATIONAL WEATHER SERVICE DULUTH MN
1228 AM CST SAT FEB 18 2017


...................................

...THE INTERNATIONAL FALLS MN CLIMATE SUMMARY FOR FEBRUARY 17 2017...

CLIMATE NORMAL PERIOD 1981 TO 2010
CLIMATE RECORD PERIOD 1895 TO 2017


WEATHER ITEM   OBSERVED TIME   RECORD YEAR NORMAL DEPARTURE LAST
                VALUE   (LST)  VALUE       VALUE  FROM      YEAR
                                                  NORMAL
..................................................................
TEMPERATURE (F)
 YESTERDAY
  MAXIMUM         58R   429 PM  52    1907  23     35       26
  MINIMUM         29    755 AM -37    1967  -1     30      -23
  AVERAGE         44                        11     33        2

PRECIPITATION (IN)
  YESTERDAY        0.00          0.28 1898   0.02  -0.02     0.00
  MONTH TO DATE    0.77                      0.31   0.46     0.31
  SINCE DEC 1      4.23                      1.74   2.49     1.97
  SINCE JAN 1      2.04                      0.93   1.11     0.90

SNOWFALL (IN)
  YESTERDAY        0.0           8.0  2009   0.4   -0.4      0.0
  MONTH TO DATE   11.4                       6.5    4.9      3.7
  SINCE DEC 1     53.8                      36.5   17.3     22.0
  SINCE JUL 1     62.2                      52.5    9.7     25.8
  SNOW DEPTH      16

DEGREE DAYS
 HEATING
  YESTERDAY       21                        54    -33       63
  MONTH TO DATE  893                       964    -71      996
  SINCE DEC 1   4231                      4556   -325     4005
  SINCE JUL 1   6037                      7017   -980     6011

 COOLING
  YESTERDAY        0                         0      0        0
  MONTH TO DATE    0                         0      0        0
  SINCE DEC 1      0                         0      0        0
  SINCE JAN 1      0                         0      0        0
..................................................................


WIND (MPH)
  HIGHEST WIND SPEED    15   HIGHEST WIND DIRECTION     W (250)
  HIGHEST GUST SPEED    21   HIGHEST GUST DIRECTION     W (260)
  AVERAGE WIND SPEED     6.3


SKY COVER
  AVERAGE SKY COVER 0.0


WEATHER CONDITIONS
 THE FOLLOWING WEATHER WAS RECORDED YESTERDAY.
  NO SIGNIFICANT WEATHER WAS OBSERVED.


RELATIVE HUMIDITY (PERCENT)
 HIGHEST    85           600 AM
 LOWEST     33           400 PM
 AVERAGE    59

..........................................................


THE INTERNATIONAL FALLS MN CLIMATE NORMALS FOR TODAY
                         NORMAL    RECORD    YEAR
 MAXIMUM TEMPERATURE (F)   23        49      1954
 MINIMUM TEMPERATURE (F)    0       -44      1966


SUNRISE AND SUNSET
FEBRUARY 18 2017......SUNRISE   715 AM CST   SUNSET   540 PM CST
FEBRUARY 19 2017......SUNRISE   714 AM CST   SUNSET   542 PM CST


-  INDICATES NEGATIVE NUMBERS.
R  INDICATES RECORD WAS SET OR TIED.
MM INDICATES DATA IS MISSING.
T  INDICATES TRACE AMOUNT.




$$

WM
