000
CDUS43 KDLH 262234
CLIINL


CLIMATE REPORT
NATIONAL WEATHER SERVICE DULUTH MN
432 PM CST MON JAN 26 2015


...................................

...THE INTERNATIONAL FALLS MN CLIMATE SUMMARY FOR JANUARY 26 2015...
VALID TODAY AS OF 0400 PM LOCAL TIME.

CLIMATE NORMAL PERIOD 1981 TO 2010
CLIMATE RECORD PERIOD 1895 TO 2015


WEATHER ITEM   OBSERVED TIME   RECORD YEAR NORMAL DEPARTURE LAST
                VALUE   (LST)  VALUE       VALUE  FROM      YEAR
                                                  NORMAL
..................................................................
TEMPERATURE (F)
 TODAY
  MAXIMUM         30    102 PM  43    2006  16     14       -1
  MINIMUM         21    244 AM -42    1997  -7     28      -18
  AVERAGE         26                         5     21       -9

PRECIPITATION (IN)
  TODAY            0.15                      0.01   0.14     0.08
  MONTH TO DATE    1.21                      0.54   0.67     0.82
  SINCE DEC 1      2.06                      1.35   0.71     2.26
  SINCE JAN 1      1.21                      0.54   0.67     0.82

SNOWFALL (IN)
  TODAY            1.8                       0.4    1.4      1.8
  MONTH TO DATE   18.6                      13.0    5.6     16.8
  SINCE JUL 1     38.6                      44.0   -5.4     54.1
  SNOW DEPTH      14

DEGREE DAYS
 HEATING
  TODAY           39                        60    -21       74
  MONTH TO DATE 1546                      1580    -34     1754
  SINCE DEC 1   3009                      3294   -285     3891
  SINCE JUL 1   5620                      5755   -135     6249

 COOLING
  TODAY            0                         0      0        0
  MONTH TO DATE    0                         0      0        0
  SINCE DEC 1      0                         0      0        0
  SINCE JAN 1      0                         0      0        0
..................................................................


WIND (MPH)
  HIGHEST WIND SPEED    17   HIGHEST WIND DIRECTION    NW (330)
  HIGHEST GUST SPEED    22   HIGHEST GUST DIRECTION    NW (320)


SKY COVER
  AVERAGE SKY COVER 0.9


WEATHER CONDITIONS
 THE FOLLOWING WEATHER WAS RECORDED TODAY.
  LIGHT SNOW
  FOG


RELATIVE HUMIDITY (PERCENT)
 HIGHEST    96           600 AM
 LOWEST     78          1200 PM
 AVERAGE    87

..........................................................


THE INTERNATIONAL FALLS MN CLIMATE NORMALS FOR TOMORROW
                         NORMAL    RECORD    YEAR
 MAXIMUM TEMPERATURE (F)   16        44      2006
 MINIMUM TEMPERATURE (F)   -7       -36      1966
                                             1955
                                             1915


SUNRISE AND SUNSET
JANUARY 26 2015.......SUNRISE   751 AM CST   SUNSET   502 PM CST
JANUARY 27 2015.......SUNRISE   750 AM CST   SUNSET   504 PM CST


-  INDICATES NEGATIVE NUMBERS.
R  INDICATES RECORD WAS SET OR TIED.
MM INDICATES DATA IS MISSING.
T  INDICATES TRACE AMOUNT.




$$
