000
CDUS43 KDLH 250621
CLIINL


CLIMATE REPORT
NATIONAL WEATHER SERVICE DULUTH MN
1221 AM CST WED FEB 25 2015


...................................

...THE INTERNATIONAL FALLS MN CLIMATE SUMMARY FOR FEBRUARY 24 2015...

CLIMATE NORMAL PERIOD 1981 TO 2010
CLIMATE RECORD PERIOD 1895 TO 2015


WEATHER ITEM   OBSERVED TIME   RECORD YEAR NORMAL DEPARTURE LAST
                VALUE   (LST)  VALUE       VALUE  FROM      YEAR
                                                  NORMAL
..................................................................
TEMPERATURE (F)
 YESTERDAY
  MAXIMUM         23    351 AM  52    1976  26     -3        8
  MINIMUM         -9   1159 PM -31    1917   3    -12       -9
  AVERAGE          7                        14     -7        0

PRECIPITATION (IN)
  YESTERDAY        0.03          0.22 2007   0.03   0.00      T
  MONTH TO DATE    0.68                      0.47   0.21     0.88
  SINCE DEC 1      2.86                      1.90   0.96     3.14
  SINCE JAN 1      2.01                      1.09   0.92     1.70

SNOWFALL (IN)
  YESTERDAY        1.6           4.3  2001   0.4    1.2      0.2
  MONTH TO DATE   15.9                       9.2    6.7     20.5
  SINCE DEC 1     47.4                      39.2    8.2     63.8
  SINCE JUL 1     56.7                      55.2    1.5     74.7
  SNOW DEPTH      18

DEGREE DAYS
 HEATING
  YESTERDAY       58                        51      7       65
  MONTH TO DATE 1589                      1330    259     1518
  SINCE DEC 1   4863                      4922    -59     5775
  SINCE JUL 1   7474                      7383     91     8133

 COOLING
  YESTERDAY        0                         0      0        0
  MONTH TO DATE    0                         0      0        0
  SINCE DEC 1      0                         0      0        0
  SINCE JAN 1      0                         0      0        0
..................................................................


WIND (MPH)
  HIGHEST WIND SPEED    30   HIGHEST WIND DIRECTION    NW (320)
  HIGHEST GUST SPEED    37   HIGHEST GUST DIRECTION    NW (300)
  AVERAGE WIND SPEED    14.1


SKY COVER
  AVERAGE SKY COVER 0.5


WEATHER CONDITIONS
 THE FOLLOWING WEATHER WAS RECORDED YESTERDAY.
  LIGHT SNOW
  FOG
  HAZE
  BLOWING SNOW


RELATIVE HUMIDITY (PERCENT)
 HIGHEST    88           300 AM
 LOWEST     49           300 PM
 AVERAGE    69

..........................................................


THE INTERNATIONAL FALLS MN CLIMATE NORMALS FOR TODAY
                         NORMAL    RECORD    YEAR
 MAXIMUM TEMPERATURE (F)   26        52      1958
 MINIMUM TEMPERATURE (F)    3       -38      1909


SUNRISE AND SUNSET
FEBRUARY 25 2015......SUNRISE   703 AM CST   SUNSET   551 PM CST
FEBRUARY 26 2015......SUNRISE   701 AM CST   SUNSET   552 PM CST


-  INDICATES NEGATIVE NUMBERS.
R  INDICATES RECORD WAS SET OR TIED.
MM INDICATES DATA IS MISSING.
T  INDICATES TRACE AMOUNT.




$$
