000
CDUS43 KDLH 260623
CLIINL


CLIMATE REPORT
NATIONAL WEATHER SERVICE DULUTH MN
122 AM CDT SAT JUL 26 2014


...................................

...THE INTERNATIONAL FALLS MN CLIMATE SUMMARY FOR JULY 25 2014...

CLIMATE NORMAL PERIOD 1981 TO 2010
CLIMATE RECORD PERIOD 1895 TO 2014


WEATHER ITEM   OBSERVED TIME   RECORD YEAR NORMAL DEPARTURE LAST
                VALUE   (LST)  VALUE       VALUE  FROM      YEAR
                                                  NORMAL
..................................................................
TEMPERATURE (F)
 YESTERDAY
  MAXIMUM         75    552 PM  92    1949  78     -3       70
  MINIMUM         57    447 AM  39    1911  53      4       49
  AVERAGE         66                        66      0       60

PRECIPITATION (IN)
  YESTERDAY        0.07          2.23 2013   0.11  -0.04     2.23
  MONTH TO DATE    4.36                      3.11   1.25     6.87
  SINCE JUN 1     14.60                      7.03   7.57     8.47
  SINCE JAN 1     23.42                     13.56   9.86    20.85

SNOWFALL (IN)
  YESTERDAY        0.0           0.0  2002   0.0    0.0      0.0
                                      2001
  MONTH TO DATE    0.0                       0.0    0.0      0.0
  SINCE JUN 1      0.0                       0.0    0.0      0.0
  SINCE JUL 1      0.0                       0.0    0.0      0.0
  SNOW DEPTH       0

DEGREE DAYS
 HEATING
  YESTERDAY        0                         2     -2        5
  MONTH TO DATE   90                        57     33       42
  SINCE JUN 1    219                       221     -2      211
  SINCE JUL 1     90                        57     33       42

 COOLING
  YESTERDAY        1                         2     -1        0
  MONTH TO DATE   40                        61    -21       90
  SINCE JUN 1     69                        99    -30      124
  SINCE JAN 1     92                       108    -16      127
..................................................................


WIND (MPH)
  HIGHEST WIND SPEED    10   HIGHEST WIND DIRECTION    SW (220)
  HIGHEST GUST SPEED    15   HIGHEST GUST DIRECTION    SW (230)
  AVERAGE WIND SPEED     4.1


SKY COVER
  AVERAGE SKY COVER 0.6


WEATHER CONDITIONS
 THE FOLLOWING WEATHER WAS RECORDED YESTERDAY.
  THUNDERSTORM
  LIGHT RAIN
  FOG


RELATIVE HUMIDITY (PERCENT)
 HIGHEST   100           500 AM
 LOWEST     68          1100 AM
 AVERAGE    84

..........................................................


THE INTERNATIONAL FALLS MN CLIMATE NORMALS FOR TODAY
                         NORMAL    RECORD    YEAR
 MAXIMUM TEMPERATURE (F)   78        93      1914
 MINIMUM TEMPERATURE (F)   53        41      1980


SUNRISE AND SUNSET
JULY 26 2014..........SUNRISE   540 AM CDT   SUNSET   859 PM CDT
JULY 27 2014..........SUNRISE   542 AM CDT   SUNSET   858 PM CDT


-  INDICATES NEGATIVE NUMBERS.
R  INDICATES RECORD WAS SET OR TIED.
MM INDICATES DATA IS MISSING.
T  INDICATES TRACE AMOUNT.




$$
