000
CDUS43 KDLH 020639
CLIINL


CLIMATE REPORT
NATIONAL WEATHER SERVICE DULUTH MN
139 AM CDT WED SEP 2 2015


...................................

...THE INTERNATIONAL FALLS MN CLIMATE SUMMARY FOR SEPTEMBER 1 2015...

CLIMATE NORMAL PERIOD 1981 TO 2010
CLIMATE RECORD PERIOD 1895 TO 2015


WEATHER ITEM   OBSERVED TIME   RECORD YEAR NORMAL DEPARTURE LAST
                VALUE   (LST)  VALUE       VALUE  FROM      YEAR
                                                  NORMAL
..................................................................
TEMPERATURE (F)
 YESTERDAY
  MAXIMUM         82    427 PM  90    1913  72     10       70
  MINIMUM         48    522 AM  32    1909  47      1       47
  AVERAGE         65                        60      5       59

PRECIPITATION (IN)
  YESTERDAY        0.00          3.34 1973   0.10  -0.10     0.04
  MONTH TO DATE    0.00                      0.10  -0.10     0.04
  SINCE SEP 1      0.00                      0.10  -0.10     0.04
  SINCE JAN 1     16.46                     17.06  -0.60    24.58

SNOWFALL (IN)
  YESTERDAY        0.0           0.0  2002   0.0    0.0      0.0
                                      2001
  MONTH TO DATE    0.0                       0.0    0.0      0.0
  SINCE SEP 1      0.0                       0.0    0.0      0.0
  SINCE JUL 1      0.0                       0.0    0.0      0.0
  SNOW DEPTH       0

DEGREE DAYS
 HEATING
  YESTERDAY        0                         7     -7        6
  MONTH TO DATE    0                         7     -7        6
  SINCE SEP 1      0                         7     -7        6
  SINCE JUL 1    176                       188    -12      220

 COOLING
  YESTERDAY        0                         1     -1        0
  MONTH TO DATE    0                         1     -1        0
  SINCE SEP 1      0                         1     -1        0
  SINCE JAN 1    163                       182    -19      111
..................................................................


WIND (MPH)
  HIGHEST WIND SPEED     9   HIGHEST WIND DIRECTION     W (250)
  HIGHEST GUST SPEED    13   HIGHEST GUST DIRECTION    SW (240)
  AVERAGE WIND SPEED     2.4


SKY COVER
  AVERAGE SKY COVER 0.0


WEATHER CONDITIONS
 THE FOLLOWING WEATHER WAS RECORDED YESTERDAY.
  FOG
  FOG W/VISIBILITY <= 1/4 MILE


RELATIVE HUMIDITY (PERCENT)
 HIGHEST   100          1200 AM
 LOWEST     33           200 PM
 AVERAGE    67

..........................................................


THE INTERNATIONAL FALLS MN CLIMATE NORMALS FOR TODAY
                         NORMAL    RECORD    YEAR
 MAXIMUM TEMPERATURE (F)   71        92      1971
 MINIMUM TEMPERATURE (F)   47        32      1908


SUNRISE AND SUNSET
SEPTEMBER  2 2015.....SUNRISE   632 AM CDT   SUNSET   754 PM CDT
SEPTEMBER  3 2015.....SUNRISE   633 AM CDT   SUNSET   752 PM CDT


-  INDICATES NEGATIVE NUMBERS.
R  INDICATES RECORD WAS SET OR TIED.
MM INDICATES DATA IS MISSING.
T  INDICATES TRACE AMOUNT.




$$
