000
CDUS43 KDLH 210621
CLIINL


CLIMATE REPORT
NATIONAL WEATHER SERVICE DULUTH MN
120 AM CDT THU JUL 21 2016


...................................

...THE INTERNATIONAL FALLS MN CLIMATE SUMMARY FOR JULY 20 2016...

CLIMATE NORMAL PERIOD 1981 TO 2010
CLIMATE RECORD PERIOD 1895 TO 2016


WEATHER ITEM   OBSERVED TIME   RECORD YEAR NORMAL DEPARTURE LAST
                VALUE   (LST)  VALUE       VALUE  FROM      YEAR
                                                  NORMAL
..................................................................
TEMPERATURE (F)
 YESTERDAY
  MAXIMUM         89    327 PM  97    1923  78     11       73
  MINIMUM         59    309 AM  36    1912  53      6       54
  AVERAGE         74                        66      8       64

PRECIPITATION (IN)
  YESTERDAY        T             1.06 1952   0.10  -0.10     0.02
  MONTH TO DATE    2.32                      2.58  -0.26     1.30
  SINCE JUN 1      9.24                      6.50   2.74     4.50
  SINCE JAN 1     17.04                     13.03   4.01    12.67

SNOWFALL (IN)
  YESTERDAY        0.0           0.0  2002   0.0    0.0      0.0
                                      2001
  MONTH TO DATE    0.0                       0.0    0.0      0.0
  SINCE JUN 1      0.0                       0.0    0.0      0.0
  SINCE JUL 1      0.0                       0.0    0.0      0.0
  SNOW DEPTH       0

DEGREE DAYS
 HEATING
  YESTERDAY        0                         2     -2        1
  MONTH TO DATE   40                        47     -7       39
  SINCE JUN 1    207                       211     -4      188
  SINCE JUL 1     40                        47     -7       39

 COOLING
  YESTERDAY        9                         3      6        0
  MONTH TO DATE   37                        51    -14       49
  SINCE JUN 1     56                        89    -33       53
  SINCE JAN 1     58                        98    -40       53
..................................................................


WIND (MPH)
  HIGHEST WIND SPEED    24   HIGHEST WIND DIRECTION     N (350)
  HIGHEST GUST SPEED    32   HIGHEST GUST DIRECTION     N (340)
  AVERAGE WIND SPEED     4.2


SKY COVER
  AVERAGE SKY COVER 0.1


WEATHER CONDITIONS
 THE FOLLOWING WEATHER WAS RECORDED YESTERDAY.
  THUNDERSTORM
  FOG


RELATIVE HUMIDITY (PERCENT)
 HIGHEST   100           300 AM
 LOWEST     57          1200 PM
 AVERAGE    79

..........................................................


THE INTERNATIONAL FALLS MN CLIMATE NORMALS FOR TODAY
                         NORMAL    RECORD    YEAR
 MAXIMUM TEMPERATURE (F)   78        96      1923
                                             1906
 MINIMUM TEMPERATURE (F)   53        41      2013
                                             1947


SUNRISE AND SUNSET
JULY 21 2016..........SUNRISE   535 AM CDT   SUNSET   905 PM CDT
JULY 22 2016..........SUNRISE   536 AM CDT   SUNSET   904 PM CDT


-  INDICATES NEGATIVE NUMBERS.
R  INDICATES RECORD WAS SET OR TIED.
MM INDICATES DATA IS MISSING.
T  INDICATES TRACE AMOUNT.




$$
