000
CDUS43 KDLH 230623
CLIINL


CLIMATE REPORT
NATIONAL WEATHER SERVICE DULUTH MN
123 AM CDT SUN APR 23 2017


...................................

...THE INTERNATIONAL FALLS MN CLIMATE SUMMARY FOR APRIL 22 2017...

CLIMATE NORMAL PERIOD 1981 TO 2010
CLIMATE RECORD PERIOD 1895 TO 2017


WEATHER ITEM   OBSERVED TIME   RECORD YEAR NORMAL DEPARTURE LAST
                VALUE   (LST)  VALUE       VALUE  FROM      YEAR
                                                  NORMAL
..................................................................
TEMPERATURE (F)
 YESTERDAY
  MAXIMUM         64   1102 AM  81    1990  55      9       50
  MINIMUM         28    333 AM  17    2004  30     -2       21
                                      1910
  AVERAGE         46                        43      3       36

PRECIPITATION (IN)
  YESTERDAY        0.11          0.81 2007   0.06   0.05     0.00
  MONTH TO DATE    0.62                      1.03  -0.41     1.27
  SINCE MAR 1      1.30                      1.98  -0.68     3.98
  SINCE JAN 1      4.05                      3.17   0.88     5.35

SNOWFALL (IN)
  YESTERDAY        T             4.0  1992   0.2   -0.2      0.0
  MONTH TO DATE    T                         5.4   -5.4      4.9
  SINCE MAR 1      4.5                      13.0   -8.5     14.2
  SINCE JUL 1     67.8                      69.8   -2.0     47.7
  SNOW DEPTH       T

DEGREE DAYS
 HEATING
  YESTERDAY       19                        22     -3       29
  MONTH TO DATE  495                       607   -112      648
  SINCE MAR 1   1752                      1890   -138     1751
  SINCE JUL 1   8226                      9473  -1247     8283

 COOLING
  YESTERDAY        0                         0      0        0
  MONTH TO DATE    0                         0      0        0
  SINCE MAR 1      0                         0      0        0
  SINCE JAN 1      0                         0      0        0
..................................................................


WIND (MPH)
  HIGHEST WIND SPEED    25   HIGHEST WIND DIRECTION    NW (330)
  HIGHEST GUST SPEED    31   HIGHEST GUST DIRECTION    NW (330)
  AVERAGE WIND SPEED     9.0


SKY COVER
  AVERAGE SKY COVER 0.6


WEATHER CONDITIONS
 THE FOLLOWING WEATHER WAS RECORDED YESTERDAY.
  LIGHT RAIN
  LIGHT SNOW
  FOG


RELATIVE HUMIDITY (PERCENT)
 HIGHEST    92          1200 AM
 LOWEST     39          1100 AM
 AVERAGE    66

..........................................................


THE INTERNATIONAL FALLS MN CLIMATE NORMALS FOR TODAY
                         NORMAL    RECORD    YEAR
 MAXIMUM TEMPERATURE (F)   56        81      1990
 MINIMUM TEMPERATURE (F)   30         6      1909


SUNRISE AND SUNSET
APRIL 23 2017.........SUNRISE   607 AM CDT   SUNSET   817 PM CDT
APRIL 24 2017.........SUNRISE   606 AM CDT   SUNSET   819 PM CDT


-  INDICATES NEGATIVE NUMBERS.
R  INDICATES RECORD WAS SET OR TIED.
MM INDICATES DATA IS MISSING.
T  INDICATES TRACE AMOUNT.




$$
