000
CDUS43 KDLH 140635
CLIINL


CLIMATE REPORT
NATIONAL WEATHER SERVICE DULUTH MN
133 AM CDT MON APR 14 2014


...................................

...THE INTERNATIONAL FALLS MN CLIMATE SUMMARY FOR APRIL 13 2014...

CLIMATE NORMAL PERIOD 1981 TO 2010
CLIMATE RECORD PERIOD 1895 TO 2014


WEATHER ITEM   OBSERVED TIME   RECORD YEAR NORMAL DEPARTURE LAST
                VALUE   (LST)  VALUE       VALUE  FROM      YEAR
                                                  NORMAL
..................................................................
TEMPERATURE (F)
 YESTERDAY
  MAXIMUM         35    248 AM  77    1910  50    -15       38
  MINIMUM         23   1156 PM   7    1950  26     -3       10
  AVERAGE         29                        38     -9       24

PRECIPITATION (IN)
  YESTERDAY        0.01          0.69 1964   0.05  -0.04     0.02
  MONTH TO DATE    0.36                      0.58  -0.22     0.72
  SINCE MAR 1      1.82                      1.53   0.29     1.87
  SINCE JAN 1      3.57                      2.72   0.85     5.53

SNOWFALL (IN)
  YESTERDAY        T             3.8  1968   0.3   -0.3      0.3
  MONTH TO DATE    2.6                       3.6   -1.0      7.5
  SINCE MAR 1     20.2                      11.2    9.0     22.2
  SINCE JUL 1     96.6                      68.0   28.6     92.5
  SNOW DEPTH       6

DEGREE DAYS
 HEATING
  YESTERDAY       36                        27      9       41
  MONTH TO DATE  411                       389     22      507
  SINCE MAR 1   2017                      1672    345     2019
  SINCE JUL 1  10448                      9255   1193     9576

 COOLING
  YESTERDAY        0                         0      0        0
  MONTH TO DATE    0                         0      0        0
  SINCE MAR 1      0                         0      0        0
  SINCE JAN 1      0                         0      0        0
..................................................................


WIND (MPH)
  HIGHEST WIND SPEED    22   HIGHEST WIND DIRECTION    NW (320)
  HIGHEST GUST SPEED    28   HIGHEST GUST DIRECTION    NW (300)
  AVERAGE WIND SPEED    13.1


SKY COVER
  AVERAGE SKY COVER 0.9


WEATHER CONDITIONS
 THE FOLLOWING WEATHER WAS RECORDED YESTERDAY.
  LIGHT RAIN
  LIGHT SNOW
  FOG
  HAZE


RELATIVE HUMIDITY (PERCENT)
 HIGHEST   100           200 AM
 LOWEST     63           500 PM
 AVERAGE    82

..........................................................


THE INTERNATIONAL FALLS MN CLIMATE NORMALS FOR TODAY
                         NORMAL    RECORD    YEAR
 MAXIMUM TEMPERATURE (F)   51        77      1958
 MINIMUM TEMPERATURE (F)   27         0      1926


SUNRISE AND SUNSET
APRIL 14 2014.........SUNRISE   625 AM CDT   SUNSET   803 PM CDT
APRIL 15 2014.........SUNRISE   623 AM CDT   SUNSET   805 PM CDT


-  INDICATES NEGATIVE NUMBERS.
R  INDICATES RECORD WAS SET OR TIED.
MM INDICATES DATA IS MISSING.
T  INDICATES TRACE AMOUNT.




$$
