000
CDUS43 KDLH 230623
CLIINL


CLIMATE REPORT
NATIONAL WEATHER SERVICE DULUTH MN
121 AM CDT FRI JUN 23 2017


...................................

...THE INTERNATIONAL FALLS MN CLIMATE SUMMARY FOR JUNE 22 2017...

CLIMATE NORMAL PERIOD 1981 TO 2010
CLIMATE RECORD PERIOD 1895 TO 2017


WEATHER ITEM   OBSERVED TIME   RECORD YEAR NORMAL DEPARTURE LAST
                VALUE   (LST)  VALUE       VALUE  FROM      YEAR
                                                  NORMAL
..................................................................
TEMPERATURE (F)
 YESTERDAY
  MAXIMUM         77    317 PM  96    1910  75      2       67
  MINIMUM         52   1129 PM  31    1917  50      2       44
  AVERAGE         65                        63      2       56

PRECIPITATION (IN)
  YESTERDAY        T             2.47 1957   0.15  -0.15     0.09
  MONTH TO DATE    2.67                      2.79  -0.12     3.98
  SINCE JUN 1      2.67                      2.79  -0.12     3.98
  SINCE JAN 1      9.29                      9.32  -0.03    11.78

SNOWFALL (IN)
  YESTERDAY        0.0           0.0  2002   0.0    0.0      0.0
                                      2001
  MONTH TO DATE    0.0                       0.0    0.0      0.0
  SINCE JUN 1      0.0                       0.0    0.0      0.0
  SINCE JUL 1     70.4                      71.0   -0.6     47.7
  SNOW DEPTH       0

DEGREE DAYS
 HEATING
  YESTERDAY        0                         4     -4        9
  MONTH TO DATE   71                       136    -65      133
  SINCE JUN 1     71                       136    -65      133
  SINCE JUL 1   9035                     10193  -1158     8961

 COOLING
  YESTERDAY        0                         2     -2        0
  MONTH TO DATE   12                        26    -14       13
  SINCE JUN 1     12                        26    -14       13
  SINCE JAN 1     12                        35    -23       15
..................................................................


WIND (MPH)
  HIGHEST WIND SPEED    28   HIGHEST WIND DIRECTION    SW (240)
  HIGHEST GUST SPEED    37   HIGHEST GUST DIRECTION     W (250)
  AVERAGE WIND SPEED     8.4


SKY COVER
  AVERAGE SKY COVER 0.2


WEATHER CONDITIONS
 THE FOLLOWING WEATHER WAS RECORDED YESTERDAY.
  LIGHT RAIN


RELATIVE HUMIDITY (PERCENT)
 HIGHEST    93           200 AM
 LOWEST     31           300 PM
 AVERAGE    62

..........................................................


THE INTERNATIONAL FALLS MN CLIMATE NORMALS FOR TODAY
                         NORMAL    RECORD    YEAR
 MAXIMUM TEMPERATURE (F)   75        96      1912
 MINIMUM TEMPERATURE (F)   51        29      2004


SUNRISE AND SUNSET
JUNE 23 2017..........SUNRISE   512 AM CDT   SUNSET   920 PM CDT
JUNE 24 2017..........SUNRISE   512 AM CDT   SUNSET   920 PM CDT


-  INDICATES NEGATIVE NUMBERS.
R  INDICATES RECORD WAS SET OR TIED.
MM INDICATES DATA IS MISSING.
T  INDICATES TRACE AMOUNT.




$$
