000
CDUS43 KDLH 220620
CLIINL


CLIMATE REPORT
NATIONAL WEATHER SERVICE DULUTH MN
119 AM CDT SAT APR 22 2017


...................................

...THE INTERNATIONAL FALLS MN CLIMATE SUMMARY FOR APRIL 21 2017...

CLIMATE NORMAL PERIOD 1981 TO 2010
CLIMATE RECORD PERIOD 1895 TO 2017


WEATHER ITEM   OBSERVED TIME   RECORD YEAR NORMAL DEPARTURE LAST
                VALUE   (LST)  VALUE       VALUE  FROM      YEAR
                                                  NORMAL
..................................................................
TEMPERATURE (F)
 YESTERDAY
  MAXIMUM         63    454 PM  90    1980  55      8       49
  MINIMUM         26    521 AM  11    1966  30     -4       29
  AVERAGE         45                        42      3       39

PRECIPITATION (IN)
  YESTERDAY        0.00          1.00 1964   0.05  -0.05     0.23
  MONTH TO DATE    0.51                      0.97  -0.46     1.27
  SINCE MAR 1      1.19                      1.92  -0.73     3.98
  SINCE JAN 1      3.94                      3.11   0.83     5.35

SNOWFALL (IN)
  YESTERDAY        0.0           2.4  2012   0.1   -0.1      0.0
  MONTH TO DATE    0.0                       5.2   -5.2      4.9
  SINCE MAR 1      4.5                      12.8   -8.3     14.2
  SINCE JUL 1     67.8                      69.6   -1.8     47.7
  SNOW DEPTH       0

DEGREE DAYS
 HEATING
  YESTERDAY       20                        23     -3       26
  MONTH TO DATE  476                       585   -109      619
  SINCE MAR 1   1733                      1868   -135     1722
  SINCE JUL 1   8207                      9451  -1244     8254

 COOLING
  YESTERDAY        0                         0      0        0
  MONTH TO DATE    0                         0      0        0
  SINCE MAR 1      0                         0      0        0
  SINCE JAN 1      0                         0      0        0
..................................................................


WIND (MPH)
  HIGHEST WIND SPEED    10   HIGHEST WIND DIRECTION     E (100)
  HIGHEST GUST SPEED    14   HIGHEST GUST DIRECTION     N (20)
  AVERAGE WIND SPEED     3.3


SKY COVER
  AVERAGE SKY COVER 0.1


WEATHER CONDITIONS
 THE FOLLOWING WEATHER WAS RECORDED YESTERDAY.
  NO SIGNIFICANT WEATHER WAS OBSERVED.


RELATIVE HUMIDITY (PERCENT)
 HIGHEST    92           200 AM
 LOWEST     29           600 PM
 AVERAGE    61

..........................................................


THE INTERNATIONAL FALLS MN CLIMATE NORMALS FOR TODAY
                         NORMAL    RECORD    YEAR
 MAXIMUM TEMPERATURE (F)   55        81      1990
 MINIMUM TEMPERATURE (F)   30        17      2004
                                             1910


SUNRISE AND SUNSET
APRIL 22 2017.........SUNRISE   609 AM CDT   SUNSET   816 PM CDT
APRIL 23 2017.........SUNRISE   607 AM CDT   SUNSET   817 PM CDT


-  INDICATES NEGATIVE NUMBERS.
R  INDICATES RECORD WAS SET OR TIED.
MM INDICATES DATA IS MISSING.
T  INDICATES TRACE AMOUNT.




$$
