000
CDUS43 KDLH 250623
CLIINL


CLIMATE REPORT
NATIONAL WEATHER SERVICE DULUTH MN
122 AM CDT TUE AUG 25 2015


...................................

...THE INTERNATIONAL FALLS MN CLIMATE SUMMARY FOR AUGUST 24 2015...

CLIMATE NORMAL PERIOD 1981 TO 2010
CLIMATE RECORD PERIOD 1895 TO 2015


WEATHER ITEM   OBSERVED TIME   RECORD YEAR NORMAL DEPARTURE LAST
                VALUE   (LST)  VALUE       VALUE  FROM      YEAR
                                                  NORMAL
..................................................................
TEMPERATURE (F)
 YESTERDAY
  MAXIMUM         53    857 PM  92    1948  74    -21       77
  MINIMUM         46    653 AM  31    1908  50     -4       63
  AVERAGE         50                        62    -12       70

PRECIPITATION (IN)
  YESTERDAY        0.10          1.85 1950   0.09   0.01     0.32
  MONTH TO DATE    3.57                      2.16   1.41     0.63
  SINCE JUN 1      8.24                      9.78  -1.54    15.45
  SINCE JAN 1     16.41                     16.31   0.10    24.27

SNOWFALL (IN)
  YESTERDAY        0.0           0.0  2002   0.0    0.0      0.0
                                      2001
  MONTH TO DATE    0.0                       0.0    0.0      0.0
  SINCE JUN 1      0.0                       0.0    0.0      0.0
  SINCE JUL 1      0.0                       0.0    0.0      0.0
  SNOW DEPTH       0

DEGREE DAYS
 HEATING
  YESTERDAY       15                         4     11        0
  MONTH TO DATE   98                        72     26       62
  SINCE JUN 1    294                       306    -12      294
  SINCE JUL 1    145                       142      3      165

 COOLING
  YESTERDAY        0                         1     -1        5
  MONTH TO DATE   44                        46     -2       16
  SINCE JUN 1    139                       160    -21       88
  SINCE JAN 1    139                       169    -30      111
..................................................................


WIND (MPH)
  HIGHEST WIND SPEED    21   HIGHEST WIND DIRECTION    NW (320)
  HIGHEST GUST SPEED    28   HIGHEST GUST DIRECTION    NW (320)
  AVERAGE WIND SPEED    13.1


SKY COVER
  AVERAGE SKY COVER 1.0


WEATHER CONDITIONS
 THE FOLLOWING WEATHER WAS RECORDED YESTERDAY.
  LIGHT RAIN
  FOG
  HAZE


RELATIVE HUMIDITY (PERCENT)
 HIGHEST    93           100 AM
 LOWEST     83           100 PM
 AVERAGE    88

..........................................................


THE INTERNATIONAL FALLS MN CLIMATE NORMALS FOR TODAY
                         NORMAL    RECORD    YEAR
 MAXIMUM TEMPERATURE (F)   74        92      1953
 MINIMUM TEMPERATURE (F)   49        32      1950


SUNRISE AND SUNSET
AUGUST 25 2015........SUNRISE   621 AM CDT   SUNSET   810 PM CDT
AUGUST 26 2015........SUNRISE   622 AM CDT   SUNSET   808 PM CDT


-  INDICATES NEGATIVE NUMBERS.
R  INDICATES RECORD WAS SET OR TIED.
MM INDICATES DATA IS MISSING.
T  INDICATES TRACE AMOUNT.




$$
