000
CDUS43 KDLH 250631
CLIINL


CLIMATE REPORT
NATIONAL WEATHER SERVICE DULUTH MN
1228 AM CST TUE NOV 25 2014


...................................

...THE INTERNATIONAL FALLS MN CLIMATE SUMMARY FOR NOVEMBER 24 2014...

CLIMATE NORMAL PERIOD 1981 TO 2010
CLIMATE RECORD PERIOD 1895 TO 2014


WEATHER ITEM   OBSERVED TIME   RECORD YEAR NORMAL DEPARTURE LAST
                VALUE   (LST)  VALUE       VALUE  FROM      YEAR
                                                  NORMAL
..................................................................
TEMPERATURE (F)
 YESTERDAY
  MAXIMUM         33    242 AM  48    1984  28      5       35
  MINIMUM         11   1159 PM -22    1898  12     -1       -6
  AVERAGE         22                        20      2       15

PRECIPITATION (IN)
  YESTERDAY        T             0.67 2001   0.04  -0.04      T
  MONTH TO DATE    0.49                      1.16  -0.67     1.08
  SINCE SEP 1      4.75                      6.23  -1.48     5.16
  SINCE JAN 1     29.29                     23.19   6.10    30.27

SNOWFALL (IN)
  YESTERDAY        0.3           6.5  2010   0.5   -0.2       T
  MONTH TO DATE    6.8                      10.3   -3.5      7.0
  SINCE SEP 1      6.9                      12.6   -5.7      8.6
  SINCE JUL 1      6.9                      12.6   -5.7      8.6
  SNOW DEPTH       2

DEGREE DAYS
 HEATING
  YESTERDAY       43                        45     -2       50
  MONTH TO DATE 1018                       903    115      895
  SINCE SEP 1   2036                      1999     37     1843
  SINCE JUL 1   2250                      2180     70     2063

 COOLING
  YESTERDAY        0                         0      0        0
  MONTH TO DATE    0                         0      0        0
  SINCE SEP 1     10                        11     -1       11
  SINCE JAN 1    121                       192    -71      224
..................................................................


WIND (MPH)
  HIGHEST WIND SPEED    23   HIGHEST WIND DIRECTION     N (350)
  HIGHEST GUST SPEED    31   HIGHEST GUST DIRECTION     N (340)
  AVERAGE WIND SPEED    14.4


SKY COVER
  AVERAGE SKY COVER 1.0


WEATHER CONDITIONS
 THE FOLLOWING WEATHER WAS RECORDED YESTERDAY.
  LIGHT SNOW
  FOG


RELATIVE HUMIDITY (PERCENT)
 HIGHEST    89           100 AM
 LOWEST     73          1200 PM
 AVERAGE    81

..........................................................


THE INTERNATIONAL FALLS MN CLIMATE NORMALS FOR TODAY
                         NORMAL    RECORD    YEAR
 MAXIMUM TEMPERATURE (F)   28        53      1984
 MINIMUM TEMPERATURE (F)   12       -27      1977


SUNRISE AND SUNSET
NOVEMBER 25 2014......SUNRISE   737 AM CST   SUNSET   424 PM CST
NOVEMBER 26 2014......SUNRISE   738 AM CST   SUNSET   423 PM CST


-  INDICATES NEGATIVE NUMBERS.
R  INDICATES RECORD WAS SET OR TIED.
MM INDICATES DATA IS MISSING.
T  INDICATES TRACE AMOUNT.




$$
