000
CDUS43 KDLH 170714
CLIINL


CLIMATE REPORT
NATIONAL WEATHER SERVICE DULUTH MN
214 AM CDT SUN SEP 17 2017


...................................

...THE INTERNATIONAL FALLS MN CLIMATE SUMMARY FOR SEPTEMBER 16 2017...

CLIMATE NORMAL PERIOD 1981 TO 2010
CLIMATE RECORD PERIOD 1895 TO 2017


WEATHER ITEM   OBSERVED TIME   RECORD YEAR NORMAL DEPARTURE LAST
                VALUE   (LST)  VALUE       VALUE  FROM      YEAR
                                                  NORMAL
..................................................................
TEMPERATURE (F)
 YESTERDAY
  MAXIMUM         56    342 PM  85    1922  65     -9       72
                                      1911
  MINIMUM         51    210 AM  23    2011  42      9       55
  AVERAGE         54                        53      1       64

PRECIPITATION (IN)
  YESTERDAY        0.29          1.30 1985   0.11   0.18     0.06
  MONTH TO DATE    1.33                      1.63  -0.30     1.76
  SINCE SEP 1      1.33                      1.63  -0.30     1.76
  SINCE JAN 1     18.07                     18.59  -0.52    22.32

SNOWFALL (IN)
  YESTERDAY        0.0           0.0  2002   0.0    0.0      0.0
                                      2001
  MONTH TO DATE    0.0                       0.0    0.0      0.0
  SINCE SEP 1      0.0                       0.0    0.0      0.0
  SINCE JUL 1      0.0                       0.0    0.0      0.0
  SNOW DEPTH       0

DEGREE DAYS
 HEATING
  YESTERDAY       11                        12     -1        1
  MONTH TO DATE  123                       144    -21       89
  SINCE SEP 1    123                       144    -21       89
  SINCE JUL 1    334                       325      9      206

 COOLING
  YESTERDAY        0                         0      0        0
  MONTH TO DATE    4                         9     -5        7
  SINCE SEP 1      4                         9     -5        7
  SINCE JAN 1     83                       190   -107      155
..................................................................


WIND (MPH)
  HIGHEST WIND SPEED    17   HIGHEST WIND DIRECTION     E (80)
  HIGHEST GUST SPEED    24   HIGHEST GUST DIRECTION     E (70)
  AVERAGE WIND SPEED     6.5


SKY COVER
  AVERAGE SKY COVER 0.9


WEATHER CONDITIONS
 THE FOLLOWING WEATHER WAS RECORDED YESTERDAY.
  THUNDERSTORM
  HEAVY RAIN
  RAIN
  LIGHT RAIN
  FOG


RELATIVE HUMIDITY (PERCENT)
 HIGHEST   100           700 AM
 LOWEST     86           300 PM
 AVERAGE    93

..........................................................


THE INTERNATIONAL FALLS MN CLIMATE NORMALS FOR TODAY
                         NORMAL    RECORD    YEAR
 MAXIMUM TEMPERATURE (F)   65        84      1998
                                             1920
 MINIMUM TEMPERATURE (F)   41        24      1959


SUNRISE AND SUNSET
SEPTEMBER 17 2017.....SUNRISE   654 AM CDT   SUNSET   721 PM CDT
SEPTEMBER 18 2017.....SUNRISE   655 AM CDT   SUNSET   719 PM CDT


-  INDICATES NEGATIVE NUMBERS.
R  INDICATES RECORD WAS SET OR TIED.
MM INDICATES DATA IS MISSING.
T  INDICATES TRACE AMOUNT.




$$
