000
CDUS43 KDLH 130745
CLIINL


CLIMATE REPORT
NATIONAL WEATHER SERVICE DULUTH MN
145 AM CST SAT JAN 13 2018


...................................

...THE INTERNATIONAL FALLS MN CLIMATE SUMMARY FOR JANUARY 12 2018...

CLIMATE NORMAL PERIOD 1981 TO 2010
CLIMATE RECORD PERIOD 1895 TO 2018


WEATHER ITEM   OBSERVED TIME   RECORD YEAR NORMAL DEPARTURE LAST
                VALUE   (LST)  VALUE       VALUE  FROM      YEAR
                                                  NORMAL
..................................................................
TEMPERATURE (F)
 YESTERDAY
  MAXIMUM         -4    306 PM  42    1987  15    -19        4
  MINIMUM        -36    656 AM -44    1909  -7    -29      -24
  AVERAGE        -20                         4    -24      -10

PRECIPITATION (IN)
  YESTERDAY        0.00          0.30 1923   0.02  -0.02     0.00
                                      1920
  MONTH TO DATE    0.31                      0.28   0.03     0.89
  SINCE DEC 1      1.47                      1.09   0.38     3.08
  SINCE JAN 1      0.31                      0.28   0.03     0.89

SNOWFALL (IN)
  YESTERDAY        0.0           3.3  2005   0.6   -0.6      0.0
  MONTH TO DATE    4.0                       6.4   -2.4     14.5
  SINCE DEC 1     20.4                      21.4   -1.0     40.0
  SINCE JUL 1     34.4                      37.4   -3.0     48.4
  SNOW DEPTH       9

DEGREE DAYS
 HEATING
  YESTERDAY       85                        61     24       75
  MONTH TO DATE  804                       728     76      813
  SINCE DEC 1   2631                      2442    189     2479
  SINCE JUL 1   5025                      4903    122     4285

 COOLING
  YESTERDAY        0                         0      0        0
  MONTH TO DATE    0                         0      0        0
  SINCE DEC 1      0                         0      0        0
  SINCE JAN 1      0                         0      0        0
..................................................................


WIND (MPH)
  HIGHEST WIND SPEED    13   HIGHEST WIND DIRECTION     W (280)
  HIGHEST GUST SPEED    20   HIGHEST GUST DIRECTION     W (260)
  AVERAGE WIND SPEED     5.4


SKY COVER
  AVERAGE SKY COVER 0.0


WEATHER CONDITIONS
 THE FOLLOWING WEATHER WAS RECORDED YESTERDAY.
  NO SIGNIFICANT WEATHER WAS OBSERVED.


RELATIVE HUMIDITY (PERCENT)
 HIGHEST    82           900 AM
 LOWEST     56           300 PM
 AVERAGE    69

..........................................................


THE INTERNATIONAL FALLS MN CLIMATE NORMALS FOR TODAY
                         NORMAL    RECORD    YEAR
 MAXIMUM TEMPERATURE (F)   15        41      1987
 MINIMUM TEMPERATURE (F)   -7       -42      2009


SUNRISE AND SUNSET
JANUARY 13 2018.......SUNRISE   802 AM CST   SUNSET   443 PM CST
JANUARY 14 2018.......SUNRISE   801 AM CST   SUNSET   445 PM CST


-  INDICATES NEGATIVE NUMBERS.
R  INDICATES RECORD WAS SET OR TIED.
MM INDICATES DATA IS MISSING.
T  INDICATES TRACE AMOUNT.




$$
