000
CDUS43 KDLH 150627
CLIINL


CLIMATE REPORT
NATIONAL WEATHER SERVICE DULUTH MN
126 AM CDT MON SEP 15 2014


...................................

...THE INTERNATIONAL FALLS MN CLIMATE SUMMARY FOR SEPTEMBER 14 2014...

CLIMATE NORMAL PERIOD 1981 TO 2010
CLIMATE RECORD PERIOD 1895 TO 2014


WEATHER ITEM   OBSERVED TIME   RECORD YEAR NORMAL DEPARTURE LAST
                VALUE   (LST)  VALUE       VALUE  FROM      YEAR
                                                  NORMAL
..................................................................
TEMPERATURE (F)
 YESTERDAY
  MAXIMUM         58    301 PM  88    1920  66     -8       73
  MINIMUM         44    343 AM  27    2011  42      2       51
  AVERAGE         51                        54     -3       62

PRECIPITATION (IN)
  YESTERDAY        0.10          1.36 1965   0.11  -0.01     0.24
  MONTH TO DATE    1.32                      1.42  -0.10     1.28
  SINCE SEP 1      1.32                      1.42  -0.10     1.28
  SINCE JAN 1     25.86                     18.38   7.48    26.39

SNOWFALL (IN)
  YESTERDAY       MM             0.3  1964   0.0   MM        0.0
  MONTH TO DATE    0.0                       0.0    0.0      0.0
  SINCE SEP 1      0.0                       0.0    0.0      0.0
  SINCE JUL 1      0.0                       0.0    0.0      0.0
  SNOW DEPTH       0

DEGREE DAYS
 HEATING
  YESTERDAY       14                        11      3        3
  MONTH TO DATE  148                       121     27       85
  SINCE SEP 1    148                       121     27       85
  SINCE JUL 1    362                       302     60      305

 COOLING
  YESTERDAY        0                         0      0        0
  MONTH TO DATE    3                         9     -6        7
  SINCE SEP 1      3                         9     -6        7
  SINCE JAN 1    114                       190    -76      220
..................................................................


WIND (MPH)
  HIGHEST WIND SPEED    20   HIGHEST WIND DIRECTION    NW (300)
  HIGHEST GUST SPEED    27   HIGHEST GUST DIRECTION     W (290)
  AVERAGE WIND SPEED     7.6


SKY COVER
  AVERAGE SKY COVER 0.8


WEATHER CONDITIONS
 THE FOLLOWING WEATHER WAS RECORDED YESTERDAY.
  RAIN
  LIGHT RAIN
  FOG
  HAZE


RELATIVE HUMIDITY (PERCENT)
 HIGHEST    93           500 AM
 LOWEST     66           200 PM
 AVERAGE    80

..........................................................


THE INTERNATIONAL FALLS MN CLIMATE NORMALS FOR TODAY
                         NORMAL    RECORD    YEAR
 MAXIMUM TEMPERATURE (F)   66        84      1920
 MINIMUM TEMPERATURE (F)   42        19      2011


SUNRISE AND SUNSET
SEPTEMBER 15 2014.....SUNRISE   650 AM CDT   SUNSET   726 PM CDT
SEPTEMBER 16 2014.....SUNRISE   652 AM CDT   SUNSET   724 PM CDT


-  INDICATES NEGATIVE NUMBERS.
R  INDICATES RECORD WAS SET OR TIED.
MM INDICATES DATA IS MISSING.
T  INDICATES TRACE AMOUNT.




$$
