715
CDUS43 KDLH 141336
CLIINL


CLIMATE REPORT
NATIONAL WEATHER SERVICE DULUTH MN
734 AM CST TUE NOV 14 2017


...................................

...THE INTERNATIONAL FALLS MN CLIMATE SUMMARY FOR NOVEMBER 13 2017...

CLIMATE NORMAL PERIOD 1981 TO 2010
CLIMATE RECORD PERIOD 1895 TO 2017


WEATHER ITEM   OBSERVED TIME   RECORD YEAR NORMAL DEPARTURE LAST
                VALUE   (LST)  VALUE       VALUE  FROM      YEAR
                                                  NORMAL
..................................................................
TEMPERATURE (F)
 YESTERDAY
  MAXIMUM         35    321 PM  63    2016  35      0       63
  MINIMUM         13    721 AM -12    1995  19     -6       38
                                      1986
  AVERAGE         24                        27     -3       51

PRECIPITATION (IN)
  YESTERDAY        0.00          0.61 1978   0.05  -0.05     0.00
  MONTH TO DATE    1.02                      0.68   0.34     0.17
  SINCE SEP 1      5.60                      5.75  -0.15     4.98
  SINCE JAN 1     22.34                     22.71  -0.37    25.54

SNOWFALL (IN)
  YESTERDAY        0.0           5.5  1978   0.5   -0.5      0.0
  MONTH TO DATE   11.8                       4.6    7.2      0.0
  SINCE SEP 1     13.9                       6.9    7.0       T
  SINCE JUL 1     13.9                       6.9    7.0       T
  SNOW DEPTH       6

DEGREE DAYS
 HEATING
  YESTERDAY       41                        38      3       14
  MONTH TO DATE  586                       446    140      255
  SINCE SEP 1   1504                      1542    -38     1119
  SINCE JUL 1   1715                      1723     -8     1236

 COOLING
  YESTERDAY        0                         0      0        0
  MONTH TO DATE    0                         0      0        0
  SINCE SEP 1      7                        11     -4        7
  SINCE JAN 1     86                       192   -106      155
..................................................................


WIND (MPH)
  HIGHEST WIND SPEED    16   HIGHEST WIND DIRECTION    SE (130)
  HIGHEST GUST SPEED    20   HIGHEST GUST DIRECTION    SE (140)
  AVERAGE WIND SPEED     6.5


SKY COVER
  AVERAGE SKY COVER 0.5


WEATHER CONDITIONS
 THE FOLLOWING WEATHER WAS RECORDED YESTERDAY.
  FOG
  HAZE


RELATIVE HUMIDITY (PERCENT)
 HIGHEST    91           600 AM
 LOWEST     64           300 PM
 AVERAGE    78

..........................................................


THE INTERNATIONAL FALLS MN CLIMATE NORMALS FOR TODAY
                         NORMAL    RECORD    YEAR
 MAXIMUM TEMPERATURE (F)   35        56      1953
 MINIMUM TEMPERATURE (F)   19       -14      1959


SUNRISE AND SUNSET
NOVEMBER 14 2017......SUNRISE   721 AM CST   SUNSET   435 PM CST
NOVEMBER 15 2017......SUNRISE   722 AM CST   SUNSET   434 PM CST


-  INDICATES NEGATIVE NUMBERS.
R  INDICATES RECORD WAS SET OR TIED.
MM INDICATES DATA IS MISSING.
T  INDICATES TRACE AMOUNT.




$$
