000
CDUS43 KDLH 200624
CLIINL


CLIMATE REPORT
NATIONAL WEATHER SERVICE DULUTH MN
122 AM CDT THU JUL 20 2017


...................................

...THE INTERNATIONAL FALLS MN CLIMATE SUMMARY FOR JULY 19 2017...

CLIMATE NORMAL PERIOD 1981 TO 2010
CLIMATE RECORD PERIOD 1895 TO 2017


WEATHER ITEM   OBSERVED TIME   RECORD YEAR NORMAL DEPARTURE LAST
                VALUE   (LST)  VALUE       VALUE  FROM      YEAR
                                                  NORMAL
..................................................................
TEMPERATURE (F)
 YESTERDAY
  MAXIMUM         75    254 PM 100    1923  78     -3       83
  MINIMUM         44    441 AM  37    2009  53     -9       46
  AVERAGE         60                        66     -6       65

PRECIPITATION (IN)
  YESTERDAY        T             2.67 1972   0.11  -0.11     0.00
  MONTH TO DATE    2.10                      2.48  -0.38     2.32
  SINCE JUN 1      5.89                      6.40  -0.51     9.24
  SINCE JAN 1     12.51                     12.93  -0.42    17.04

SNOWFALL (IN)
  YESTERDAY        0.0           0.0  2002   0.0    0.0      0.0
                                      2001
  MONTH TO DATE    0.0                       0.0    0.0      0.0
  SINCE JUN 1      0.0                       0.0    0.0      0.0
  SINCE JUL 1      0.0                       0.0    0.0      0.0
  SNOW DEPTH       0

DEGREE DAYS
 HEATING
  YESTERDAY        5                         2      3        0
  MONTH TO DATE   65                        45     20       40
  SINCE JUN 1    189                       209    -20      207
  SINCE JUL 1     65                        45     20       40

 COOLING
  YESTERDAY        0                         3     -3        0
  MONTH TO DATE   23                        48    -25       28
  SINCE JUN 1     35                        86    -51       47
  SINCE JAN 1     35                        95    -60       49
..................................................................


WIND (MPH)
  HIGHEST WIND SPEED     9   HIGHEST WIND DIRECTION    SE (120)
  HIGHEST GUST SPEED    12   HIGHEST GUST DIRECTION     E (110)
  AVERAGE WIND SPEED     2.7


SKY COVER
  AVERAGE SKY COVER 0.2


WEATHER CONDITIONS
 THE FOLLOWING WEATHER WAS RECORDED YESTERDAY.
  LIGHT RAIN
  FOG


RELATIVE HUMIDITY (PERCENT)
 HIGHEST    93           200 AM
 LOWEST     63           900 AM
 AVERAGE    78

..........................................................


THE INTERNATIONAL FALLS MN CLIMATE NORMALS FOR TODAY
                         NORMAL    RECORD    YEAR
 MAXIMUM TEMPERATURE (F)   78        97      1923
 MINIMUM TEMPERATURE (F)   53        36      1912


SUNRISE AND SUNSET
JULY 20 2017..........SUNRISE   533 AM CDT   SUNSET   906 PM CDT
JULY 21 2017..........SUNRISE   534 AM CDT   SUNSET   905 PM CDT


-  INDICATES NEGATIVE NUMBERS.
R  INDICATES RECORD WAS SET OR TIED.
MM INDICATES DATA IS MISSING.
T  INDICATES TRACE AMOUNT.




$$
