000
CDUS43 KDLH 120650
CLIINL


CLIMATE REPORT
NATIONAL WEATHER SERVICE DULUTH MN
149 AM CDT FRI SEP 12 2014


...................................

...THE INTERNATIONAL FALLS MN CLIMATE SUMMARY FOR SEPTEMBER 11 2014...

CLIMATE NORMAL PERIOD 1981 TO 2010
CLIMATE RECORD PERIOD 1895 TO 2014


WEATHER ITEM   OBSERVED TIME   RECORD YEAR NORMAL DEPARTURE LAST
                VALUE   (LST)  VALUE       VALUE  FROM      YEAR
                                                  NORMAL
..................................................................
TEMPERATURE (F)
 YESTERDAY
  MAXIMUM         53    212 PM  86    2005  68    -15       74
                                      1990
                                      1976
  MINIMUM         38    720 PM  29    1955  44     -6       50
  AVERAGE         46                        56    -10       62

PRECIPITATION (IN)
  YESTERDAY        T             1.65 2008   0.10  -0.10     0.24
  MONTH TO DATE    1.19                      1.11   0.08     1.04
  SINCE SEP 1      1.19                      1.11   0.08     1.04
  SINCE JAN 1     25.73                     18.07   7.66    26.15

SNOWFALL (IN)
  YESTERDAY        0.0           T    1990   0.0    0.0      0.0
  MONTH TO DATE    0.0                       0.0    0.0      0.0
  SINCE SEP 1      0.0                       0.0    0.0      0.0
  SINCE JUL 1      0.0                       0.0    0.0      0.0
  SNOW DEPTH       0

DEGREE DAYS
 HEATING
  YESTERDAY       19                        10      9        3
  MONTH TO DATE   87                        89     -2       59
  SINCE SEP 1     87                        89     -2       59
  SINCE JUL 1    301                       270     31      279

 COOLING
  YESTERDAY        0                         0      0        0
  MONTH TO DATE    3                         9     -6        7
  SINCE SEP 1      3                         9     -6        7
  SINCE JAN 1    114                       190    -76      220
..................................................................


WIND (MPH)
  HIGHEST WIND SPEED    20   HIGHEST WIND DIRECTION    NW (330)
  HIGHEST GUST SPEED    24   HIGHEST GUST DIRECTION    NW (330)
  AVERAGE WIND SPEED     7.2


SKY COVER
  AVERAGE SKY COVER 0.9


WEATHER CONDITIONS
 THE FOLLOWING WEATHER WAS RECORDED YESTERDAY.
  LIGHT RAIN


RELATIVE HUMIDITY (PERCENT)
 HIGHEST    92          1100 PM
 LOWEST     46           200 PM
 AVERAGE    69

..........................................................


THE INTERNATIONAL FALLS MN CLIMATE NORMALS FOR TODAY
                         NORMAL    RECORD    YEAR
 MAXIMUM TEMPERATURE (F)   67        87      1952
 MINIMUM TEMPERATURE (F)   43        26      1910


SUNRISE AND SUNSET
SEPTEMBER 12 2014.....SUNRISE   646 AM CDT   SUNSET   732 PM CDT
SEPTEMBER 13 2014.....SUNRISE   647 AM CDT   SUNSET   730 PM CDT


-  INDICATES NEGATIVE NUMBERS.
R  INDICATES RECORD WAS SET OR TIED.
MM INDICATES DATA IS MISSING.
T  INDICATES TRACE AMOUNT.




$$
