000
CDUS43 KDLH 240620
CLIINL


CLIMATE REPORT
NATIONAL WEATHER SERVICE DULUTH MN
120 AM CDT FRI OCT 24 2014


...................................

...THE INTERNATIONAL FALLS MN CLIMATE SUMMARY FOR OCTOBER 23 2014...

CLIMATE NORMAL PERIOD 1981 TO 2010
CLIMATE RECORD PERIOD 1895 TO 2014


WEATHER ITEM   OBSERVED TIME   RECORD YEAR NORMAL DEPARTURE LAST
                VALUE   (LST)  VALUE       VALUE  FROM      YEAR
                                                  NORMAL
..................................................................
TEMPERATURE (F)
 YESTERDAY
  MAXIMUM         68    158 PM  78    1963  48     20       37
  MINIMUM         41    738 PM  10    1981  29     12       29
  AVERAGE         55                        38     17       33

PRECIPITATION (IN)
  YESTERDAY        0.05          1.07 2012   0.06  -0.01     0.01
  MONTH TO DATE    0.62                      1.62  -1.00     1.95
  SINCE SEP 1      3.72                      4.61  -0.89     3.96
  SINCE JAN 1     28.26                     21.57   6.69    29.07

SNOWFALL (IN)
  YESTERDAY        0.0           1.0  1987   0.1   -0.1      0.1
  MONTH TO DATE    T                         1.2   -1.2      1.3
  SINCE SEP 1      T                         1.3   -1.3      1.3
  SINCE JUL 1      T                         1.3   -1.3      1.3
  SNOW DEPTH       0

DEGREE DAYS
 HEATING
  YESTERDAY       10                        27    -17       32
  MONTH TO DATE  493                       512    -19      468
  SINCE SEP 1    815                       865    -50      690
  SINCE JUL 1   1029                      1046    -17      910

 COOLING
  YESTERDAY        0                         0      0        0
  MONTH TO DATE    0                         0      0        0
  SINCE SEP 1     10                        11     -1       11
  SINCE JAN 1    121                       192    -71      224
..................................................................


WIND (MPH)
  HIGHEST WIND SPEED    17   HIGHEST WIND DIRECTION    SW (240)
  HIGHEST GUST SPEED    25   HIGHEST GUST DIRECTION    SW (240)
  AVERAGE WIND SPEED     6.4


SKY COVER
  AVERAGE SKY COVER 0.5


WEATHER CONDITIONS
 THE FOLLOWING WEATHER WAS RECORDED YESTERDAY.
  LIGHT RAIN
  FOG


RELATIVE HUMIDITY (PERCENT)
 HIGHEST   100           700 AM
 LOWEST     34           400 PM
 AVERAGE    67

..........................................................


THE INTERNATIONAL FALLS MN CLIMATE NORMALS FOR TODAY
                         NORMAL    RECORD    YEAR
 MAXIMUM TEMPERATURE (F)   47        74      1989
 MINIMUM TEMPERATURE (F)   29        12      2002


SUNRISE AND SUNSET
OCTOBER 24 2014.......SUNRISE   747 AM CDT   SUNSET   607 PM CDT
OCTOBER 25 2014.......SUNRISE   749 AM CDT   SUNSET   606 PM CDT


-  INDICATES NEGATIVE NUMBERS.
R  INDICATES RECORD WAS SET OR TIED.
MM INDICATES DATA IS MISSING.
T  INDICATES TRACE AMOUNT.




$$
