000
CDUS43 KDLH 160642
CLIINL


CLIMATE REPORT
NATIONAL WEATHER SERVICE DULUTH MN
140 AM CDT TUE AUG 16 2016


...................................

...THE INTERNATIONAL FALLS MN CLIMATE SUMMARY FOR AUGUST 15 2016...

CLIMATE NORMAL PERIOD 1981 TO 2010
CLIMATE RECORD PERIOD 1895 TO 2016


WEATHER ITEM   OBSERVED TIME   RECORD YEAR NORMAL DEPARTURE LAST
                VALUE   (LST)  VALUE       VALUE  FROM      YEAR
                                                  NORMAL
..................................................................
TEMPERATURE (F)
 YESTERDAY
  MAXIMUM         80    415 PM  89    2015  77      3       89
                                      1988
                                      1967
  MINIMUM         48    421 AM  33    1979  51     -3       65
  AVERAGE         64                        64      0       77

PRECIPITATION (IN)
  YESTERDAY        0.00          1.78 1946   0.08  -0.08     0.06
  MONTH TO DATE    2.17                      1.38   0.79     1.97
  SINCE JUN 1     11.52                      9.00   2.52     6.64
  SINCE JAN 1     19.32                     15.53   3.79    14.81

SNOWFALL (IN)
  YESTERDAY        0.0           0.0  2002   0.0    0.0      0.0
                                      2001
  MONTH TO DATE    0.0                       0.0    0.0      0.0
  SINCE JUN 1      0.0                       0.0    0.0      0.0
  SINCE JUL 1      0.0                       0.0    0.0      0.0
  SNOW DEPTH       0

DEGREE DAYS
 HEATING
  YESTERDAY        1                         3     -2        0
  MONTH TO DATE   16                        39    -23       37
  SINCE JUN 1    226                       273    -47      233
  SINCE JUL 1     59                       109    -50       84

 COOLING
  YESTERDAY        0                         2     -2       12
  MONTH TO DATE   25                        30     -5       41
  SINCE JUN 1    125                       144    -19      136
  SINCE JAN 1    127                       153    -26      136
..................................................................


WIND (MPH)
  HIGHEST WIND SPEED    10   HIGHEST WIND DIRECTION     S (200)
  HIGHEST GUST SPEED    17   HIGHEST GUST DIRECTION    SW (220)
  AVERAGE WIND SPEED     3.5


SKY COVER
  AVERAGE SKY COVER 0.1


WEATHER CONDITIONS
 THE FOLLOWING WEATHER WAS RECORDED YESTERDAY.
  NO SIGNIFICANT WEATHER WAS OBSERVED.


RELATIVE HUMIDITY (PERCENT)
 HIGHEST   100           100 AM
 LOWEST     49           100 PM
 AVERAGE    75

..........................................................


THE INTERNATIONAL FALLS MN CLIMATE NORMALS FOR TODAY
                         NORMAL    RECORD    YEAR
 MAXIMUM TEMPERATURE (F)   76        93      1971
 MINIMUM TEMPERATURE (F)   51        41      2012
                                             1958


SUNRISE AND SUNSET
AUGUST 16 2016........SUNRISE   609 AM CDT   SUNSET   825 PM CDT
AUGUST 17 2016........SUNRISE   611 AM CDT   SUNSET   823 PM CDT


-  INDICATES NEGATIVE NUMBERS.
R  INDICATES RECORD WAS SET OR TIED.
MM INDICATES DATA IS MISSING.
T  INDICATES TRACE AMOUNT.




$$
