000
CDUS43 KDLH 050623
CLIINL


CLIMATE REPORT
NATIONAL WEATHER SERVICE DULUTH MN
123 AM CDT THU MAY 5 2016


...................................

...THE INTERNATIONAL FALLS MN CLIMATE SUMMARY FOR MAY 4 2016...

CLIMATE NORMAL PERIOD 1981 TO 2010
CLIMATE RECORD PERIOD 1895 TO 2016


WEATHER ITEM   OBSERVED TIME   RECORD YEAR NORMAL DEPARTURE LAST
                VALUE   (LST)  VALUE       VALUE  FROM      YEAR
                                                  NORMAL
..................................................................
TEMPERATURE (F)
 YESTERDAY
  MAXIMUM         61    451 PM  90    1952  61      0       65
  MINIMUM         33    513 AM  19    1967  35     -2       30
  AVERAGE         47                        48     -1       48

PRECIPITATION (IN)
  YESTERDAY        T             1.02 1950   0.08  -0.08     0.00
  MONTH TO DATE    T                         0.31  -0.31     0.13
  SINCE MAR 1      4.82                      2.79   2.03     1.49
  SINCE JAN 1      6.19                      3.98   2.21     3.51

SNOWFALL (IN)
  YESTERDAY        0.0           1.3  1991   0.0    0.0      0.0
  MONTH TO DATE    0.0                       0.1   -0.1      0.0
  SINCE MAR 1     14.2                      14.1    0.1      7.8
  SINCE JUL 1     47.7                      70.9  -23.2     64.5
  SNOW DEPTH       0

DEGREE DAYS
 HEATING
  YESTERDAY       18                        17      1       17
  MONTH TO DATE   73                        72      1       48
  SINCE MAR 1   2002                      2127   -125     1976
  SINCE JUL 1   8534                      9710  -1176     9730

 COOLING
  YESTERDAY        0                         0      0        0
  MONTH TO DATE    0                         0      0        0
  SINCE MAR 1      0                         1     -1        0
  SINCE JAN 1      0                         1     -1        0
..................................................................


WIND (MPH)
  HIGHEST WIND SPEED    14   HIGHEST WIND DIRECTION    NE (30)
  HIGHEST GUST SPEED    20   HIGHEST GUST DIRECTION     N (20)
  AVERAGE WIND SPEED     6.1


SKY COVER
  AVERAGE SKY COVER 0.0


WEATHER CONDITIONS
 THE FOLLOWING WEATHER WAS RECORDED YESTERDAY.
  LIGHT RAIN


RELATIVE HUMIDITY (PERCENT)
 HIGHEST    89           500 AM
 LOWEST     20           300 PM
 AVERAGE    55

..........................................................


THE INTERNATIONAL FALLS MN CLIMATE NORMALS FOR TODAY
                         NORMAL    RECORD    YEAR
 MAXIMUM TEMPERATURE (F)   61        86      1918
 MINIMUM TEMPERATURE (F)   35        19      1989
                                             1968


SUNRISE AND SUNSET
MAY  5 2016...........SUNRISE   547 AM CDT   SUNSET   835 PM CDT
MAY  6 2016...........SUNRISE   545 AM CDT   SUNSET   836 PM CDT


-  INDICATES NEGATIVE NUMBERS.
R  INDICATES RECORD WAS SET OR TIED.
MM INDICATES DATA IS MISSING.
T  INDICATES TRACE AMOUNT.




$$
