000
CDUS43 KDLH 041245
CLIINL


CLIMATE REPORT
NATIONAL WEATHER SERVICE DULUTH MN
745 AM CDT FRI SEP 4 2015


...................................

...THE INTERNATIONAL FALLS MN CLIMATE SUMMARY FOR SEPTEMBER 3 2015...

CLIMATE NORMAL PERIOD 1981 TO 2010
CLIMATE RECORD PERIOD 1895 TO 2015


WEATHER ITEM   OBSERVED TIME   RECORD YEAR NORMAL DEPARTURE LAST
                VALUE   (LST)  VALUE       VALUE  FROM      YEAR
                                                  NORMAL
..................................................................
TEMPERATURE (F)
 YESTERDAY
  MAXIMUM         84    218 PM  88    1960  71     13       75
  MINIMUM         57    350 AM  28    1997  47     10       43
  AVERAGE         71                        59     12       59

PRECIPITATION (IN)
  YESTERDAY        0.00          2.17 1916   0.10  -0.10     0.00
  MONTH TO DATE    T                         0.31  -0.31     0.43
  SINCE SEP 1      T                         0.31  -0.31     0.43
  SINCE JAN 1     16.46                     17.27  -0.81    24.97

SNOWFALL (IN)
  YESTERDAY        0.0           0.0  2002   0.0    0.0      0.0
                                      2001
  MONTH TO DATE    0.0                       0.0    0.0      0.0
  SINCE SEP 1      0.0                       0.0    0.0      0.0
  SINCE JUL 1      0.0                       0.0    0.0      0.0
  SNOW DEPTH       0

DEGREE DAYS
 HEATING
  YESTERDAY        0                         7     -7        6
  MONTH TO DATE    0                        21    -21       17
  SINCE SEP 1      0                        21    -21       17
  SINCE JUL 1    176                       202    -26      231

 COOLING
  YESTERDAY        6                         1      5        0
  MONTH TO DATE    8                         3      5        0
  SINCE SEP 1      8                         3      5        0
  SINCE JAN 1    171                       184    -13      111
..................................................................


WIND (MPH)
  HIGHEST WIND SPEED    18   HIGHEST WIND DIRECTION    SE (130)
  HIGHEST GUST SPEED    23   HIGHEST GUST DIRECTION    SE (140)
  AVERAGE WIND SPEED     8.6


SKY COVER
  AVERAGE SKY COVER 0.2


WEATHER CONDITIONS
 THE FOLLOWING WEATHER WAS RECORDED YESTERDAY.
  FOG


RELATIVE HUMIDITY (PERCENT)
 HIGHEST   100           100 AM
 LOWEST     51           400 PM
 AVERAGE    76

..........................................................


THE INTERNATIONAL FALLS MN CLIMATE NORMALS FOR TODAY
                         NORMAL    RECORD    YEAR
 MAXIMUM TEMPERATURE (F)   71        91      1922
 MINIMUM TEMPERATURE (F)   46        31      1917


SUNRISE AND SUNSET
SEPTEMBER  4 2015.....SUNRISE   635 AM CDT   SUNSET   750 PM CDT
SEPTEMBER  5 2015.....SUNRISE   636 AM CDT   SUNSET   748 PM CDT


-  INDICATES NEGATIVE NUMBERS.
R  INDICATES RECORD WAS SET OR TIED.
MM INDICATES DATA IS MISSING.
T  INDICATES TRACE AMOUNT.




$$
