000
CDUS43 KDLH 232220
CLIINL


CLIMATE REPORT
NATIONAL WEATHER SERVICE DULUTH MN
519 PM CDT TUE SEP 23 2014


...................................

...THE INTERNATIONAL FALLS MN CLIMATE SUMMARY FOR SEPTEMBER 23 2014...
VALID TODAY AS OF 0500 PM LOCAL TIME.

CLIMATE NORMAL PERIOD 1981 TO 2010
CLIMATE RECORD PERIOD 1895 TO 2014


WEATHER ITEM   OBSERVED TIME   RECORD YEAR NORMAL DEPARTURE LAST
                VALUE   (LST)  VALUE       VALUE  FROM      YEAR
                                                  NORMAL
..................................................................
TEMPERATURE (F)
 TODAY
  MAXIMUM         74    323 PM  86    1958  62     12       73
  MINIMUM         38    405 AM  21    2012  39     -1       47
  AVERAGE         56                        50      6       60

PRECIPITATION (IN)
  TODAY            0.00                      0.10  -0.10     0.00
  MONTH TO DATE    2.70                      2.34   0.36     1.55
  SINCE SEP 1      2.70                      2.34   0.36     1.55
  SINCE JAN 1     27.24                     19.30   7.94    26.66

SNOWFALL (IN)
  TODAY            0.0                       0.0    0.0      0.0
  MONTH TO DATE    0.0                       0.0    0.0      0.0
  SINCE JUL 1      0.0                       0.0    0.0      0.0
  SNOW DEPTH       0

DEGREE DAYS
 HEATING
  TODAY            9                        15     -6        5
  MONTH TO DATE  264                       238     26      192
  SINCE SEP 1    264                       238     26      192
  SINCE JUL 1    478                       419     59      412

 COOLING
  TODAY            0                         0      0        0
  MONTH TO DATE    3                         9     -6        7
  SINCE SEP 1      3                         9     -6        7
  SINCE JAN 1    114                       190    -76      220
..................................................................


WIND (MPH)
  HIGHEST WIND SPEED    16   HIGHEST WIND DIRECTION    SW (210)
  HIGHEST GUST SPEED    24   HIGHEST GUST DIRECTION     S (200)


SKY COVER
  AVERAGE SKY COVER 0.0


WEATHER CONDITIONS
 THE FOLLOWING WEATHER WAS RECORDED TODAY.
  NO SIGNIFICANT WEATHER WAS OBSERVED.


RELATIVE HUMIDITY (PERCENT)
 HIGHEST   100           100 AM
 LOWEST     41           100 PM
 AVERAGE    71

..........................................................


THE INTERNATIONAL FALLS MN CLIMATE NORMALS FOR TOMORROW
                         NORMAL    RECORD    YEAR
 MAXIMUM TEMPERATURE (F)   62        82      1917
 MINIMUM TEMPERATURE (F)   38        25      2001
                                             1947


SUNRISE AND SUNSET
SEPTEMBER 23 2014.....SUNRISE   702 AM CDT   SUNSET   709 PM CDT
SEPTEMBER 24 2014.....SUNRISE   703 AM CDT   SUNSET   707 PM CDT


-  INDICATES NEGATIVE NUMBERS.
R  INDICATES RECORD WAS SET OR TIED.
MM INDICATES DATA IS MISSING.
T  INDICATES TRACE AMOUNT.




$$
