000
CDUS43 KDLH 090631
CLIINL


CLIMATE REPORT
NATIONAL WEATHER SERVICE DULUTH MN
129 AM CDT WED JUL 9 2014


...................................

...THE INTERNATIONAL FALLS MN CLIMATE SUMMARY FOR JULY 8 2014...

CLIMATE NORMAL PERIOD 1981 TO 2010
CLIMATE RECORD PERIOD 1895 TO 2014


WEATHER ITEM   OBSERVED TIME   RECORD YEAR NORMAL DEPARTURE LAST
                VALUE   (LST)  VALUE       VALUE  FROM      YEAR
                                                  NORMAL
..................................................................
TEMPERATURE (F)
 YESTERDAY
  MAXIMUM         68    501 PM  95    1923  77     -9       83
  MINIMUM         52    931 PM  40    1958  53     -1       53
  AVERAGE         60                        65     -5       68

PRECIPITATION (IN)
  YESTERDAY        0.02          0.83 1945   0.14  -0.12     0.00
  MONTH TO DATE    0.85                      1.16  -0.31     1.32
  SINCE JUN 1     11.09                      5.08   6.01     2.92
  SINCE JAN 1     19.91                     11.61   8.30    15.30

SNOWFALL (IN)
  YESTERDAY        0.0           0.0  2002   0.0    0.0      0.0
                                      2001
  MONTH TO DATE    0.0                       0.0    0.0      0.0
  SINCE JUN 1      0.0                       0.0    0.0      0.0
  SINCE JUL 1      0.0                       0.0    0.0      0.0
  SNOW DEPTH       0

DEGREE DAYS
 HEATING
  YESTERDAY        5                         2      3        0
  MONTH TO DATE   31                        23      8        0
  SINCE JUN 1    160                       187    -27      169
  SINCE JUL 1     31                        23      8        0

 COOLING
  YESTERDAY        0                         2     -2        3
  MONTH TO DATE   15                        16     -1       29
  SINCE JUN 1     44                        54    -10       63
  SINCE JAN 1     67                        63      4       66
..................................................................


WIND (MPH)
  HIGHEST WIND SPEED    22   HIGHEST WIND DIRECTION     N (340)
  HIGHEST GUST SPEED    28   HIGHEST GUST DIRECTION     N (350)
  AVERAGE WIND SPEED     7.8


SKY COVER
  AVERAGE SKY COVER 0.8


WEATHER CONDITIONS
 THE FOLLOWING WEATHER WAS RECORDED YESTERDAY.
  LIGHT RAIN
  FOG
  HAZE


RELATIVE HUMIDITY (PERCENT)
 HIGHEST   100           400 AM
 LOWEST     52           600 PM
 AVERAGE    76

..........................................................


THE INTERNATIONAL FALLS MN CLIMATE NORMALS FOR TODAY
                         NORMAL    RECORD    YEAR
 MAXIMUM TEMPERATURE (F)   78        95      1921
                                             1914
 MINIMUM TEMPERATURE (F)   53        40      1922


SUNRISE AND SUNSET
JULY  9 2014..........SUNRISE   522 AM CDT   SUNSET   915 PM CDT
JULY 10 2014..........SUNRISE   522 AM CDT   SUNSET   915 PM CDT


-  INDICATES NEGATIVE NUMBERS.
R  INDICATES RECORD WAS SET OR TIED.
MM INDICATES DATA IS MISSING.
T  INDICATES TRACE AMOUNT.




$$
