000
CDUS43 KDLH 120620
CLIINL


CLIMATE REPORT
NATIONAL WEATHER SERVICE DULUTH MN
120 AM CDT SAT APR 12 2014


...................................

...THE INTERNATIONAL FALLS MN CLIMATE SUMMARY FOR APRIL 11 2014...

CLIMATE NORMAL PERIOD 1981 TO 2010
CLIMATE RECORD PERIOD 1895 TO 2014


WEATHER ITEM   OBSERVED TIME   RECORD YEAR NORMAL DEPARTURE LAST
                VALUE   (LST)  VALUE       VALUE  FROM      YEAR
                                                  NORMAL
..................................................................
TEMPERATURE (F)
 YESTERDAY
  MAXIMUM         48    321 PM  75    1968  49     -1       32
                                      1955
  MINIMUM         25    547 AM   6    1924  25      0       24
  AVERAGE         37                        37      0       28

PRECIPITATION (IN)
  YESTERDAY        0.00          0.53 2001   0.05  -0.05     0.07
  MONTH TO DATE    0.17                      0.48  -0.31     0.28
  SINCE MAR 1      1.63                      1.43   0.20     1.43
  SINCE JAN 1      3.38                      2.62   0.76     5.09

SNOWFALL (IN)
  YESTERDAY        0.0           1.4  1980   0.3   -0.3      0.9
  MONTH TO DATE    2.6                       3.0   -0.4      2.6
  SINCE MAR 1     20.2                      10.6    9.6     17.3
  SINCE JUL 1     96.6                      67.4   29.2     87.6
  SNOW DEPTH      10

DEGREE DAYS
 HEATING
  YESTERDAY       28                        28      0       37
  MONTH TO DATE  347                       335     12      429
  SINCE MAR 1   1953                      1618    335     1941
  SINCE JUL 1  10384                      9201   1183     9498

 COOLING
  YESTERDAY        0                         0      0        0
  MONTH TO DATE    0                         0      0        0
  SINCE MAR 1      0                         0      0        0
  SINCE JAN 1      0                         0      0        0
..................................................................


WIND (MPH)
  HIGHEST WIND SPEED    17   HIGHEST WIND DIRECTION     W (290)
  HIGHEST GUST SPEED    22   HIGHEST GUST DIRECTION    NW (300)
  AVERAGE WIND SPEED     6.7


SKY COVER
  AVERAGE SKY COVER 0.2


WEATHER CONDITIONS
 THE FOLLOWING WEATHER WAS RECORDED YESTERDAY.
  NO SIGNIFICANT WEATHER WAS OBSERVED.


RELATIVE HUMIDITY (PERCENT)
 HIGHEST    88           100 AM
 LOWEST     42           500 PM
 AVERAGE    65

..........................................................


THE INTERNATIONAL FALLS MN CLIMATE NORMALS FOR TODAY
                         NORMAL    RECORD    YEAR
 MAXIMUM TEMPERATURE (F)   50        71      1918
 MINIMUM TEMPERATURE (F)   26         4      1950


SUNRISE AND SUNSET
APRIL 12 2014.........SUNRISE   629 AM CDT   SUNSET   800 PM CDT
APRIL 13 2014.........SUNRISE   627 AM CDT   SUNSET   802 PM CDT


-  INDICATES NEGATIVE NUMBERS.
R  INDICATES RECORD WAS SET OR TIED.
MM INDICATES DATA IS MISSING.
T  INDICATES TRACE AMOUNT.




$$
