000
CDUS43 KDLH 132233
CLIINL


CLIMATE REPORT
NATIONAL WEATHER SERVICE DULUTH MN
532 PM CDT SAT MAY 13 2017


...................................

...THE INTERNATIONAL FALLS MN CLIMATE SUMMARY FOR MAY 13 2017...
VALID TODAY AS OF 0500 PM LOCAL TIME.

CLIMATE NORMAL PERIOD 1981 TO 2010
CLIMATE RECORD PERIOD 1895 TO 2017


WEATHER ITEM   OBSERVED TIME   RECORD YEAR NORMAL DEPARTURE LAST
                VALUE   (LST)  VALUE       VALUE  FROM      YEAR
                                                  NORMAL
..................................................................
TEMPERATURE (F)
 TODAY
  MAXIMUM         61    333 PM  87    1977  64     -3       43
  MINIMUM         40    359 AM  22    1997  38      2       30
                                      1953
  AVERAGE         51                        51      0       37

PRECIPITATION (IN)
  TODAY            T                         0.09  -0.09     0.02
  MONTH TO DATE    0.19                      1.07  -0.88     0.28
  SINCE MAR 1      2.45                      3.55  -1.10     5.10
  SINCE JAN 1      5.20                      4.74   0.46     6.47

SNOWFALL (IN)
  TODAY            0.0                       0.0    0.0       T
  MONTH TO DATE    0.0                       0.2   -0.2       T
  SINCE JUL 1     70.4                      71.0   -0.6     47.7
  SNOW DEPTH       0

DEGREE DAYS
 HEATING
  TODAY           14                        14      0       28
  MONTH TO DATE  237                       213     24      184
  SINCE MAR 1   2243                      2268    -25     2113
  SINCE JUL 1   8717                      9851  -1134     8645

 COOLING
  TODAY            0                         0      0        0
  MONTH TO DATE    0                         0      0        0
  SINCE MAR 1      0                         1     -1        0
  SINCE JAN 1      0                         1     -1        0
..................................................................


WIND (MPH)
  HIGHEST WIND SPEED    12   HIGHEST WIND DIRECTION    NE (40)
  HIGHEST GUST SPEED    16   HIGHEST GUST DIRECTION    NE (40)


SKY COVER
  AVERAGE SKY COVER 0.4


WEATHER CONDITIONS
 THE FOLLOWING WEATHER WAS RECORDED TODAY.
  LIGHT RAIN


RELATIVE HUMIDITY (PERCENT)
 HIGHEST    70           400 AM
 LOWEST     37           300 PM
 AVERAGE    54

..........................................................


THE INTERNATIONAL FALLS MN CLIMATE NORMALS FOR TOMORROW
                         NORMAL    RECORD    YEAR
 MAXIMUM TEMPERATURE (F)   64        89      1991
 MINIMUM TEMPERATURE (F)   38        24      2004
                                             1921


SUNRISE AND SUNSET
MAY 13 2017...........SUNRISE   535 AM CDT   SUNSET   845 PM CDT
MAY 14 2017...........SUNRISE   534 AM CDT   SUNSET   847 PM CDT


-  INDICATES NEGATIVE NUMBERS.
R  INDICATES RECORD WAS SET OR TIED.
MM INDICATES DATA IS MISSING.
T  INDICATES TRACE AMOUNT.




$$
