000
CDUS43 KDLH 242221
CLIINL


CLIMATE REPORT
NATIONAL WEATHER SERVICE DULUTH MN
520 PM CDT THU JUL 24 2014


...................................

...THE INTERNATIONAL FALLS MN CLIMATE SUMMARY FOR JULY 24 2014...
VALID TODAY AS OF 0500 PM LOCAL TIME.

CLIMATE NORMAL PERIOD 1981 TO 2010
CLIMATE RECORD PERIOD 1895 TO 2014


WEATHER ITEM   OBSERVED TIME   RECORD YEAR NORMAL DEPARTURE LAST
                VALUE   (LST)  VALUE       VALUE  FROM      YEAR
                                                  NORMAL
..................................................................
TEMPERATURE (F)
 TODAY
  MAXIMUM         77    132 PM  97    1918  78     -1       75
  MINIMUM         46    447 AM  36    2004  53     -7       43
  AVERAGE         62                        66     -4       59

PRECIPITATION (IN)
  TODAY            0.00                      0.10  -0.10     0.00
  MONTH TO DATE    4.29                      3.00   1.29     4.64
  SINCE JUN 1     14.53                      6.92   7.61     6.24
  SINCE JAN 1     23.35                     13.45   9.90    18.62

SNOWFALL (IN)
  TODAY            0.0                       0.0    0.0      0.0
  MONTH TO DATE    0.0                       0.0    0.0      0.0
  SINCE JUL 1      0.0                       0.0    0.0      0.0
  SNOW DEPTH       0

DEGREE DAYS
 HEATING
  TODAY            3                         2      1        6
  MONTH TO DATE   90                        55     35       37
  SINCE JUN 1    219                       219      0      206
  SINCE JUL 1     90                        55     35       37

 COOLING
  TODAY            0                         2     -2        0
  MONTH TO DATE   39                        59    -20       90
  SINCE JUN 1     68                        97    -29      124
  SINCE JAN 1     91                       106    -15      127
..................................................................


WIND (MPH)
  HIGHEST WIND SPEED    10   HIGHEST WIND DIRECTION    SE (150)
  HIGHEST GUST SPEED    16   HIGHEST GUST DIRECTION    SW (220)


SKY COVER
  AVERAGE SKY COVER 0.2


WEATHER CONDITIONS
 THE FOLLOWING WEATHER WAS RECORDED TODAY.
  NO SIGNIFICANT WEATHER WAS OBSERVED.


RELATIVE HUMIDITY (PERCENT)
 HIGHEST   100          1200 AM
 LOWEST     46           100 PM
 AVERAGE    73

..........................................................


THE INTERNATIONAL FALLS MN CLIMATE NORMALS FOR TOMORROW
                         NORMAL    RECORD    YEAR
 MAXIMUM TEMPERATURE (F)   78        92      1949
 MINIMUM TEMPERATURE (F)   53        39      1911


SUNRISE AND SUNSET
JULY 24 2014..........SUNRISE   538 AM CDT   SUNSET   902 PM CDT
JULY 25 2014..........SUNRISE   539 AM CDT   SUNSET   901 PM CDT


-  INDICATES NEGATIVE NUMBERS.
R  INDICATES RECORD WAS SET OR TIED.
MM INDICATES DATA IS MISSING.
T  INDICATES TRACE AMOUNT.




$$
