000
CDUS43 KDLH 210620
CLIINL


CLIMATE REPORT
NATIONAL WEATHER SERVICE DULUTH MN
118 AM CDT TUE OCT 21 2014


...................................

...THE INTERNATIONAL FALLS MN CLIMATE SUMMARY FOR OCTOBER 20 2014...

CLIMATE NORMAL PERIOD 1981 TO 2010
CLIMATE RECORD PERIOD 1895 TO 2014


WEATHER ITEM   OBSERVED TIME   RECORD YEAR NORMAL DEPARTURE LAST
                VALUE   (LST)  VALUE       VALUE  FROM      YEAR
                                                  NORMAL
..................................................................
TEMPERATURE (F)
 YESTERDAY
  MAXIMUM         48    203 PM  80    1953  49     -1       41
  MINIMUM         30    308 AM  12    1952  30      0       27
  AVERAGE         39                        40     -1       34

PRECIPITATION (IN)
  YESTERDAY        0.00          1.00 1909   0.06  -0.06     0.14
  MONTH TO DATE    0.57                      1.44  -0.87     1.90
  SINCE SEP 1      3.67                      4.43  -0.76     3.91
  SINCE JAN 1     28.21                     21.39   6.82    29.02

SNOWFALL (IN)
  YESTERDAY        0.0           3.1  1991   0.1   -0.1      0.5
  MONTH TO DATE    T                         0.9   -0.9      1.0
  SINCE SEP 1      T                         1.0   -1.0      1.0
  SINCE JUL 1      T                         1.0   -1.0      1.0
  SNOW DEPTH       0

DEGREE DAYS
 HEATING
  YESTERDAY       26                        25      1       31
  MONTH TO DATE  445                       433     12      373
  SINCE SEP 1    767                       786    -19      595
  SINCE JUL 1    981                       967     14      815

 COOLING
  YESTERDAY        0                         0      0        0
  MONTH TO DATE    0                         0      0        0
  SINCE SEP 1     10                        11     -1       11
  SINCE JAN 1    121                       192    -71      224
..................................................................


WIND (MPH)
  HIGHEST WIND SPEED    15   HIGHEST WIND DIRECTION     N (10)
  HIGHEST GUST SPEED    19   HIGHEST GUST DIRECTION     N (20)
  AVERAGE WIND SPEED     6.6


SKY COVER
  AVERAGE SKY COVER 0.9


WEATHER CONDITIONS
 THE FOLLOWING WEATHER WAS RECORDED YESTERDAY.
  NO SIGNIFICANT WEATHER WAS OBSERVED.


RELATIVE HUMIDITY (PERCENT)
 HIGHEST   100           100 AM
 LOWEST     65          1100 AM
 AVERAGE    83

..........................................................


THE INTERNATIONAL FALLS MN CLIMATE NORMALS FOR TODAY
                         NORMAL    RECORD    YEAR
 MAXIMUM TEMPERATURE (F)   49        79      1953
 MINIMUM TEMPERATURE (F)   30        14      1917


SUNRISE AND SUNSET
OCTOBER 21 2014.......SUNRISE   743 AM CDT   SUNSET   613 PM CDT
OCTOBER 22 2014.......SUNRISE   744 AM CDT   SUNSET   611 PM CDT


-  INDICATES NEGATIVE NUMBERS.
R  INDICATES RECORD WAS SET OR TIED.
MM INDICATES DATA IS MISSING.
T  INDICATES TRACE AMOUNT.




$$
