000
CDUS43 KDLH 172233
CLIINL


CLIMATE REPORT
NATIONAL WEATHER SERVICE DULUTH MN
533 PM CDT SAT JUN 17 2017


...................................

...THE INTERNATIONAL FALLS MN CLIMATE SUMMARY FOR JUNE 17 2017...
VALID TODAY AS OF 0500 PM LOCAL TIME.

CLIMATE NORMAL PERIOD 1981 TO 2010
CLIMATE RECORD PERIOD 1895 TO 2017


WEATHER ITEM   OBSERVED TIME   RECORD YEAR NORMAL DEPARTURE LAST
                VALUE   (LST)  VALUE       VALUE  FROM      YEAR
                                                  NORMAL
..................................................................
TEMPERATURE (F)
 TODAY
  MAXIMUM         66    359 PM  99    1995  74     -8       74
  MINIMUM         52    149 AM  33    1969  49      3       53
                                      1958
                                      1915
  AVERAGE         59                        61     -2       64

PRECIPITATION (IN)
  TODAY            0.02                      0.14  -0.12     0.28
  MONTH TO DATE    2.61                      2.06   0.55     2.98
  SINCE JUN 1      2.61                      2.06   0.55     2.98
  SINCE JAN 1      9.23                      8.59   0.64    10.78

SNOWFALL (IN)
  TODAY            0.0                       0.0    0.0      0.0
  MONTH TO DATE    0.0                       0.0    0.0      0.0
  SINCE JUL 1     70.4                      71.0   -0.6     47.7
  SNOW DEPTH       0

DEGREE DAYS
 HEATING
  TODAY            6                         5      1        1
  MONTH TO DATE   38                       114    -76      113
  SINCE JUN 1     38                       114    -76      113
  SINCE JUL 1   9002                     10171  -1169     8941

 COOLING
  TODAY            0                         1     -1        0
  MONTH TO DATE   12                        17     -5        5
  SINCE JUN 1     12                        17     -5        5
  SINCE JAN 1     12                        26    -14        7
..................................................................


WIND (MPH)
  HIGHEST WIND SPEED    10   HIGHEST WIND DIRECTION     W (290)
  HIGHEST GUST SPEED    14   HIGHEST GUST DIRECTION     W (270)


SKY COVER
  AVERAGE SKY COVER 0.9


WEATHER CONDITIONS
 THE FOLLOWING WEATHER WAS RECORDED TODAY.
  LIGHT RAIN
  FOG


RELATIVE HUMIDITY (PERCENT)
 HIGHEST    93          1200 AM
 LOWEST     73           100 PM
 AVERAGE    83

..........................................................


THE INTERNATIONAL FALLS MN CLIMATE NORMALS FOR TOMORROW
                         NORMAL    RECORD    YEAR
 MAXIMUM TEMPERATURE (F)   74        99      1995
 MINIMUM TEMPERATURE (F)   49        33      1912


SUNRISE AND SUNSET
JUNE 17 2017..........SUNRISE   511 AM CDT   SUNSET   918 PM CDT
JUNE 18 2017..........SUNRISE   511 AM CDT   SUNSET   919 PM CDT


-  INDICATES NEGATIVE NUMBERS.
R  INDICATES RECORD WAS SET OR TIED.
MM INDICATES DATA IS MISSING.
T  INDICATES TRACE AMOUNT.




$$
