933
CDUS43 KDLH 092231
CLIINL


CLIMATE REPORT
NATIONAL WEATHER SERVICE DULUTH MN
429 PM CST SAT DEC 9 2017


...................................

...THE INTERNATIONAL FALLS MN CLIMATE SUMMARY FOR DECEMBER 9 2017...
VALID TODAY AS OF 0400 PM LOCAL TIME.

CLIMATE NORMAL PERIOD 1981 TO 2010
CLIMATE RECORD PERIOD 1895 TO 2017


WEATHER ITEM   OBSERVED TIME   RECORD YEAR NORMAL DEPARTURE LAST
                VALUE   (LST)  VALUE       VALUE  FROM      YEAR
                                                  NORMAL
..................................................................
TEMPERATURE (F)
 TODAY
  MAXIMUM         14    359 PM  45    1990  21     -7       11
                                      1911
  MINIMUM          9   1140 AM -31    1958   3      6       -4
  AVERAGE         12                        12      0        4

PRECIPITATION (IN)
  TODAY            T                         0.03  -0.03     0.01
  MONTH TO DATE    0.53                      0.26   0.27     0.75
  SINCE DEC 1      0.53                      0.26   0.27     0.75
  SINCE JAN 1     22.92                     23.67  -0.75    27.92

SNOWFALL (IN)
  TODAY            T                         0.5   -0.5       T
  MONTH TO DATE    4.0                       4.5   -0.5     11.3
  SINCE JUL 1     18.0                      20.5   -2.5     19.7
  SNOW DEPTH       3

DEGREE DAYS
 HEATING
  TODAY           53                        53      0       61
  MONTH TO DATE  400                       457    -57      381
  SINCE DEC 1    400                       457    -57      381
  SINCE JUL 1   2794                      2918   -124     2187

 COOLING
  TODAY            0                         0      0        0
  MONTH TO DATE    0                         0      0        0
  SINCE DEC 1      0                         0      0        0
  SINCE JAN 1     86                       192   -106      155
..................................................................


WIND (MPH)
  HIGHEST WIND SPEED    13   HIGHEST WIND DIRECTION     N (20)
  HIGHEST GUST SPEED    17   HIGHEST GUST DIRECTION     N (10)


SKY COVER
  AVERAGE SKY COVER 1.0


WEATHER CONDITIONS
 THE FOLLOWING WEATHER WAS RECORDED TODAY.
  SNOW
  LIGHT SNOW
  HAZE


RELATIVE HUMIDITY (PERCENT)
 HIGHEST    80           100 AM
 LOWEST     66          1200 PM
 AVERAGE    73

..........................................................


THE INTERNATIONAL FALLS MN CLIMATE NORMALS FOR TOMORROW
                         NORMAL    RECORD    YEAR
 MAXIMUM TEMPERATURE (F)   21        41      2002
 MINIMUM TEMPERATURE (F)    3       -37      1977


SUNRISE AND SUNSET
DECEMBER  9 2017......SUNRISE   754 AM CST   SUNSET   418 PM CST
DECEMBER 10 2017......SUNRISE   755 AM CST   SUNSET   418 PM CST


-  INDICATES NEGATIVE NUMBERS.
R  INDICATES RECORD WAS SET OR TIED.
MM INDICATES DATA IS MISSING.
T  INDICATES TRACE AMOUNT.




$$
