000
CDUS43 KDLH 122230
CLIINL


CLIMATE REPORT
NATIONAL WEATHER SERVICE DULUTH MN
428 PM CST MON FEB 12 2018


...................................

...THE INTERNATIONAL FALLS MN CLIMATE SUMMARY FOR FEBRUARY 12 2018...
VALID TODAY AS OF 0400 PM LOCAL TIME.

CLIMATE NORMAL PERIOD 1981 TO 2010
CLIMATE RECORD PERIOD 1895 TO 2018


WEATHER ITEM   OBSERVED TIME   RECORD YEAR NORMAL DEPARTURE LAST
                VALUE   (LST)  VALUE       VALUE  FROM      YEAR
                                                  NORMAL
..................................................................
TEMPERATURE (F)
 TODAY
  MAXIMUM          4    352 PM  43    1976  21    -17       35
  MINIMUM        -22    753 AM -40    1914  -3    -19       16
  AVERAGE         -9                         9    -18       26

PRECIPITATION (IN)
  TODAY            0.00                      0.02  -0.02      T
  MONTH TO DATE    0.10                      0.21  -0.11     0.77
  SINCE DEC 1      1.97                      1.64   0.33     4.23
  SINCE JAN 1      0.81                      0.83  -0.02     2.04

SNOWFALL (IN)
  TODAY            0.0                       0.4   -0.4       T
  MONTH TO DATE    0.9                       4.6   -3.7     11.4
  SINCE JUL 1     40.6                      50.6  -10.0     62.2
  SNOW DEPTH      10

DEGREE DAYS
 HEATING
  TODAY           74                        56     18       39
  MONTH TO DATE  874                       691    183      698
  SINCE DEC 1   4541                      4283    258     4036
  SINCE JUL 1   6935                      6744    191     5842

 COOLING
  TODAY            0                         0      0        0
  MONTH TO DATE    0                         0      0        0
  SINCE DEC 1      0                         0      0        0
  SINCE JAN 1      0                         0      0        0
..................................................................


WIND (MPH)
  HIGHEST WIND SPEED    14   HIGHEST WIND DIRECTION    NW (310)
  HIGHEST GUST SPEED    19   HIGHEST GUST DIRECTION    NW (300)


SKY COVER
  AVERAGE SKY COVER 0.0


WEATHER CONDITIONS
 THE FOLLOWING WEATHER WAS RECORDED TODAY.
  NO SIGNIFICANT WEATHER WAS OBSERVED.


RELATIVE HUMIDITY (PERCENT)
 HIGHEST    78           600 AM
 LOWEST     44           300 PM
 AVERAGE    61

..........................................................


THE INTERNATIONAL FALLS MN CLIMATE NORMALS FOR TOMORROW
                         NORMAL    RECORD    YEAR
 MAXIMUM TEMPERATURE (F)   21        46      2011
 MINIMUM TEMPERATURE (F)   -2       -39      1909


SUNRISE AND SUNSET
FEBRUARY 12 2018......SUNRISE   726 AM CST   SUNSET   530 PM CST
FEBRUARY 13 2018......SUNRISE   724 AM CST   SUNSET   532 PM CST


-  INDICATES NEGATIVE NUMBERS.
R  INDICATES RECORD WAS SET OR TIED.
MM INDICATES DATA IS MISSING.
T  INDICATES TRACE AMOUNT.




$$
