000
CDUS43 KDLH 190623
CLIINL


CLIMATE REPORT
NATIONAL WEATHER SERVICE DULUTH MN
121 AM CDT WED APR 19 2017


...................................

...THE INTERNATIONAL FALLS MN CLIMATE SUMMARY FOR APRIL 18 2017...

CLIMATE NORMAL PERIOD 1981 TO 2010
CLIMATE RECORD PERIOD 1895 TO 2017


WEATHER ITEM   OBSERVED TIME   RECORD YEAR NORMAL DEPARTURE LAST
                VALUE   (LST)  VALUE       VALUE  FROM      YEAR
                                                  NORMAL
..................................................................
TEMPERATURE (F)
 YESTERDAY
  MAXIMUM         41    401 PM  88    1987  53    -12       50
  MINIMUM         28   1159 PM  15    2014  28      0       35
                                      1963
  AVERAGE         35                        41     -6       43

PRECIPITATION (IN)
  YESTERDAY        0.07          1.50 2005   0.05   0.02     0.16
  MONTH TO DATE    0.51                      0.82  -0.31     1.04
  SINCE MAR 1      1.19                      1.77  -0.58     3.75
  SINCE JAN 1      3.94                      2.96   0.98     5.12

SNOWFALL (IN)
  YESTERDAY        0.0           0.9  2013   0.2   -0.2      0.0
  MONTH TO DATE    0.0                       4.7   -4.7      4.9
  SINCE MAR 1      4.5                      12.3   -7.8     14.2
  SINCE JUL 1     67.8                      69.1   -1.3     47.7
  SNOW DEPTH       0

DEGREE DAYS
 HEATING
  YESTERDAY       30                        24      6       22
  MONTH TO DATE  411                       515   -104      560
  SINCE MAR 1   1668                      1798   -130     1663
  SINCE JUL 1   8142                      9381  -1239     8195

 COOLING
  YESTERDAY        0                         0      0        0
  MONTH TO DATE    0                         0      0        0
  SINCE MAR 1      0                         0      0        0
  SINCE JAN 1      0                         0      0        0
..................................................................


WIND (MPH)
  HIGHEST WIND SPEED    16   HIGHEST WIND DIRECTION     E (70)
  HIGHEST GUST SPEED    21   HIGHEST GUST DIRECTION     E (90)
  AVERAGE WIND SPEED     7.2


SKY COVER
  AVERAGE SKY COVER 0.8


WEATHER CONDITIONS
 THE FOLLOWING WEATHER WAS RECORDED YESTERDAY.
  LIGHT RAIN
  LT FREEZING RAIN
  FOG


RELATIVE HUMIDITY (PERCENT)
 HIGHEST    92          1000 AM
 LOWEST     70          1200 AM
 AVERAGE    81

..........................................................


THE INTERNATIONAL FALLS MN CLIMATE NORMALS FOR TODAY
                         NORMAL    RECORD    YEAR
 MAXIMUM TEMPERATURE (F)   54        83      1987
 MINIMUM TEMPERATURE (F)   29        15      1947


SUNRISE AND SUNSET
APRIL 19 2017.........SUNRISE   615 AM CDT   SUNSET   811 PM CDT
APRIL 20 2017.........SUNRISE   613 AM CDT   SUNSET   813 PM CDT


-  INDICATES NEGATIVE NUMBERS.
R  INDICATES RECORD WAS SET OR TIED.
MM INDICATES DATA IS MISSING.
T  INDICATES TRACE AMOUNT.




$$
