000
CDUS43 KDLH 160645
CLIINL


CLIMATE REPORT
NATIONAL WEATHER SERVICE DULUTH MN
144 AM CDT SAT SEP 16 2017


...................................

...THE INTERNATIONAL FALLS MN CLIMATE SUMMARY FOR SEPTEMBER 15 2017...

CLIMATE NORMAL PERIOD 1981 TO 2010
CLIMATE RECORD PERIOD 1895 TO 2017


WEATHER ITEM   OBSERVED TIME   RECORD YEAR NORMAL DEPARTURE LAST
                VALUE   (LST)  VALUE       VALUE  FROM      YEAR
                                                  NORMAL
..................................................................
TEMPERATURE (F)
 YESTERDAY
  MAXIMUM         56   1236 AM  84    1920  66    -10       70
  MINIMUM         50   1052 PM  19    2011  42      8       41
  AVERAGE         53                        54     -1       56

PRECIPITATION (IN)
  YESTERDAY        0.37          1.50 2004   0.10   0.27     0.16
  MONTH TO DATE    1.04                      1.52  -0.48     1.70
  SINCE SEP 1      1.04                      1.52  -0.48     1.70
  SINCE JAN 1     17.78                     18.48  -0.70    22.26

SNOWFALL (IN)
  YESTERDAY        0.0           0.0  2002   0.0    0.0      0.0
                                      2001
  MONTH TO DATE    0.0                       0.0    0.0      0.0
  SINCE SEP 1      0.0                       0.0    0.0      0.0
  SINCE JUL 1      0.0                       0.0    0.0      0.0
  SNOW DEPTH       0

DEGREE DAYS
 HEATING
  YESTERDAY       12                        11      1        9
  MONTH TO DATE  112                       132    -20       88
  SINCE SEP 1    112                       132    -20       88
  SINCE JUL 1    323                       313     10      205

 COOLING
  YESTERDAY        0                         0      0        0
  MONTH TO DATE    4                         9     -5        7
  SINCE SEP 1      4                         9     -5        7
  SINCE JAN 1     83                       190   -107      155
..................................................................


WIND (MPH)
  HIGHEST WIND SPEED    18   HIGHEST WIND DIRECTION     E (70)
  HIGHEST GUST SPEED    25   HIGHEST GUST DIRECTION     E (70)
  AVERAGE WIND SPEED    10.0


SKY COVER
  AVERAGE SKY COVER 1.0


WEATHER CONDITIONS
 THE FOLLOWING WEATHER WAS RECORDED YESTERDAY.
  RAIN
  LIGHT RAIN
  FOG


RELATIVE HUMIDITY (PERCENT)
 HIGHEST    96           400 PM
 LOWEST     83           200 PM
 AVERAGE    90

..........................................................


THE INTERNATIONAL FALLS MN CLIMATE NORMALS FOR TODAY
                         NORMAL    RECORD    YEAR
 MAXIMUM TEMPERATURE (F)   65        85      1922
                                             1911
 MINIMUM TEMPERATURE (F)   42        23      2011


SUNRISE AND SUNSET
SEPTEMBER 16 2017.....SUNRISE   652 AM CDT   SUNSET   723 PM CDT
SEPTEMBER 17 2017.....SUNRISE   653 AM CDT   SUNSET   721 PM CDT


-  INDICATES NEGATIVE NUMBERS.
R  INDICATES RECORD WAS SET OR TIED.
MM INDICATES DATA IS MISSING.
T  INDICATES TRACE AMOUNT.




$$
