642
CDUS43 KDLH 300631
CLIINL


CLIMATE REPORT
NATIONAL WEATHER SERVICE DULUTH MN
130 AM CDT SAT APR 30 2016


...................................

...THE INTERNATIONAL FALLS MN CLIMATE SUMMARY FOR APRIL 29 2016...

CLIMATE NORMAL PERIOD 1981 TO 2010
CLIMATE RECORD PERIOD 1895 TO 2016


WEATHER ITEM   OBSERVED TIME   RECORD YEAR NORMAL DEPARTURE LAST
                VALUE   (LST)  VALUE       VALUE  FROM      YEAR
                                                  NORMAL
..................................................................
TEMPERATURE (F)
 YESTERDAY
  MAXIMUM         57    457 PM  89    1952  59     -2       61
  MINIMUM         31    307 AM  10    1958  33     -2       25
  AVERAGE         44                        46     -2       43

PRECIPITATION (IN)
  YESTERDAY        0.00          1.00 1940   0.07  -0.07      T
                                      1925
  MONTH TO DATE    2.11                      1.46   0.65     0.72
  SINCE MAR 1      4.82                      2.41   2.41     1.36
  SINCE JAN 1      6.19                      3.60   2.59     3.38

SNOWFALL (IN)
  YESTERDAY        0.0           3.1  1990   0.1   -0.1      0.0
  MONTH TO DATE    4.9                       6.3   -1.4      4.3
  SINCE MAR 1     14.2                      13.9    0.3      7.8
  SINCE JUL 1     47.7                      70.7  -23.0     64.5
  SNOW DEPTH       0

DEGREE DAYS
 HEATING
  YESTERDAY       21                        19      2       22
  MONTH TO DATE  803                       752     51      746
  SINCE MAR 1   1906                      2035   -129     1915
  SINCE JUL 1   8438                      9618  -1180     9669

 COOLING
  YESTERDAY        0                         0      0        0
  MONTH TO DATE    0                         0      0        0
  SINCE MAR 1      0                         0      0        0
  SINCE JAN 1      0                         0      0        0
..................................................................


WIND (MPH)
  HIGHEST WIND SPEED    16   HIGHEST WIND DIRECTION     E (80)
  HIGHEST GUST SPEED    21   HIGHEST GUST DIRECTION     E (100)
  AVERAGE WIND SPEED     7.3


SKY COVER
  AVERAGE SKY COVER 0.1


WEATHER CONDITIONS
 THE FOLLOWING WEATHER WAS RECORDED YESTERDAY.
  NO SIGNIFICANT WEATHER WAS OBSERVED.


RELATIVE HUMIDITY (PERCENT)
 HIGHEST    85           300 AM
 LOWEST     36           500 PM
 AVERAGE    61

..........................................................


THE INTERNATIONAL FALLS MN CLIMATE NORMALS FOR TODAY
                         NORMAL    RECORD    YEAR
 MAXIMUM TEMPERATURE (F)   59        90      1952
 MINIMUM TEMPERATURE (F)   33        19      2003
                                             1990


SUNRISE AND SUNSET
APRIL 30 2016.........SUNRISE   555 AM CDT   SUNSET   828 PM CDT
MAY  1 2016...........SUNRISE   553 AM CDT   SUNSET   829 PM CDT


-  INDICATES NEGATIVE NUMBERS.
R  INDICATES RECORD WAS SET OR TIED.
MM INDICATES DATA IS MISSING.
T  INDICATES TRACE AMOUNT.




$$
