000
CDUS43 KDLH 230621
CLIINL


CLIMATE REPORT
NATIONAL WEATHER SERVICE DULUTH MN
120 AM CDT SAT AUG 23 2014


...................................

...THE INTERNATIONAL FALLS MN CLIMATE SUMMARY FOR AUGUST 22 2014...

CLIMATE NORMAL PERIOD 1981 TO 2010
CLIMATE RECORD PERIOD 1895 TO 2014


WEATHER ITEM   OBSERVED TIME   RECORD YEAR NORMAL DEPARTURE LAST
                VALUE   (LST)  VALUE       VALUE  FROM      YEAR
                                                  NORMAL
..................................................................
TEMPERATURE (F)
 YESTERDAY
  MAXIMUM         75    305 PM  91    1947  75      0       76
                                      1922
  MINIMUM         60   1147 PM  32    1958  50     10       42
  AVERAGE         68                        62      6       59

PRECIPITATION (IN)
  YESTERDAY        0.00          1.95 1917   0.08  -0.08     0.00
  MONTH TO DATE    0.31                      1.98  -1.67     2.12
  SINCE JUN 1     15.13                      9.60   5.53    11.12
  SINCE JAN 1     23.95                     16.13   7.82    23.50

SNOWFALL (IN)
  YESTERDAY        0.0           T    1995   0.0    0.0      0.0
  MONTH TO DATE    0.0                       0.0    0.0      0.0
  SINCE JUN 1      0.0                       0.0    0.0      0.0
  SINCE JUL 1      0.0                       0.0    0.0      0.0
  SNOW DEPTH       0

DEGREE DAYS
 HEATING
  YESTERDAY        0                         4     -4        6
  MONTH TO DATE   62                        64     -2      130
  SINCE JUN 1    294                       298     -4      384
  SINCE JUL 1    165                       134     31      215

 COOLING
  YESTERDAY        3                         2      1        0
  MONTH TO DATE   10                        44    -34       32
  SINCE JUN 1     82                       158    -76      156
  SINCE JAN 1    105                       167    -62      159
..................................................................


WIND (MPH)
  HIGHEST WIND SPEED     9   HIGHEST WIND DIRECTION     E (80)
  HIGHEST GUST SPEED    11   HIGHEST GUST DIRECTION     E (70)
  AVERAGE WIND SPEED     3.3


SKY COVER
  AVERAGE SKY COVER 0.8


WEATHER CONDITIONS
 THE FOLLOWING WEATHER WAS RECORDED YESTERDAY.
  FOG


RELATIVE HUMIDITY (PERCENT)
 HIGHEST   100          1100 PM
 LOWEST     73           100 PM
 AVERAGE    87

..........................................................


THE INTERNATIONAL FALLS MN CLIMATE NORMALS FOR TODAY
                         NORMAL    RECORD    YEAR
 MAXIMUM TEMPERATURE (F)   75        90      1947
 MINIMUM TEMPERATURE (F)   50        33      2004


SUNRISE AND SUNSET
AUGUST 23 2014........SUNRISE   618 AM CDT   SUNSET   813 PM CDT
AUGUST 24 2014........SUNRISE   620 AM CDT   SUNSET   811 PM CDT


-  INDICATES NEGATIVE NUMBERS.
R  INDICATES RECORD WAS SET OR TIED.
MM INDICATES DATA IS MISSING.
T  INDICATES TRACE AMOUNT.




$$
