000
CDUS43 KDLH 250639
CLIINL


CLIMATE REPORT
NATIONAL WEATHER SERVICE DULUTH MN
138 AM CDT THU SEP 25 2014


...................................

...THE INTERNATIONAL FALLS MN CLIMATE SUMMARY FOR SEPTEMBER 24 2014...

CLIMATE NORMAL PERIOD 1981 TO 2010
CLIMATE RECORD PERIOD 1895 TO 2014


WEATHER ITEM   OBSERVED TIME   RECORD YEAR NORMAL DEPARTURE LAST
                VALUE   (LST)  VALUE       VALUE  FROM      YEAR
                                                  NORMAL
..................................................................
TEMPERATURE (F)
 YESTERDAY
  MAXIMUM         63    424 PM  82    1917  62      1       73
  MINIMUM         51   1201 AM  25    2001  38     13       50
                                      1947
  AVERAGE         57                        50      7       62

PRECIPITATION (IN)
  YESTERDAY        T             1.82 2010   0.10  -0.10     0.00
  MONTH TO DATE    2.70                      2.44   0.26     1.55
  SINCE SEP 1      2.70                      2.44   0.26     1.55
  SINCE JAN 1     27.24                     19.40   7.84    26.66

SNOWFALL (IN)
  YESTERDAY        0.0           T    1985   0.0    0.0      0.0
  MONTH TO DATE    0.0                       0.0    0.0      0.0
  SINCE SEP 1      0.0                       0.0    0.0      0.0
  SINCE JUL 1      0.0                       0.0    0.0      0.0
  SNOW DEPTH       0

DEGREE DAYS
 HEATING
  YESTERDAY        8                        15     -7        3
  MONTH TO DATE  272                       253     19      195
  SINCE SEP 1    272                       253     19      195
  SINCE JUL 1    486                       434     52      415

 COOLING
  YESTERDAY        0                         0      0        0
  MONTH TO DATE    3                         9     -6        7
  SINCE SEP 1      3                         9     -6        7
  SINCE JAN 1    114                       190    -76      220
..................................................................


WIND (MPH)
  HIGHEST WIND SPEED    10   HIGHEST WIND DIRECTION     S (190)
  HIGHEST GUST SPEED    17   HIGHEST GUST DIRECTION    SW (210)
  AVERAGE WIND SPEED     3.5


SKY COVER
  AVERAGE SKY COVER 0.9


WEATHER CONDITIONS
 THE FOLLOWING WEATHER WAS RECORDED YESTERDAY.
  LIGHT RAIN


RELATIVE HUMIDITY (PERCENT)
 HIGHEST    93           900 PM
 LOWEST     78          1000 AM
 AVERAGE    86

..........................................................


THE INTERNATIONAL FALLS MN CLIMATE NORMALS FOR TODAY
                         NORMAL    RECORD    YEAR
 MAXIMUM TEMPERATURE (F)   61        85      1920
 MINIMUM TEMPERATURE (F)   38        21      1947


SUNRISE AND SUNSET
SEPTEMBER 25 2014.....SUNRISE   705 AM CDT   SUNSET   705 PM CDT
SEPTEMBER 26 2014.....SUNRISE   706 AM CDT   SUNSET   703 PM CDT


-  INDICATES NEGATIVE NUMBERS.
R  INDICATES RECORD WAS SET OR TIED.
MM INDICATES DATA IS MISSING.
T  INDICATES TRACE AMOUNT.




$$
