000
CDUS43 KDLH 210622
CLIINL


CLIMATE REPORT
NATIONAL WEATHER SERVICE DULUTH MN
121 AM CDT WED SEP 21 2016


...................................

...THE INTERNATIONAL FALLS MN CLIMATE SUMMARY FOR SEPTEMBER 20 2016...

CLIMATE NORMAL PERIOD 1981 TO 2010
CLIMATE RECORD PERIOD 1895 TO 2016


WEATHER ITEM   OBSERVED TIME   RECORD YEAR NORMAL DEPARTURE LAST
                VALUE   (LST)  VALUE       VALUE  FROM      YEAR
                                                  NORMAL
..................................................................
TEMPERATURE (F)
 YESTERDAY
  MAXIMUM         70    336 PM  85    1914  63      7       73
  MINIMUM         38    416 AM  20    1956  40     -2       42
  AVERAGE         54                        52      2       58

PRECIPITATION (IN)
  YESTERDAY        0.00          0.70 1967   0.11  -0.11     0.00
  MONTH TO DATE    1.85                      2.05  -0.20     1.05
  SINCE SEP 1      1.85                      2.05  -0.20     1.05
  SINCE JAN 1     22.41                     19.01   3.40    17.51

SNOWFALL (IN)
  YESTERDAY        0.0           0.0  2002   0.0    0.0      0.0
                                      2001
  MONTH TO DATE    0.0                       0.0    0.0      0.0
  SINCE SEP 1      0.0                       0.0    0.0      0.0
  SINCE JUL 1      0.0                       0.0    0.0      0.0
  SNOW DEPTH       0

DEGREE DAYS
 HEATING
  YESTERDAY       11                        13     -2        7
  MONTH TO DATE  125                       195    -70      113
  SINCE SEP 1    125                       195    -70      113
  SINCE JUL 1    242                       376   -134      289

 COOLING
  YESTERDAY        0                         0      0        0
  MONTH TO DATE    7                         9     -2       44
  SINCE SEP 1      7                         9     -2       44
  SINCE JAN 1    155                       190    -35      207
..................................................................


WIND (MPH)
  HIGHEST WIND SPEED    14   HIGHEST WIND DIRECTION    NW (330)
  HIGHEST GUST SPEED    20   HIGHEST GUST DIRECTION     W (270)
  AVERAGE WIND SPEED     4.8


SKY COVER
  AVERAGE SKY COVER 0.0


WEATHER CONDITIONS
 THE FOLLOWING WEATHER WAS RECORDED YESTERDAY.
  NO SIGNIFICANT WEATHER WAS OBSERVED.


RELATIVE HUMIDITY (PERCENT)
 HIGHEST    93           800 PM
 LOWEST     39           200 PM
 AVERAGE    66

..........................................................


THE INTERNATIONAL FALLS MN CLIMATE NORMALS FOR TODAY
                         NORMAL    RECORD    YEAR
 MAXIMUM TEMPERATURE (F)   63        83      1920
 MINIMUM TEMPERATURE (F)   40        26      1956


SUNRISE AND SUNSET
SEPTEMBER 21 2016.....SUNRISE   700 AM CDT   SUNSET   712 PM CDT
SEPTEMBER 22 2016.....SUNRISE   701 AM CDT   SUNSET   710 PM CDT


-  INDICATES NEGATIVE NUMBERS.
R  INDICATES RECORD WAS SET OR TIED.
MM INDICATES DATA IS MISSING.
T  INDICATES TRACE AMOUNT.




$$
