000
CDUS43 KDLH 140640
CLIINL


CLIMATE REPORT
NATIONAL WEATHER SERVICE DULUTH MN
138 AM CDT THU SEP 14 2017


...................................

...THE INTERNATIONAL FALLS MN CLIMATE SUMMARY FOR SEPTEMBER 13 2017...

CLIMATE NORMAL PERIOD 1981 TO 2010
CLIMATE RECORD PERIOD 1895 TO 2017


WEATHER ITEM   OBSERVED TIME   RECORD YEAR NORMAL DEPARTURE LAST
                VALUE   (LST)  VALUE       VALUE  FROM      YEAR
                                                  NORMAL
..................................................................
TEMPERATURE (F)
 YESTERDAY
  MAXIMUM         79    300 PM  89    1952  67     12       60
  MINIMUM         56    623 AM  25    2014  43     13       43
  AVERAGE         68                        55     13       52

PRECIPITATION (IN)
  YESTERDAY        0.00          1.39 1909   0.10  -0.10     0.01
  MONTH TO DATE    0.54                      1.31  -0.77     1.54
  SINCE SEP 1      0.54                      1.31  -0.77     1.54
  SINCE JAN 1     17.28                     18.27  -0.99    22.10

SNOWFALL (IN)
  YESTERDAY        0.0           0.0  2002   0.0    0.0      0.0
                                      2001
  MONTH TO DATE    0.0                       0.0    0.0      0.0
  SINCE SEP 1      0.0                       0.0    0.0      0.0
  SINCE JUL 1      0.0                       0.0    0.0      0.0
  SNOW DEPTH       0

DEGREE DAYS
 HEATING
  YESTERDAY        0                        11    -11       13
  MONTH TO DATE   96                       110    -14       62
  SINCE SEP 1     96                       110    -14       62
  SINCE JUL 1    307                       291     16      179

 COOLING
  YESTERDAY        3                         0      3        0
  MONTH TO DATE    4                         9     -5        7
  SINCE SEP 1      4                         9     -5        7
  SINCE JAN 1     83                       190   -107      155
..................................................................


WIND (MPH)
  HIGHEST WIND SPEED    14   HIGHEST WIND DIRECTION     N (10)
  HIGHEST GUST SPEED    18   HIGHEST GUST DIRECTION     N (20)
  AVERAGE WIND SPEED     3.6


SKY COVER
  AVERAGE SKY COVER 0.1


WEATHER CONDITIONS
 THE FOLLOWING WEATHER WAS RECORDED YESTERDAY.
  FOG
  FOG W/VISIBILITY <= 1/4 MILE


RELATIVE HUMIDITY (PERCENT)
 HIGHEST   100           200 AM
 LOWEST     67           200 PM
 AVERAGE    84

..........................................................


THE INTERNATIONAL FALLS MN CLIMATE NORMALS FOR TODAY
                         NORMAL    RECORD    YEAR
 MAXIMUM TEMPERATURE (F)   66        88      1920
 MINIMUM TEMPERATURE (F)   42        27      2011


SUNRISE AND SUNSET
SEPTEMBER 14 2017.....SUNRISE   649 AM CDT   SUNSET   728 PM CDT
SEPTEMBER 15 2017.....SUNRISE   651 AM CDT   SUNSET   725 PM CDT


-  INDICATES NEGATIVE NUMBERS.
R  INDICATES RECORD WAS SET OR TIED.
MM INDICATES DATA IS MISSING.
T  INDICATES TRACE AMOUNT.




$$
