000
CDUS43 KDLH 080629
CLIINL


CLIMATE REPORT
NATIONAL WEATHER SERVICE DULUTH MN
128 AM CDT TUE APR 8 2014


...................................

...THE INTERNATIONAL FALLS MN CLIMATE SUMMARY FOR APRIL 7 2014...

CLIMATE NORMAL PERIOD 1981 TO 2010
CLIMATE RECORD PERIOD 1895 TO 2014


WEATHER ITEM   OBSERVED TIME   RECORD YEAR NORMAL DEPARTURE LAST
                VALUE   (LST)  VALUE       VALUE  FROM      YEAR
                                                  NORMAL
..................................................................
TEMPERATURE (F)
 YESTERDAY
  MAXIMUM         50    142 PM  71    1987  47      3       39
  MINIMUM         32   1159 PM  -9    1982  23      9       31
  AVERAGE         41                        35      6       35

PRECIPITATION (IN)
  YESTERDAY        T             1.24 2001   0.04  -0.04     0.07
  MONTH TO DATE    0.17                      0.29  -0.12     0.21
  SINCE MAR 1      1.63                      1.24   0.39     1.36
  SINCE JAN 1      3.38                      2.43   0.95     5.02

SNOWFALL (IN)
  YESTERDAY        0.0           6.7  1948   0.2   -0.2      0.6
  MONTH TO DATE    2.6                       1.9    0.7      1.7
  SINCE MAR 1     20.2                       9.5   10.7     16.4
  SINCE JUL 1     96.6                      66.3   30.3     86.7
  SNOW DEPTH      24

DEGREE DAYS
 HEATING
  YESTERDAY       24                        30     -6       30
  MONTH TO DATE  242                       221     21      285
  SINCE MAR 1   1848                      1504    344     1797
  SINCE JUL 1  10279                      9087   1192     9354

 COOLING
  YESTERDAY        0                         0      0        0
  MONTH TO DATE    0                         0      0        0
  SINCE MAR 1      0                         0      0        0
  SINCE JAN 1      0                         0      0        0
..................................................................


WIND (MPH)
  HIGHEST WIND SPEED    16   HIGHEST WIND DIRECTION     W (280)
  HIGHEST GUST SPEED    22   HIGHEST GUST DIRECTION    NW (300)
  AVERAGE WIND SPEED     8.2


SKY COVER
  AVERAGE SKY COVER 0.2


WEATHER CONDITIONS
 THE FOLLOWING WEATHER WAS RECORDED YESTERDAY.
  LIGHT RAIN


RELATIVE HUMIDITY (PERCENT)
 HIGHEST    85           600 AM
 LOWEST     45           500 PM
 AVERAGE    65

..........................................................


THE INTERNATIONAL FALLS MN CLIMATE NORMALS FOR TODAY
                         NORMAL    RECORD    YEAR
 MAXIMUM TEMPERATURE (F)   47        75      1987
 MINIMUM TEMPERATURE (F)   24         2      1989
                                             1950


SUNRISE AND SUNSET
APRIL  8 2014.........SUNRISE   637 AM CDT   SUNSET   755 PM CDT
APRIL  9 2014.........SUNRISE   635 AM CDT   SUNSET   756 PM CDT


-  INDICATES NEGATIVE NUMBERS.
R  INDICATES RECORD WAS SET OR TIED.
MM INDICATES DATA IS MISSING.
T  INDICATES TRACE AMOUNT.




$$
