000
CDUS43 KDLH 180640
CLIINL


CLIMATE REPORT
NATIONAL WEATHER SERVICE DULUTH MN
139 AM CDT FRI JUL 18 2014


...................................

...THE INTERNATIONAL FALLS MN CLIMATE SUMMARY FOR JULY 17 2014...

CLIMATE NORMAL PERIOD 1981 TO 2010
CLIMATE RECORD PERIOD 1895 TO 2014


WEATHER ITEM   OBSERVED TIME   RECORD YEAR NORMAL DEPARTURE LAST
                VALUE   (LST)  VALUE       VALUE  FROM      YEAR
                                                  NORMAL
..................................................................
TEMPERATURE (F)
 YESTERDAY
  MAXIMUM         79    314 PM  94    1991  78      1       78
  MINIMUM         44    408 AM  42    1918  53     -9       60
  AVERAGE         62                        66     -4       69

PRECIPITATION (IN)
  YESTERDAY        0.00          1.78 1978   0.12  -0.12     0.15
  MONTH TO DATE    1.70                      2.26  -0.56     2.07
  SINCE JUN 1     11.94                      6.18   5.76     3.67
  SINCE JAN 1     20.76                     12.71   8.05    16.05

SNOWFALL (IN)
  YESTERDAY        0.0           0.0  2002   0.0    0.0      0.0
                                      2001
  MONTH TO DATE    0.0                       0.0    0.0      0.0
  SINCE JUN 1      0.0                       0.0    0.0      0.0
  SINCE JUL 1      0.0                       0.0    0.0      0.0
  SNOW DEPTH       0

DEGREE DAYS
 HEATING
  YESTERDAY        3                         2      1        0
  MONTH TO DATE   81                        41     40        2
  SINCE JUN 1    210                       205      5      171
  SINCE JUL 1     81                        41     40        2

 COOLING
  YESTERDAY        0                         3     -3        4
  MONTH TO DATE   18                        42    -24       85
  SINCE JUN 1     47                        80    -33      119
  SINCE JAN 1     70                        89    -19      122
..................................................................


WIND (MPH)
  HIGHEST WIND SPEED    10   HIGHEST WIND DIRECTION    SW (230)
  HIGHEST GUST SPEED    17   HIGHEST GUST DIRECTION    SW (210)
  AVERAGE WIND SPEED     2.6


SKY COVER
  AVERAGE SKY COVER 0.1


WEATHER CONDITIONS
 THE FOLLOWING WEATHER WAS RECORDED YESTERDAY.
  NO SIGNIFICANT WEATHER WAS OBSERVED.


RELATIVE HUMIDITY (PERCENT)
 HIGHEST   100           200 AM
 LOWEST     42           200 PM
 AVERAGE    71

..........................................................


THE INTERNATIONAL FALLS MN CLIMATE NORMALS FOR TODAY
                         NORMAL    RECORD    YEAR
 MAXIMUM TEMPERATURE (F)   78        98      1916
 MINIMUM TEMPERATURE (F)   53        38      1912


SUNRISE AND SUNSET
JULY 18 2014..........SUNRISE   531 AM CDT   SUNSET   908 PM CDT
JULY 19 2014..........SUNRISE   532 AM CDT   SUNSET   907 PM CDT


-  INDICATES NEGATIVE NUMBERS.
R  INDICATES RECORD WAS SET OR TIED.
MM INDICATES DATA IS MISSING.
T  INDICATES TRACE AMOUNT.




$$
