000
CDUS43 KDLH 220701
CLIINL


CLIMATE REPORT
NATIONAL WEATHER SERVICE DULUTH MN
100 AM CST WED FEB 22 2017


...................................

...THE INTERNATIONAL FALLS MN CLIMATE SUMMARY FOR FEBRUARY 21 2017...

CLIMATE NORMAL PERIOD 1981 TO 2010
CLIMATE RECORD PERIOD 1895 TO 2017


WEATHER ITEM   OBSERVED TIME   RECORD YEAR NORMAL DEPARTURE LAST
                VALUE   (LST)  VALUE       VALUE  FROM      YEAR
                                                  NORMAL
..................................................................
TEMPERATURE (F)
 YESTERDAY
  MAXIMUM         45    255 PM  50    2000  24     21       24
  MINIMUM         31   1140 PM -32    1966   1     30       -9
  AVERAGE         38                        13     25        8

PRECIPITATION (IN)
  YESTERDAY        0.00          0.32 1917   0.02  -0.02     0.01
  MONTH TO DATE    1.39                      0.39   1.00     0.46
  SINCE DEC 1      4.85                      1.82   3.03     2.12
  SINCE JAN 1      2.66                      1.01   1.65     1.05

SNOWFALL (IN)
  YESTERDAY        0.0           7.0  1991   0.4   -0.4      0.7
  MONTH TO DATE   11.4                       8.0    3.4      4.6
  SINCE DEC 1     53.8                      38.0   15.8     22.9
  SINCE JUL 1     62.2                      54.0    8.2     26.7
  SNOW DEPTH      11

DEGREE DAYS
 HEATING
  YESTERDAY       27                        52    -25       57
  MONTH TO DATE 1000                      1176   -176     1159
  SINCE DEC 1   4338                      4768   -430     4168
  SINCE JUL 1   6144                      7229  -1085     6174

 COOLING
  YESTERDAY        0                         0      0        0
  MONTH TO DATE    0                         0      0        0
  SINCE DEC 1      0                         0      0        0
  SINCE JAN 1      0                         0      0        0
..................................................................


WIND (MPH)
  HIGHEST WIND SPEED    18   HIGHEST WIND DIRECTION     W (270)
  HIGHEST GUST SPEED    25   HIGHEST GUST DIRECTION     W (280)
  AVERAGE WIND SPEED     5.2


SKY COVER
  AVERAGE SKY COVER 0.6


WEATHER CONDITIONS
 THE FOLLOWING WEATHER WAS RECORDED YESTERDAY.
  FOG


RELATIVE HUMIDITY (PERCENT)
 HIGHEST    96          1000 AM
 LOWEST     65           300 PM
 AVERAGE    81

..........................................................


THE INTERNATIONAL FALLS MN CLIMATE NORMALS FOR TODAY
                         NORMAL    RECORD    YEAR
 MAXIMUM TEMPERATURE (F)   25        58      2000
 MINIMUM TEMPERATURE (F)    2       -29      2015
                                             1914


SUNRISE AND SUNSET
FEBRUARY 22 2017......SUNRISE   708 AM CST   SUNSET   547 PM CST
FEBRUARY 23 2017......SUNRISE   706 AM CST   SUNSET   548 PM CST


-  INDICATES NEGATIVE NUMBERS.
R  INDICATES RECORD WAS SET OR TIED.
MM INDICATES DATA IS MISSING.
T  INDICATES TRACE AMOUNT.




$$
