000
CDUS43 KDLH 052246
CLIINL


CLIMATE REPORT
NATIONAL WEATHER SERVICE DULUTH MN
429 PM CST FRI JAN 5 2018


...................................

...THE INTERNATIONAL FALLS MN CLIMATE SUMMARY FOR JANUARY 5 2018...
VALID TODAY AS OF 0400 PM LOCAL TIME.

CLIMATE NORMAL PERIOD 1981 TO 2010
CLIMATE RECORD PERIOD 1895 TO 2018


WEATHER ITEM   OBSERVED TIME   RECORD YEAR NORMAL DEPARTURE LAST
                VALUE   (LST)  VALUE       VALUE  FROM      YEAR
                                                  NORMAL
..................................................................
TEMPERATURE (F)
 TODAY
  MAXIMUM         -5    356 PM  46    2012  15    -20       -4
  MINIMUM        -33    423 AM -40    1909  -6    -27      -19
  AVERAGE        -19                         4    -23      -11

PRECIPITATION (IN)
  TODAY            T                         0.02  -0.02     0.00
  MONTH TO DATE    0.02                      0.12  -0.10     0.57
  SINCE DEC 1      1.18                      0.93   0.25     2.76
  SINCE JAN 1      0.02                      0.12  -0.10     0.57

SNOWFALL (IN)
  TODAY            T                         0.5   -0.5      0.0
  MONTH TO DATE    0.3                       2.6   -2.3     10.1
  SINCE JUL 1     30.7                      33.6   -2.9     44.0
  SNOW DEPTH       7

DEGREE DAYS
 HEATING
  TODAY           84                        61     23       76
  MONTH TO DATE  387                       301     86      323
  SINCE DEC 1   2214                      2015    199     1989
  SINCE JUL 1   4608                      4476    132     3795

 COOLING
  TODAY            0                         0      0        0
  MONTH TO DATE    0                         0      0        0
  SINCE DEC 1      0                         0      0        0
  SINCE JAN 1      0                         0      0        0
..................................................................


WIND (MPH)
  HIGHEST WIND SPEED     6   HIGHEST WIND DIRECTION    NE (30)
  HIGHEST GUST SPEED     6   HIGHEST GUST DIRECTION    NE (30)


SKY COVER
  AVERAGE SKY COVER 0.1


WEATHER CONDITIONS
 THE FOLLOWING WEATHER WAS RECORDED TODAY.
  LIGHT SNOW
  FOG
  HAZE


RELATIVE HUMIDITY (PERCENT)
 HIGHEST    81          1100 AM
 LOWEST     59           200 PM
 AVERAGE    70

..........................................................


THE INTERNATIONAL FALLS MN CLIMATE NORMALS FOR TOMORROW
                         NORMAL    RECORD    YEAR
 MAXIMUM TEMPERATURE (F)   15        41      2008
 MINIMUM TEMPERATURE (F)   -6       -55      1909


SUNRISE AND SUNSET
JANUARY  5 2018.......SUNRISE   805 AM CST   SUNSET   433 PM CST
JANUARY  6 2018.......SUNRISE   805 AM CST   SUNSET   434 PM CST


-  INDICATES NEGATIVE NUMBERS.
R  INDICATES RECORD WAS SET OR TIED.
MM INDICATES DATA IS MISSING.
T  INDICATES TRACE AMOUNT.




$$
