000
CDUS43 KDLH 110640
CLIINL


CLIMATE REPORT
NATIONAL WEATHER SERVICE DULUTH MN
1238 AM CST SAT NOV 11 2017


...................................

...THE INTERNATIONAL FALLS MN CLIMATE SUMMARY FOR NOVEMBER 10 2017...

CLIMATE NORMAL PERIOD 1981 TO 2010
CLIMATE RECORD PERIOD 1895 TO 2017


WEATHER ITEM   OBSERVED TIME   RECORD YEAR NORMAL DEPARTURE LAST
                VALUE   (LST)  VALUE       VALUE  FROM      YEAR
                                                  NORMAL
..................................................................
TEMPERATURE (F)
 YESTERDAY
  MAXIMUM         18   1159 PM  64    2010  37    -19       59
  MINIMUM        -14R   646 AM  -6    1986  21    -35       36
  AVERAGE          2                        29    -27       48

PRECIPITATION (IN)
  YESTERDAY        0.02          1.20 1911   0.05  -0.03      T
  MONTH TO DATE    1.01                      0.53   0.48     0.17
  SINCE SEP 1      5.59                      5.60  -0.01     4.98
  SINCE JAN 1     22.33                     22.56  -0.23    25.54

SNOWFALL (IN)
  YESTERDAY        0.3           3.6  1978   0.4   -0.1      0.0
  MONTH TO DATE   11.6                       3.2    8.4      0.0
  SINCE SEP 1     13.7                       5.5    8.2       T
  SINCE JUL 1     13.7                       5.5    8.2       T
  SNOW DEPTH       5

DEGREE DAYS
 HEATING
  YESTERDAY       63                        36     27       17
  MONTH TO DATE  465                       334    131      190
  SINCE SEP 1   1383                      1430    -47     1054
  SINCE JUL 1   1594                      1611    -17     1171

 COOLING
  YESTERDAY        0                         0      0        0
  MONTH TO DATE    0                         0      0        0
  SINCE SEP 1      7                        11     -4        7
  SINCE JAN 1     86                       192   -106      155
..................................................................


WIND (MPH)
  HIGHEST WIND SPEED    18   HIGHEST WIND DIRECTION    SE (140)
  HIGHEST GUST SPEED    25   HIGHEST GUST DIRECTION    SE (140)
  AVERAGE WIND SPEED     7.6


SKY COVER
  AVERAGE SKY COVER 0.4


WEATHER CONDITIONS
 THE FOLLOWING WEATHER WAS RECORDED YESTERDAY.
  SNOW
  LIGHT SNOW
  HAZE


RELATIVE HUMIDITY (PERCENT)
 HIGHEST    79           900 AM
 LOWEST     53           200 PM
 AVERAGE    66

..........................................................


THE INTERNATIONAL FALLS MN CLIMATE NORMALS FOR TODAY
                         NORMAL    RECORD    YEAR
 MAXIMUM TEMPERATURE (F)   36        60      2005
                                             1961
 MINIMUM TEMPERATURE (F)   20       -12      1966


SUNRISE AND SUNSET
NOVEMBER 11 2017......SUNRISE   716 AM CST   SUNSET   439 PM CST
NOVEMBER 12 2017......SUNRISE   718 AM CST   SUNSET   437 PM CST


-  INDICATES NEGATIVE NUMBERS.
R  INDICATES RECORD WAS SET OR TIED.
MM INDICATES DATA IS MISSING.
T  INDICATES TRACE AMOUNT.




$$
