000
CDUS43 KDLH 150623
CLIINL


CLIMATE REPORT
NATIONAL WEATHER SERVICE DULUTH MN
1221 AM CST WED FEB 15 2017


...................................

...THE INTERNATIONAL FALLS MN CLIMATE SUMMARY FOR FEBRUARY 14 2017...

CLIMATE NORMAL PERIOD 1981 TO 2010
CLIMATE RECORD PERIOD 1895 TO 2017


WEATHER ITEM   OBSERVED TIME   RECORD YEAR NORMAL DEPARTURE LAST
                VALUE   (LST)  VALUE       VALUE  FROM      YEAR
                                                  NORMAL
..................................................................
TEMPERATURE (F)
 YESTERDAY
  MAXIMUM         34   1204 AM  43    1999  22     12       15
  MINIMUM         11   1159 PM -44    1909  -2     13      -13
  AVERAGE         23                        10     13        1

PRECIPITATION (IN)
  YESTERDAY        0.00          0.51 1915   0.02  -0.02     0.13
  MONTH TO DATE    0.77                      0.25   0.52     0.31
  SINCE DEC 1      4.23                      1.68   2.55     1.97
  SINCE JAN 1      2.04                      0.87   1.17     0.90

SNOWFALL (IN)
  YESTERDAY        0.0           3.4  1995   0.3   -0.3      2.0
  MONTH TO DATE   11.4                       5.3    6.1      3.7
  SINCE DEC 1     53.8                      35.3   18.5     22.0
  SINCE JUL 1     62.2                      51.3   10.9     25.8
  SNOW DEPTH      17

DEGREE DAYS
 HEATING
  YESTERDAY       42                        55    -13       64
  MONTH TO DATE  777                       801    -24      830
  SINCE DEC 1   4115                      4393   -278     3839
  SINCE JUL 1   5921                      6854   -933     5845

 COOLING
  YESTERDAY        0                         0      0        0
  MONTH TO DATE    0                         0      0        0
  SINCE DEC 1      0                         0      0        0
  SINCE JAN 1      0                         0      0        0
..................................................................


WIND (MPH)
  HIGHEST WIND SPEED    33   HIGHEST WIND DIRECTION    NW (330)
  HIGHEST GUST SPEED    41   HIGHEST GUST DIRECTION    NW (320)
  AVERAGE WIND SPEED    13.7


SKY COVER
  AVERAGE SKY COVER 0.3


WEATHER CONDITIONS
 THE FOLLOWING WEATHER WAS RECORDED YESTERDAY.
  NO SIGNIFICANT WEATHER WAS OBSERVED.


RELATIVE HUMIDITY (PERCENT)
 HIGHEST    78           400 AM
 LOWEST     42          1100 AM
 AVERAGE    60

..........................................................


THE INTERNATIONAL FALLS MN CLIMATE NORMALS FOR TODAY
                         NORMAL    RECORD    YEAR
 MAXIMUM TEMPERATURE (F)   22        46      1981
 MINIMUM TEMPERATURE (F)   -2       -43      1909


SUNRISE AND SUNSET
FEBRUARY 15 2017......SUNRISE   721 AM CST   SUNSET   536 PM CST
FEBRUARY 16 2017......SUNRISE   719 AM CST   SUNSET   537 PM CST


-  INDICATES NEGATIVE NUMBERS.
R  INDICATES RECORD WAS SET OR TIED.
MM INDICATES DATA IS MISSING.
T  INDICATES TRACE AMOUNT.




$$
