000
CDUS43 KDLH 230628
CLIINL


CLIMATE REPORT
NATIONAL WEATHER SERVICE DULUTH MN
126 AM CDT SAT APR 23 2016


...................................

...THE INTERNATIONAL FALLS MN CLIMATE SUMMARY FOR APRIL 22 2016...

CLIMATE NORMAL PERIOD 1981 TO 2010
CLIMATE RECORD PERIOD 1895 TO 2016


WEATHER ITEM   OBSERVED TIME   RECORD YEAR NORMAL DEPARTURE LAST
                VALUE   (LST)  VALUE       VALUE  FROM      YEAR
                                                  NORMAL
..................................................................
TEMPERATURE (F)
 YESTERDAY
  MAXIMUM         50    203 PM  81    1990  55     -5       40
  MINIMUM         21    527 AM  17    2004  30     -9       22
                                      1910
  AVERAGE         36                        43     -7       31

PRECIPITATION (IN)
  YESTERDAY        0.00          0.81 2007   0.06  -0.06     0.00
  MONTH TO DATE    1.27                      1.03   0.24     0.69
  SINCE MAR 1      3.98                      1.98   2.00     1.33
  SINCE JAN 1      5.35                      3.17   2.18     3.35

SNOWFALL (IN)
  YESTERDAY        0.0           4.0  1992   0.2   -0.2      0.0
  MONTH TO DATE    4.9                       5.4   -0.5      4.3
  SINCE MAR 1     14.2                      13.0    1.2      7.8
  SINCE JUL 1     47.7                      69.8  -22.1     64.5
  SNOW DEPTH       0

DEGREE DAYS
 HEATING
  YESTERDAY       29                        22      7       34
  MONTH TO DATE  648                       607     41      575
  SINCE MAR 1   1751                      1890   -139     1744
  SINCE JUL 1   8283                      9473  -1190     9498

 COOLING
  YESTERDAY        0                         0      0        0
  MONTH TO DATE    0                         0      0        0
  SINCE MAR 1      0                         0      0        0
  SINCE JAN 1      0                         0      0        0
..................................................................


WIND (MPH)
  HIGHEST WIND SPEED    10   HIGHEST WIND DIRECTION     E (100)
  HIGHEST GUST SPEED    14   HIGHEST GUST DIRECTION     E (80)
  AVERAGE WIND SPEED     3.3


SKY COVER
  AVERAGE SKY COVER 0.3


WEATHER CONDITIONS
 THE FOLLOWING WEATHER WAS RECORDED YESTERDAY.
  NO SIGNIFICANT WEATHER WAS OBSERVED.


RELATIVE HUMIDITY (PERCENT)
 HIGHEST    92          1200 AM
 LOWEST     28           100 PM
 AVERAGE    60

..........................................................


THE INTERNATIONAL FALLS MN CLIMATE NORMALS FOR TODAY
                         NORMAL    RECORD    YEAR
 MAXIMUM TEMPERATURE (F)   56        81      1990
 MINIMUM TEMPERATURE (F)   30         6      1909


SUNRISE AND SUNSET
APRIL 23 2016.........SUNRISE   607 AM CDT   SUNSET   817 PM CDT
APRIL 24 2016.........SUNRISE   605 AM CDT   SUNSET   819 PM CDT


-  INDICATES NEGATIVE NUMBERS.
R  INDICATES RECORD WAS SET OR TIED.
MM INDICATES DATA IS MISSING.
T  INDICATES TRACE AMOUNT.




$$
