000
CDUS43 KDLH 210625
CLIINL


CLIMATE REPORT
NATIONAL WEATHER SERVICE DULUTH MN
1225 AM CST WED JAN 21 2015


...................................

...THE INTERNATIONAL FALLS MN CLIMATE SUMMARY FOR JANUARY 20 2015...

CLIMATE NORMAL PERIOD 1981 TO 2010
CLIMATE RECORD PERIOD 1895 TO 2015


WEATHER ITEM   OBSERVED TIME   RECORD YEAR NORMAL DEPARTURE LAST
                VALUE   (LST)  VALUE       VALUE  FROM      YEAR
                                                  NORMAL
..................................................................
TEMPERATURE (F)
 YESTERDAY
  MAXIMUM         27    428 PM  49    1921  15     12       -1
  MINIMUM         22    102 AM -42    1996  -7     29      -19
  AVERAGE         25                         4     21      -10

PRECIPITATION (IN)
  YESTERDAY        0.00          2.00 1907   0.02  -0.02      T
  MONTH TO DATE    1.06                      0.44   0.62     0.57
  SINCE DEC 1      1.91                      1.25   0.66     2.01
  SINCE JAN 1      1.06                      0.44   0.62     0.57

SNOWFALL (IN)
  YESTERDAY        0.0           2.7  1979   0.4   -0.4       T
  MONTH TO DATE   16.7                      10.3    6.4     11.6
  SINCE DEC 1     27.4                      25.3    2.1     38.0
  SINCE JUL 1     36.7                      41.3   -4.6     48.9
  SNOW DEPTH      16

DEGREE DAYS
 HEATING
  YESTERDAY       40                        61    -21       75
  MONTH TO DATE 1277                      1216     61     1327
  SINCE DEC 1   2740                      2930   -190     3464
  SINCE JUL 1   5351                      5391    -40     5822

 COOLING
  YESTERDAY        0                         0      0        0
  MONTH TO DATE    0                         0      0        0
  SINCE DEC 1      0                         0      0        0
  SINCE JAN 1      0                         0      0        0
..................................................................


WIND (MPH)
  HIGHEST WIND SPEED     8   HIGHEST WIND DIRECTION     N (340)
  HIGHEST GUST SPEED    11   HIGHEST GUST DIRECTION     N (350)
  AVERAGE WIND SPEED     1.7


SKY COVER
  AVERAGE SKY COVER 1.0


WEATHER CONDITIONS
 THE FOLLOWING WEATHER WAS RECORDED YESTERDAY.
  FOG


RELATIVE HUMIDITY (PERCENT)
 HIGHEST    92          1200 AM
 LOWEST     81          1000 AM
 AVERAGE    87

..........................................................


THE INTERNATIONAL FALLS MN CLIMATE NORMALS FOR TODAY
                         NORMAL    RECORD    YEAR
 MAXIMUM TEMPERATURE (F)   15        48      1908
 MINIMUM TEMPERATURE (F)   -7       -46      2011


SUNRISE AND SUNSET
JANUARY 21 2015.......SUNRISE   756 AM CST   SUNSET   454 PM CST
JANUARY 22 2015.......SUNRISE   755 AM CST   SUNSET   456 PM CST


-  INDICATES NEGATIVE NUMBERS.
R  INDICATES RECORD WAS SET OR TIED.
MM INDICATES DATA IS MISSING.
T  INDICATES TRACE AMOUNT.




$$
