000
CDUS43 KDLH 130626
CLIINL


CLIMATE REPORT
NATIONAL WEATHER SERVICE DULUTH MN
126 AM CDT SAT SEP 13 2014


...................................

...THE INTERNATIONAL FALLS MN CLIMATE SUMMARY FOR SEPTEMBER 12 2014...

CLIMATE NORMAL PERIOD 1981 TO 2010
CLIMATE RECORD PERIOD 1895 TO 2014


WEATHER ITEM   OBSERVED TIME   RECORD YEAR NORMAL DEPARTURE LAST
                VALUE   (LST)  VALUE       VALUE  FROM      YEAR
                                                  NORMAL
..................................................................
TEMPERATURE (F)
 YESTERDAY
  MAXIMUM         52    220 PM  87    1952  67    -15       63
  MINIMUM         31   1147 PM  26    1910  43    -12       43
  AVERAGE         42                        55    -13       53

PRECIPITATION (IN)
  YESTERDAY        T             0.75 1924   0.10  -0.10     0.00
  MONTH TO DATE    1.19                      1.21  -0.02     1.04
  SINCE SEP 1      1.19                      1.21  -0.02     1.04
  SINCE JAN 1     25.73                     18.17   7.56    26.15

SNOWFALL (IN)
  YESTERDAY        0.0           0.0  2002   0.0    0.0      0.0
                                      2001
  MONTH TO DATE    0.0                       0.0    0.0      0.0
  SINCE SEP 1      0.0                       0.0    0.0      0.0
  SINCE JUL 1      0.0                       0.0    0.0      0.0
  SNOW DEPTH       0

DEGREE DAYS
 HEATING
  YESTERDAY       23                        10     13       12
  MONTH TO DATE  110                        99     11       71
  SINCE SEP 1    110                        99     11       71
  SINCE JUL 1    324                       280     44      291

 COOLING
  YESTERDAY        0                         0      0        0
  MONTH TO DATE    3                         9     -6        7
  SINCE SEP 1      3                         9     -6        7
  SINCE JAN 1    114                       190    -76      220
..................................................................


WIND (MPH)
  HIGHEST WIND SPEED    13   HIGHEST WIND DIRECTION     W (290)
  HIGHEST GUST SPEED    16   HIGHEST GUST DIRECTION    NW (300)
  AVERAGE WIND SPEED     2.4


SKY COVER
  AVERAGE SKY COVER 0.9


WEATHER CONDITIONS
 THE FOLLOWING WEATHER WAS RECORDED YESTERDAY.
  NO SIGNIFICANT WEATHER WAS OBSERVED.


RELATIVE HUMIDITY (PERCENT)
 HIGHEST   100           300 AM
 LOWEST     54           200 PM
 AVERAGE    77

..........................................................


THE INTERNATIONAL FALLS MN CLIMATE NORMALS FOR TODAY
                         NORMAL    RECORD    YEAR
 MAXIMUM TEMPERATURE (F)   67        89      1952
 MINIMUM TEMPERATURE (F)   43        26      1975


SUNRISE AND SUNSET
SEPTEMBER 13 2014.....SUNRISE   647 AM CDT   SUNSET   730 PM CDT
SEPTEMBER 14 2014.....SUNRISE   649 AM CDT   SUNSET   728 PM CDT


-  INDICATES NEGATIVE NUMBERS.
R  INDICATES RECORD WAS SET OR TIED.
MM INDICATES DATA IS MISSING.
T  INDICATES TRACE AMOUNT.




$$
