000
CDUS43 KDLH 180623
CLIINL


CLIMATE REPORT
NATIONAL WEATHER SERVICE DULUTH MN
1223 AM CST TUE NOV 18 2014


...................................

...THE INTERNATIONAL FALLS MN CLIMATE SUMMARY FOR NOVEMBER 17 2014...

CLIMATE NORMAL PERIOD 1981 TO 2010
CLIMATE RECORD PERIOD 1895 TO 2014


WEATHER ITEM   OBSERVED TIME   RECORD YEAR NORMAL DEPARTURE LAST
                VALUE   (LST)  VALUE       VALUE  FROM      YEAR
                                                  NORMAL
..................................................................
TEMPERATURE (F)
 YESTERDAY
  MAXIMUM         18   1258 PM  68    1953  33    -15       40
  MINIMUM          4    715 AM -12    1914  17    -13       25
  AVERAGE         11                        25    -14       33

PRECIPITATION (IN)
  YESTERDAY        0.01          0.63 1958   0.04  -0.03     0.27
  MONTH TO DATE    0.40                      0.87  -0.47     0.98
  SINCE SEP 1      4.66                      5.94  -1.28     5.06
  SINCE JAN 1     29.20                     22.90   6.30    30.17

SNOWFALL (IN)
  YESTERDAY        0.2           4.4  1968   0.6   -0.4      0.6
  MONTH TO DATE    3.7                       6.7   -3.0      5.3
  SINCE SEP 1      3.8                       9.0   -5.2      6.9
  SINCE JUL 1      3.8                       9.0   -5.2      6.9
  SNOW DEPTH       3

DEGREE DAYS
 HEATING
  YESTERDAY       54                        40     14       32
  MONTH TO DATE  689                       603     86      579
  SINCE SEP 1   1707                      1699      8     1527
  SINCE JUL 1   1921                      1880     41     1747

 COOLING
  YESTERDAY        0                         0      0        0
  MONTH TO DATE    0                         0      0        0
  SINCE SEP 1     10                        11     -1       11
  SINCE JAN 1    121                       192    -71      224
..................................................................


WIND (MPH)
  HIGHEST WIND SPEED    22   HIGHEST WIND DIRECTION    NW (320)
  HIGHEST GUST SPEED    30   HIGHEST GUST DIRECTION    NW (330)
  AVERAGE WIND SPEED    11.1


SKY COVER
  AVERAGE SKY COVER 0.9


WEATHER CONDITIONS
 THE FOLLOWING WEATHER WAS RECORDED YESTERDAY.
  LIGHT SNOW
  FOG
  HAZE


RELATIVE HUMIDITY (PERCENT)
 HIGHEST    88           900 PM
 LOWEST     59           200 PM
 AVERAGE    74

..........................................................


THE INTERNATIONAL FALLS MN CLIMATE NORMALS FOR TODAY
                         NORMAL    RECORD    YEAR
 MAXIMUM TEMPERATURE (F)   32        54      2012
                                             2001
 MINIMUM TEMPERATURE (F)   16       -10      1911


SUNRISE AND SUNSET
NOVEMBER 18 2014......SUNRISE   726 AM CST   SUNSET   431 PM CST
NOVEMBER 19 2014......SUNRISE   728 AM CST   SUNSET   430 PM CST


-  INDICATES NEGATIVE NUMBERS.
R  INDICATES RECORD WAS SET OR TIED.
MM INDICATES DATA IS MISSING.
T  INDICATES TRACE AMOUNT.




$$
