000
CDUS43 KDLH 150621
CLIINL


CLIMATE REPORT
NATIONAL WEATHER SERVICE DULUTH MN
121 AM CDT FRI JUL 15 2016


...................................

...THE INTERNATIONAL FALLS MN CLIMATE SUMMARY FOR JULY 14 2016...

CLIMATE NORMAL PERIOD 1981 TO 2010
CLIMATE RECORD PERIOD 1895 TO 2016


WEATHER ITEM   OBSERVED TIME   RECORD YEAR NORMAL DEPARTURE LAST
                VALUE   (LST)  VALUE       VALUE  FROM      YEAR
                                                  NORMAL
..................................................................
TEMPERATURE (F)
 YESTERDAY
  MAXIMUM         68    538 PM  96    1983  78    -10       76
  MINIMUM         54   1159 PM  38    1960  53      1       61
  AVERAGE         61                        65     -4       69

PRECIPITATION (IN)
  YESTERDAY        0.02          1.55 2003   0.12  -0.10     0.00
  MONTH TO DATE    1.75                      1.91  -0.16     0.61
  SINCE JUN 1      8.67                      5.83   2.84     3.81
  SINCE JAN 1     16.47                     12.36   4.11    11.98

SNOWFALL (IN)
  YESTERDAY        0.0           0.0  2002   0.0    0.0      0.0
                                      2001
  MONTH TO DATE    0.0                       0.0    0.0      0.0
  SINCE JUN 1      0.0                       0.0    0.0      0.0
  SINCE JUL 1      0.0                       0.0    0.0      0.0
  SNOW DEPTH       0

DEGREE DAYS
 HEATING
  YESTERDAY        4                         2      2        0
  MONTH TO DATE   27                        35     -8       38
  SINCE JUN 1    194                       199     -5      187
  SINCE JUL 1     27                        35     -8       38

 COOLING
  YESTERDAY        0                         3     -3        4
  MONTH TO DATE   25                        33     -8       27
  SINCE JUN 1     44                        71    -27       31
  SINCE JAN 1     46                        80    -34       31
..................................................................


WIND (MPH)
  HIGHEST WIND SPEED    16   HIGHEST WIND DIRECTION     N (340)
  HIGHEST GUST SPEED    23   HIGHEST GUST DIRECTION     N (340)
  AVERAGE WIND SPEED     8.4


SKY COVER
  AVERAGE SKY COVER 0.8


WEATHER CONDITIONS
 THE FOLLOWING WEATHER WAS RECORDED YESTERDAY.
  LIGHT RAIN
  FOG


RELATIVE HUMIDITY (PERCENT)
 HIGHEST   100           200 AM
 LOWEST     67          1200 PM
 AVERAGE    84

..........................................................


THE INTERNATIONAL FALLS MN CLIMATE NORMALS FOR TODAY
                         NORMAL    RECORD    YEAR
 MAXIMUM TEMPERATURE (F)   78        95      1910
 MINIMUM TEMPERATURE (F)   53        37      1912


SUNRISE AND SUNSET
JULY 15 2016..........SUNRISE   528 AM CDT   SUNSET   911 PM CDT
JULY 16 2016..........SUNRISE   529 AM CDT   SUNSET   910 PM CDT


-  INDICATES NEGATIVE NUMBERS.
R  INDICATES RECORD WAS SET OR TIED.
MM INDICATES DATA IS MISSING.
T  INDICATES TRACE AMOUNT.




$$
