000
CDUS43 KDLH 052219
CLIINL


CLIMATE REPORT
NATIONAL WEATHER SERVICE DULUTH MN
519 PM CDT SAT APR 5 2014


...................................

...THE INTERNATIONAL FALLS MN CLIMATE SUMMARY FOR APRIL 5 2014...
VALID TODAY AS OF 0500 PM LOCAL TIME.

CLIMATE NORMAL PERIOD 1981 TO 2010
CLIMATE RECORD PERIOD 1895 TO 2014


WEATHER ITEM   OBSERVED TIME   RECORD YEAR NORMAL DEPARTURE LAST
                VALUE   (LST)  VALUE       VALUE  FROM      YEAR
                                                  NORMAL
..................................................................
TEMPERATURE (F)
 TODAY
  MAXIMUM         50    359 PM  75    1991  46      4       37
  MINIMUM         16    446 AM  -5    1982  22     -6        3
  AVERAGE         33                        34     -1       20

PRECIPITATION (IN)
  TODAY            0.00                      0.04  -0.04      T
  MONTH TO DATE    0.17                      0.20  -0.03      T
  SINCE MAR 1      1.63                      1.15   0.48     1.15
  SINCE JAN 1      3.38                      2.34   1.04     4.81

SNOWFALL (IN)
  TODAY            0.0                       0.3   -0.3       T
  MONTH TO DATE    2.6                       1.4    1.2       T
  SINCE JUL 1     96.6                      65.8   30.8     85.0
  SNOW DEPTH      26

DEGREE DAYS
 HEATING
  TODAY           32                        31      1       45
  MONTH TO DATE  194                       161     33      222
  SINCE MAR 1   1800                      1444    356     1734
  SINCE JUL 1  10231                      9027   1204     9291

 COOLING
  TODAY            0                         0      0        0
  MONTH TO DATE    0                         0      0        0
  SINCE MAR 1      0                         0      0        0
  SINCE JAN 1      0                         0      0        0
..................................................................


WIND (MPH)
  HIGHEST WIND SPEED    18   HIGHEST WIND DIRECTION    SW (210)
  HIGHEST GUST SPEED    26   HIGHEST GUST DIRECTION    SW (220)


SKY COVER
  AVERAGE SKY COVER 0.4


WEATHER CONDITIONS
 THE FOLLOWING WEATHER WAS RECORDED TODAY.
  FOG


RELATIVE HUMIDITY (PERCENT)
 HIGHEST    92           500 AM
 LOWEST     34           200 PM
 AVERAGE    63

..........................................................


THE INTERNATIONAL FALLS MN CLIMATE NORMALS FOR TOMORROW
                         NORMAL    RECORD    YEAR
 MAXIMUM TEMPERATURE (F)   46        81      1991
 MINIMUM TEMPERATURE (F)   23       -11      1982


SUNRISE AND SUNSET
APRIL  5 2014.........SUNRISE   643 AM CDT   SUNSET   750 PM CDT
APRIL  6 2014.........SUNRISE   641 AM CDT   SUNSET   752 PM CDT


-  INDICATES NEGATIVE NUMBERS.
R  INDICATES RECORD WAS SET OR TIED.
MM INDICATES DATA IS MISSING.
T  INDICATES TRACE AMOUNT.




$$
