000
CDUS43 KDLH 130642
CLIINL


CLIMATE REPORT
NATIONAL WEATHER SERVICE DULUTH MN
1241 AM CST MON FEB 13 2017


...................................

...THE INTERNATIONAL FALLS MN CLIMATE SUMMARY FOR FEBRUARY 12 2017...

CLIMATE NORMAL PERIOD 1981 TO 2010
CLIMATE RECORD PERIOD 1895 TO 2017


WEATHER ITEM   OBSERVED TIME   RECORD YEAR NORMAL DEPARTURE LAST
                VALUE   (LST)  VALUE       VALUE  FROM      YEAR
                                                  NORMAL
..................................................................
TEMPERATURE (F)
 YESTERDAY
  MAXIMUM         35    326 PM  43    1976  21     14        1
  MINIMUM         16   1159 PM -40    1914  -3     19      -16
  AVERAGE         26                         9     17       -7

PRECIPITATION (IN)
  YESTERDAY        T             0.30 1984   0.02  -0.02     0.00
  MONTH TO DATE    0.77                      0.21   0.56     0.18
  SINCE DEC 1      4.23                      1.64   2.59     1.84
  SINCE JAN 1      2.04                      0.83   1.21     0.77

SNOWFALL (IN)
  YESTERDAY        T             3.2  1994   0.4   -0.4      0.0
  MONTH TO DATE   11.4                       4.6    6.8      1.7
  SINCE DEC 1     53.8                      34.6   19.2     20.0
  SINCE JUL 1     62.2                      50.6   11.6     23.8
  SNOW DEPTH      18

DEGREE DAYS
 HEATING
  YESTERDAY       39                        56    -17       72
  MONTH TO DATE  698                       691      7      690
  SINCE DEC 1   4036                      4283   -247     3699
  SINCE JUL 1   5842                      6744   -902     5705

 COOLING
  YESTERDAY        0                         0      0        0
  MONTH TO DATE    0                         0      0        0
  SINCE DEC 1      0                         0      0        0
  SINCE JAN 1      0                         0      0        0
..................................................................


WIND (MPH)
  HIGHEST WIND SPEED    28   HIGHEST WIND DIRECTION     W (290)
  HIGHEST GUST SPEED    37   HIGHEST GUST DIRECTION     W (290)
  AVERAGE WIND SPEED    12.7


SKY COVER
  AVERAGE SKY COVER 0.4


WEATHER CONDITIONS
 THE FOLLOWING WEATHER WAS RECORDED YESTERDAY.
  NO SIGNIFICANT WEATHER WAS OBSERVED.


RELATIVE HUMIDITY (PERCENT)
 HIGHEST    78          1200 AM
 LOWEST     41           400 PM
 AVERAGE    60

..........................................................


THE INTERNATIONAL FALLS MN CLIMATE NORMALS FOR TODAY
                         NORMAL    RECORD    YEAR
 MAXIMUM TEMPERATURE (F)   21        46      2011
 MINIMUM TEMPERATURE (F)   -2       -39      1909


SUNRISE AND SUNSET
FEBRUARY 13 2017......SUNRISE   724 AM CST   SUNSET   532 PM CST
FEBRUARY 14 2017......SUNRISE   722 AM CST   SUNSET   534 PM CST


-  INDICATES NEGATIVE NUMBERS.
R  INDICATES RECORD WAS SET OR TIED.
MM INDICATES DATA IS MISSING.
T  INDICATES TRACE AMOUNT.




$$
