000
CDUS43 KDLH 051334
CLIINL


CLIMATE REPORT
NATIONAL WEATHER SERVICE DULUTH MN
731 AM CST FRI JAN 5 2018


...................................

...THE INTERNATIONAL FALLS MN CLIMATE SUMMARY FOR JANUARY 4 2018...

CLIMATE NORMAL PERIOD 1981 TO 2010
CLIMATE RECORD PERIOD 1895 TO 2018


WEATHER ITEM   OBSERVED TIME   RECORD YEAR NORMAL DEPARTURE LAST
                VALUE   (LST)  VALUE       VALUE  FROM      YEAR
                                                  NORMAL
..................................................................
TEMPERATURE (F)
 YESTERDAY
  MAXIMUM         -4    318 PM  37    2007  15    -19       -7
  MINIMUM        -34    809 AM -39    1981  -6    -28      -18
  AVERAGE        -19                         4    -23      -12

PRECIPITATION (IN)
  YESTERDAY        0.00          1.01 1907   0.03  -0.03      T
  MONTH TO DATE    0.02                      0.10  -0.08     0.57
  SINCE DEC 1      1.18                      0.91   0.27     2.76
  SINCE JAN 1      0.02                      0.10  -0.08     0.57

SNOWFALL (IN)
  YESTERDAY        0.0           2.8  1949   0.5   -0.5       T
  MONTH TO DATE    0.3                       2.1   -1.8     10.1
  SINCE DEC 1     16.7                      17.1   -0.4     35.6
  SINCE JUL 1     30.7                      33.1   -2.4     44.0
  SNOW DEPTH       7

DEGREE DAYS
 HEATING
  YESTERDAY       84                        60     24       77
  MONTH TO DATE  303                       240     63      247
  SINCE DEC 1   2130                      1954    176     1913
  SINCE JUL 1   4524                      4415    109     3719

 COOLING
  YESTERDAY        0                         0      0        0
  MONTH TO DATE    0                         0      0        0
  SINCE DEC 1      0                         0      0        0
  SINCE JAN 1      0                         0      0        0
..................................................................


WIND (MPH)
  HIGHEST WIND SPEED     6   HIGHEST WIND DIRECTION     N (20)
  HIGHEST GUST SPEED     7   HIGHEST GUST DIRECTION     N (20)
  AVERAGE WIND SPEED     1.1


SKY COVER
  AVERAGE SKY COVER 0.0


WEATHER CONDITIONS
 THE FOLLOWING WEATHER WAS RECORDED YESTERDAY.
  FOG
  HAZE


RELATIVE HUMIDITY (PERCENT)
 HIGHEST    81          1000 PM
 LOWEST     59           200 PM
 AVERAGE    70

..........................................................


THE INTERNATIONAL FALLS MN CLIMATE NORMALS FOR TODAY
                         NORMAL    RECORD    YEAR
 MAXIMUM TEMPERATURE (F)   15        46      2012
 MINIMUM TEMPERATURE (F)   -6       -40      1909


SUNRISE AND SUNSET
JANUARY  5 2018.......SUNRISE   805 AM CST   SUNSET   433 PM CST
JANUARY  6 2018.......SUNRISE   805 AM CST   SUNSET   434 PM CST


-  INDICATES NEGATIVE NUMBERS.
R  INDICATES RECORD WAS SET OR TIED.
MM INDICATES DATA IS MISSING.
T  INDICATES TRACE AMOUNT.




$$
