000
CDUS43 KDLH 110734
CLIINL


CLIMATE REPORT
NATIONAL WEATHER SERVICE DULUTH MN
230 AM CDT SUN JUN 11 2017


...................................

...THE INTERNATIONAL FALLS MN CLIMATE SUMMARY FOR JUNE 10 2017...

CLIMATE NORMAL PERIOD 1981 TO 2010
CLIMATE RECORD PERIOD 1895 TO 2017


WEATHER ITEM   OBSERVED TIME   RECORD YEAR NORMAL DEPARTURE LAST
                VALUE   (LST)  VALUE       VALUE  FROM      YEAR
                                                  NORMAL
..................................................................
TEMPERATURE (F)
 YESTERDAY
  MAXIMUM         81   1224 PM  95    1956  72      9       84
  MINIMUM         54   1159 PM  32    1958  47      7       54
                                      1908
  AVERAGE         68                        60      8       69

PRECIPITATION (IN)
  YESTERDAY        0.27          3.04 2002   0.11   0.16     0.00
  MONTH TO DATE    1.09                      1.15  -0.06     1.08
  SINCE JUN 1      1.09                      1.15  -0.06     1.08
  SINCE JAN 1      7.71                      7.68   0.03     8.88

SNOWFALL (IN)
  YESTERDAY        0.0           0.0  2002   0.0    0.0      0.0
                                      2001
  MONTH TO DATE    0.0                       0.0    0.0      0.0
  SINCE JUN 1      0.0                       0.0    0.0      0.0
  SINCE JUL 1     70.4                      71.0   -0.6     47.7
  SNOW DEPTH       0

DEGREE DAYS
 HEATING
  YESTERDAY        0                         6     -6        0
  MONTH TO DATE   17                        75    -58       81
  SINCE JUN 1     17                        75    -58       81
  SINCE JUL 1   8981                     10132  -1151     8909

 COOLING
  YESTERDAY        3                         1      2        4
  MONTH TO DATE    9                        10     -1        4
  SINCE JUN 1      9                        10     -1        4
  SINCE JAN 1      9                        19    -10        6
..................................................................


WIND (MPH)
  HIGHEST WIND SPEED    25   HIGHEST WIND DIRECTION     W (280)
  HIGHEST GUST SPEED    36   HIGHEST GUST DIRECTION     W (280)
  AVERAGE WIND SPEED    11.5


SKY COVER
  AVERAGE SKY COVER 0.4


WEATHER CONDITIONS
 THE FOLLOWING WEATHER WAS RECORDED YESTERDAY.
  THUNDERSTORM
  HEAVY RAIN
  RAIN
  LIGHT RAIN
  FOG


RELATIVE HUMIDITY (PERCENT)
 HIGHEST    87           600 AM
 LOWEST     37           800 PM
 AVERAGE    62

..........................................................


THE INTERNATIONAL FALLS MN CLIMATE NORMALS FOR TODAY
                         NORMAL    RECORD    YEAR
 MAXIMUM TEMPERATURE (F)   72        98      1956
 MINIMUM TEMPERATURE (F)   47        30      1958


SUNRISE AND SUNSET
JUNE 11 2017..........SUNRISE   511 AM CDT   SUNSET   916 PM CDT
JUNE 12 2017..........SUNRISE   511 AM CDT   SUNSET   916 PM CDT


-  INDICATES NEGATIVE NUMBERS.
R  INDICATES RECORD WAS SET OR TIED.
MM INDICATES DATA IS MISSING.
T  INDICATES TRACE AMOUNT.




$$
