000
CDUS43 KDLH 240635
CLIINL


CLIMATE REPORT
NATIONAL WEATHER SERVICE DULUTH MN
1235 AM CST SAT JAN 24 2015


...................................

...THE INTERNATIONAL FALLS MN CLIMATE SUMMARY FOR JANUARY 23 2015...

CLIMATE NORMAL PERIOD 1981 TO 2010
CLIMATE RECORD PERIOD 1895 TO 2015


WEATHER ITEM   OBSERVED TIME   RECORD YEAR NORMAL DEPARTURE LAST
                VALUE   (LST)  VALUE       VALUE  FROM      YEAR
                                                  NORMAL
..................................................................
TEMPERATURE (F)
 YESTERDAY
  MAXIMUM         38    506 PM  41    1981  16     22        3
  MINIMUM         33    538 AM -43    1907  -7     40      -36
  AVERAGE         36                         4     32      -16

PRECIPITATION (IN)
  YESTERDAY        0.00          0.46 1969   0.01  -0.01     0.03
  MONTH TO DATE    1.06                      0.49   0.57     0.65
  SINCE DEC 1      1.91                      1.30   0.61     2.09
  SINCE JAN 1      1.06                      0.49   0.57     0.65

SNOWFALL (IN)
  YESTERDAY        0.0           6.6  1982   0.4   -0.4      0.5
  MONTH TO DATE   16.7                      11.7    5.0     13.1
  SINCE DEC 1     27.4                      26.7    0.7     39.5
  SINCE JUL 1     36.7                      42.7   -6.0     50.4
  SNOW DEPTH      14

DEGREE DAYS
 HEATING
  YESTERDAY       29                        61    -32       81
  MONTH TO DATE 1411                      1399     12     1559
  SINCE DEC 1   2874                      3113   -239     3696
  SINCE JUL 1   5485                      5574    -89     6054

 COOLING
  YESTERDAY        0                         0      0        0
  MONTH TO DATE    0                         0      0        0
  SINCE DEC 1      0                         0      0        0
  SINCE JAN 1      0                         0      0        0
..................................................................


WIND (MPH)
  HIGHEST WIND SPEED    17   HIGHEST WIND DIRECTION    NW (300)
  HIGHEST GUST SPEED    25   HIGHEST GUST DIRECTION    SW (220)
  AVERAGE WIND SPEED     9.5


SKY COVER
  AVERAGE SKY COVER 0.8


WEATHER CONDITIONS
 THE FOLLOWING WEATHER WAS RECORDED YESTERDAY.
  NO SIGNIFICANT WEATHER WAS OBSERVED.


RELATIVE HUMIDITY (PERCENT)
 HIGHEST    82           800 AM
 LOWEST     64          1200 AM
 AVERAGE    73

..........................................................


THE INTERNATIONAL FALLS MN CLIMATE NORMALS FOR TODAY
                         NORMAL    RECORD    YEAR
 MAXIMUM TEMPERATURE (F)   16        48      1973
 MINIMUM TEMPERATURE (F)   -7       -40      1966


SUNRISE AND SUNSET
JANUARY 24 2015.......SUNRISE   753 AM CST   SUNSET   459 PM CST
JANUARY 25 2015.......SUNRISE   752 AM CST   SUNSET   501 PM CST


-  INDICATES NEGATIVE NUMBERS.
R  INDICATES RECORD WAS SET OR TIED.
MM INDICATES DATA IS MISSING.
T  INDICATES TRACE AMOUNT.




$$
