000
CDUS43 KDLH 050628
CLIINL


CLIMATE REPORT
NATIONAL WEATHER SERVICE DULUTH MN
126 AM CDT SAT AUG 5 2017


...................................

...THE INTERNATIONAL FALLS MN CLIMATE SUMMARY FOR AUGUST 4 2017...

CLIMATE NORMAL PERIOD 1981 TO 2010
CLIMATE RECORD PERIOD 1895 TO 2017


WEATHER ITEM   OBSERVED TIME   RECORD YEAR NORMAL DEPARTURE LAST
                VALUE   (LST)  VALUE       VALUE  FROM      YEAR
                                                  NORMAL
..................................................................
TEMPERATURE (F)
 YESTERDAY
  MAXIMUM         75   1256 PM  93    1914  78     -3       77
  MINIMUM         44   1129 PM  38    2013  52     -8       63
                                      1907
  AVERAGE         60                        65     -5       70

PRECIPITATION (IN)
  YESTERDAY        0.58          1.00 1907   0.09   0.49     0.79
  MONTH TO DATE    0.74                      0.35   0.39     1.82
  SINCE JUN 1      6.78                      7.97  -1.19    11.17
  SINCE JAN 1     13.40                     14.50  -1.10    18.97

SNOWFALL (IN)
  YESTERDAY        0.0           0.0  2002   0.0    0.0      0.0
                                      2001
  MONTH TO DATE    0.0                       0.0    0.0      0.0
  SINCE JUN 1      0.0                       0.0    0.0      0.0
  SINCE JUL 1      0.0                       0.0    0.0      0.0
  SNOW DEPTH       0

DEGREE DAYS
 HEATING
  YESTERDAY        5                         2      3        0
  MONTH TO DATE   16                         8      8        0
  SINCE JUN 1    207                       242    -35      210
  SINCE JUL 1     83                        78      5       43

 COOLING
  YESTERDAY        0                         2     -2        5
  MONTH TO DATE    7                         8     -1       19
  SINCE JUN 1     73                       122    -49      119
  SINCE JAN 1     73                       131    -58      121
..................................................................


WIND (MPH)
  HIGHEST WIND SPEED    17   HIGHEST WIND DIRECTION    NW (320)
  HIGHEST GUST SPEED    22   HIGHEST GUST DIRECTION    NW (320)
  AVERAGE WIND SPEED     4.0


SKY COVER
  AVERAGE SKY COVER 0.1


WEATHER CONDITIONS
 THE FOLLOWING WEATHER WAS RECORDED YESTERDAY.
  THUNDERSTORM
  HEAVY RAIN
  RAIN
  LIGHT RAIN
  FOG
  FOG W/VISIBILITY <= 1/4 MILE
  HAZE


RELATIVE HUMIDITY (PERCENT)
 HIGHEST   100           500 AM
 LOWEST     66          1000 AM
 AVERAGE    83

..........................................................


THE INTERNATIONAL FALLS MN CLIMATE NORMALS FOR TODAY
                         NORMAL    RECORD    YEAR
 MAXIMUM TEMPERATURE (F)   78        92      2001
                                             1964
                                             1959
 MINIMUM TEMPERATURE (F)   52        33      1910


SUNRISE AND SUNSET
AUGUST  5 2017........SUNRISE   554 AM CDT   SUNSET   845 PM CDT
AUGUST  6 2017........SUNRISE   555 AM CDT   SUNSET   843 PM CDT


-  INDICATES NEGATIVE NUMBERS.
R  INDICATES RECORD WAS SET OR TIED.
MM INDICATES DATA IS MISSING.
T  INDICATES TRACE AMOUNT.




$$
