000
CDUS43 KDLH 210621
CLIINL


CLIMATE REPORT
NATIONAL WEATHER SERVICE DULUTH MN
120 AM CDT FRI APR 21 2017


...................................

...THE INTERNATIONAL FALLS MN CLIMATE SUMMARY FOR APRIL 20 2017...

CLIMATE NORMAL PERIOD 1981 TO 2010
CLIMATE RECORD PERIOD 1895 TO 2017


WEATHER ITEM   OBSERVED TIME   RECORD YEAR NORMAL DEPARTURE LAST
                VALUE   (LST)  VALUE       VALUE  FROM      YEAR
                                                  NORMAL
..................................................................
TEMPERATURE (F)
 YESTERDAY
  MAXIMUM         56    422 PM  85    1923  54      2       65
  MINIMUM         37   1159 PM   4    2013  29      8       33
  AVERAGE         47                        42      5       49

PRECIPITATION (IN)
  YESTERDAY        0.00          0.85 1895   0.05  -0.05     0.00
  MONTH TO DATE    0.51                      0.92  -0.41     1.04
  SINCE MAR 1      1.19                      1.87  -0.68     3.75
  SINCE JAN 1      3.94                      3.06   0.88     5.12

SNOWFALL (IN)
  YESTERDAY        0.0           5.0  1970   0.2   -0.2      0.0
  MONTH TO DATE    0.0                       5.1   -5.1      4.9
  SINCE MAR 1      4.5                      12.7   -8.2     14.2
  SINCE JUL 1     67.8                      69.5   -1.7     47.7
  SNOW DEPTH       0

DEGREE DAYS
 HEATING
  YESTERDAY       18                        23     -5       16
  MONTH TO DATE  456                       562   -106      593
  SINCE MAR 1   1713                      1845   -132     1696
  SINCE JUL 1   8187                      9428  -1241     8228

 COOLING
  YESTERDAY        0                         0      0        0
  MONTH TO DATE    0                         0      0        0
  SINCE MAR 1      0                         0      0        0
  SINCE JAN 1      0                         0      0        0
..................................................................


WIND (MPH)
  HIGHEST WIND SPEED    16   HIGHEST WIND DIRECTION     N (350)
  HIGHEST GUST SPEED    21   HIGHEST GUST DIRECTION     N (360)
  AVERAGE WIND SPEED     6.6


SKY COVER
  AVERAGE SKY COVER 0.5


WEATHER CONDITIONS
 THE FOLLOWING WEATHER WAS RECORDED YESTERDAY.
  NO SIGNIFICANT WEATHER WAS OBSERVED.


RELATIVE HUMIDITY (PERCENT)
 HIGHEST    85           900 PM
 LOWEST     43           400 PM
 AVERAGE    64

..........................................................


THE INTERNATIONAL FALLS MN CLIMATE NORMALS FOR TODAY
                         NORMAL    RECORD    YEAR
 MAXIMUM TEMPERATURE (F)   55        90      1980
 MINIMUM TEMPERATURE (F)   30        11      1966


SUNRISE AND SUNSET
APRIL 21 2017.........SUNRISE   611 AM CDT   SUNSET   814 PM CDT
APRIL 22 2017.........SUNRISE   609 AM CDT   SUNSET   816 PM CDT


-  INDICATES NEGATIVE NUMBERS.
R  INDICATES RECORD WAS SET OR TIED.
MM INDICATES DATA IS MISSING.
T  INDICATES TRACE AMOUNT.




$$
