000
CDUS43 KDLH 242219
CLIINL


CLIMATE REPORT
NATIONAL WEATHER SERVICE DULUTH MN
519 PM CDT WED MAY 24 2017


...................................

...THE INTERNATIONAL FALLS MN CLIMATE SUMMARY FOR MAY 24 2017...
VALID TODAY AS OF 0500 PM LOCAL TIME.

CLIMATE NORMAL PERIOD 1981 TO 2010
CLIMATE RECORD PERIOD 1895 TO 2017


WEATHER ITEM   OBSERVED TIME   RECORD YEAR NORMAL DEPARTURE LAST
                VALUE   (LST)  VALUE       VALUE  FROM      YEAR
                                                  NORMAL
..................................................................
TEMPERATURE (F)
 TODAY
  MAXIMUM         68    359 PM  89    1980  67      1       82
  MINIMUM         30    408 AM  25    1992  41    -11       49
                                      1924
  AVERAGE         49                        54     -5       66

PRECIPITATION (IN)
  TODAY            0.00                      0.10  -0.10     0.00
  MONTH TO DATE    0.78                      2.12  -1.34     0.46
  SINCE MAR 1      3.04                      4.60  -1.56     5.28
  SINCE JAN 1      5.79                      5.79   0.00     6.65

SNOWFALL (IN)
  TODAY            0.0                       0.0    0.0      0.0
  MONTH TO DATE    0.0                       0.2   -0.2       T
  SINCE JUL 1     70.4                      71.0   -0.6     47.7
  SNOW DEPTH       0

DEGREE DAYS
 HEATING
  TODAY           16                        11      5        0
  MONTH TO DATE  414                       350     64      320
  SINCE MAR 1   2420                      2405     15     2249
  SINCE JUL 1   8894                      9988  -1094     8781

 COOLING
  TODAY            0                         0      0        1
  MONTH TO DATE    0                         0      0        2
  SINCE MAR 1      0                         1     -1        2
  SINCE JAN 1      0                         1     -1        2
..................................................................


WIND (MPH)
  HIGHEST WIND SPEED    18   HIGHEST WIND DIRECTION     E (110)
  HIGHEST GUST SPEED    23   HIGHEST GUST DIRECTION    SE (120)


SKY COVER
  AVERAGE SKY COVER 0.0


WEATHER CONDITIONS
 THE FOLLOWING WEATHER WAS RECORDED TODAY.
  FOG
  FOG W/VISIBILITY <= 1/4 MILE


RELATIVE HUMIDITY (PERCENT)
 HIGHEST    92          1200 AM
 LOWEST     26           400 PM
 AVERAGE    59

..........................................................


THE INTERNATIONAL FALLS MN CLIMATE NORMALS FOR TOMORROW
                         NORMAL    RECORD    YEAR
 MAXIMUM TEMPERATURE (F)   68        88      1919
 MINIMUM TEMPERATURE (F)   42        27      1983
                                             1969


SUNRISE AND SUNSET
MAY 24 2017...........SUNRISE   522 AM CDT   SUNSET   859 PM CDT
MAY 25 2017...........SUNRISE   521 AM CDT   SUNSET   900 PM CDT


-  INDICATES NEGATIVE NUMBERS.
R  INDICATES RECORD WAS SET OR TIED.
MM INDICATES DATA IS MISSING.
T  INDICATES TRACE AMOUNT.




$$
