684
CDUS43 KDLH 270636
CLIINL


CLIMATE REPORT
NATIONAL WEATHER SERVICE DULUTH MN
136 AM CDT MON MAR 27 2017


...................................

...THE INTERNATIONAL FALLS MN CLIMATE SUMMARY FOR MARCH 26 2017...

CLIMATE NORMAL PERIOD 1981 TO 2010
CLIMATE RECORD PERIOD 1895 TO 2017


WEATHER ITEM   OBSERVED TIME   RECORD YEAR NORMAL DEPARTURE LAST
                VALUE   (LST)  VALUE       VALUE  FROM      YEAR
                                                  NORMAL
..................................................................
TEMPERATURE (F)
 YESTERDAY
  MAXIMUM         48    347 PM  57    1989  40      8       37
                                      1973
                                      1968
  MINIMUM         29   1159 PM -22    1996  18     11       17
  AVERAGE         39                        29     10       27

PRECIPITATION (IN)
  YESTERDAY        0.00          0.43 1961   0.04  -0.04     0.00
  MONTH TO DATE    0.68                      0.76  -0.08     2.57
  SINCE MAR 1      0.68                      0.76  -0.08     2.57
  SINCE JAN 1      3.43                      1.95   1.48     3.94

SNOWFALL (IN)
  YESTERDAY        0.0           2.8  2009   0.2   -0.2      0.0
  MONTH TO DATE    4.5                       6.5   -2.0      9.3
  SINCE MAR 1      4.5                       6.5   -2.0      9.3
  SINCE JUL 1     67.8                      63.3    4.5     42.8
  SNOW DEPTH       4

DEGREE DAYS
 HEATING
  YESTERDAY       26                        36    -10       38
  MONTH TO DATE 1141                      1106     35      969
  SINCE MAR 1   1141                      1106     35      969
  SINCE JUL 1   7615                      8689  -1074     7501

 COOLING
  YESTERDAY        0                         0      0        0
  MONTH TO DATE    0                         0      0        0
  SINCE MAR 1      0                         0      0        0
  SINCE JAN 1      0                         0      0        0
..................................................................


WIND (MPH)
  HIGHEST WIND SPEED     9   HIGHEST WIND DIRECTION     S (170)
  HIGHEST GUST SPEED    12   HIGHEST GUST DIRECTION     S (170)
  AVERAGE WIND SPEED     3.0


SKY COVER
  AVERAGE SKY COVER 0.8


WEATHER CONDITIONS
 THE FOLLOWING WEATHER WAS RECORDED YESTERDAY.
  NO SIGNIFICANT WEATHER WAS OBSERVED.


RELATIVE HUMIDITY (PERCENT)
 HIGHEST    92           400 AM
 LOWEST     58           300 PM
 AVERAGE    75

..........................................................


THE INTERNATIONAL FALLS MN CLIMATE NORMALS FOR TODAY
                         NORMAL    RECORD    YEAR
 MAXIMUM TEMPERATURE (F)   40        60      1993
 MINIMUM TEMPERATURE (F)   18       -15      1955


SUNRISE AND SUNSET
MARCH 27 2017.........SUNRISE   701 AM CDT   SUNSET   737 PM CDT
MARCH 28 2017.........SUNRISE   659 AM CDT   SUNSET   739 PM CDT


-  INDICATES NEGATIVE NUMBERS.
R  INDICATES RECORD WAS SET OR TIED.
MM INDICATES DATA IS MISSING.
T  INDICATES TRACE AMOUNT.




$$
