000
CDUS43 KDLH 182231
CLIINL


CLIMATE REPORT
NATIONAL WEATHER SERVICE DULUTH MN
430 PM CST SAT NOV 18 2017


...................................

...THE INTERNATIONAL FALLS MN CLIMATE SUMMARY FOR NOVEMBER 18 2017...
VALID TODAY AS OF 0400 PM LOCAL TIME.

CLIMATE NORMAL PERIOD 1981 TO 2010
CLIMATE RECORD PERIOD 1895 TO 2017


WEATHER ITEM   OBSERVED TIME   RECORD YEAR NORMAL DEPARTURE LAST
                VALUE   (LST)  VALUE       VALUE  FROM      YEAR
                                                  NORMAL
..................................................................
TEMPERATURE (F)
 TODAY
  MAXIMUM         22    110 PM  54    2015  32    -10       35
                                      2012
                                      2001
  MINIMUM         13    508 AM -10    1911  16     -3       26
  AVERAGE         18                        24     -6       31

PRECIPITATION (IN)
  TODAY            0.01                      0.05  -0.04     0.68
  MONTH TO DATE    1.04                      0.92   0.12     0.89
  SINCE SEP 1      5.62                      5.99  -0.37     5.70
  SINCE JAN 1     22.36                     22.95  -0.59    26.26

SNOWFALL (IN)
  TODAY           MM                         0.5   MM        3.4
  MONTH TO DATE   11.8                       7.2    4.6      3.4
  SINCE JUL 1     13.9                       9.5    4.4      3.4
  SNOW DEPTH       3

DEGREE DAYS
 HEATING
  TODAY           47                        41      6       34
  MONTH TO DATE  772                       644    128      398
  SINCE SEP 1   1690                      1740    -50     1262
  SINCE JUL 1   1901                      1921    -20     1379

 COOLING
  TODAY            0                         0      0        0
  MONTH TO DATE    0                         0      0        0
  SINCE SEP 1      7                        11     -4        7
  SINCE JAN 1     86                       192   -106      155
..................................................................


WIND (MPH)
  HIGHEST WIND SPEED    20   HIGHEST WIND DIRECTION    NW (300)
  HIGHEST GUST SPEED    25   HIGHEST GUST DIRECTION    NW (310)


SKY COVER
  AVERAGE SKY COVER 0.6


WEATHER CONDITIONS
 THE FOLLOWING WEATHER WAS RECORDED TODAY.
  SNOW
  LIGHT SNOW
  FOG
  HAZE


RELATIVE HUMIDITY (PERCENT)
 HIGHEST    92           500 AM
 LOWEST     68          1200 PM
 AVERAGE    80

..........................................................


THE INTERNATIONAL FALLS MN CLIMATE NORMALS FOR TOMORROW
                         NORMAL    RECORD    YEAR
 MAXIMUM TEMPERATURE (F)   31        54      2012
 MINIMUM TEMPERATURE (F)   16       -11      1996


SUNRISE AND SUNSET
NOVEMBER 18 2017......SUNRISE   727 AM CST   SUNSET   430 PM CST
NOVEMBER 19 2017......SUNRISE   728 AM CST   SUNSET   429 PM CST


-  INDICATES NEGATIVE NUMBERS.
R  INDICATES RECORD WAS SET OR TIED.
MM INDICATES DATA IS MISSING.
T  INDICATES TRACE AMOUNT.




$$
