000
CDUS43 KDLH 070636
CLIINL


CLIMATE REPORT
NATIONAL WEATHER SERVICE DULUTH MN
133 AM CDT SUN SEP 7 2014


...................................

...THE INTERNATIONAL FALLS MN CLIMATE SUMMARY FOR SEPTEMBER 6 2014...

CLIMATE NORMAL PERIOD 1981 TO 2010
CLIMATE RECORD PERIOD 1895 TO 2014


WEATHER ITEM   OBSERVED TIME   RECORD YEAR NORMAL DEPARTURE LAST
                VALUE   (LST)  VALUE       VALUE  FROM      YEAR
                                                  NORMAL
..................................................................
TEMPERATURE (F)
 YESTERDAY
  MAXIMUM         70    331 PM  93    1976  70      0       84
                                      1913
  MINIMUM         45    317 AM  33    1956  46     -1       59
                                      1917
  AVERAGE         58                        58      0       72

PRECIPITATION (IN)
  YESTERDAY        0.00          1.69 1940   0.10  -0.10      T
  MONTH TO DATE    0.73                      0.61   0.12     0.04
  SINCE SEP 1      0.73                      0.61   0.12     0.04
  SINCE JAN 1     25.27                     17.57   7.70    25.15

SNOWFALL (IN)
  YESTERDAY        0.0           0.0  2002   0.0    0.0      0.0
                                      2001
  MONTH TO DATE    0.0                       0.0    0.0      0.0
  SINCE SEP 1      0.0                       0.0    0.0      0.0
  SINCE JUL 1      0.0                       0.0    0.0      0.0
  SNOW DEPTH       0

DEGREE DAYS
 HEATING
  YESTERDAY        7                         8     -1        0
  MONTH TO DATE   32                        44    -12       42
  SINCE SEP 1     32                        44    -12       42
  SINCE JUL 1    246                       225     21      262

 COOLING
  YESTERDAY        0                         1     -1        7
  MONTH TO DATE    1                         6     -5        7
  SINCE SEP 1      1                         6     -5        7
  SINCE JAN 1    112                       187    -75      220
..................................................................


WIND (MPH)
  HIGHEST WIND SPEED    17   HIGHEST WIND DIRECTION     W (290)
  HIGHEST GUST SPEED    25   HIGHEST GUST DIRECTION     W (280)
  AVERAGE WIND SPEED     6.5


SKY COVER
  AVERAGE SKY COVER 0.4


WEATHER CONDITIONS
 THE FOLLOWING WEATHER WAS RECORDED YESTERDAY.
  FOG
  FOG W/VISIBILITY <= 1/4 MILE


RELATIVE HUMIDITY (PERCENT)
 HIGHEST   100           300 AM
 LOWEST     47           400 PM
 AVERAGE    74

..........................................................


THE INTERNATIONAL FALLS MN CLIMATE NORMALS FOR TODAY
                         NORMAL    RECORD    YEAR
 MAXIMUM TEMPERATURE (F)   69        96      1906
 MINIMUM TEMPERATURE (F)   45        30      1956


SUNRISE AND SUNSET
SEPTEMBER  7 2014.....SUNRISE   639 AM CDT   SUNSET   743 PM CDT
SEPTEMBER  8 2014.....SUNRISE   641 AM CDT   SUNSET   741 PM CDT


-  INDICATES NEGATIVE NUMBERS.
R  INDICATES RECORD WAS SET OR TIED.
MM INDICATES DATA IS MISSING.
T  INDICATES TRACE AMOUNT.




$$
