000
CDUS43 KDLH 132223
CLIINL


CLIMATE REPORT
NATIONAL WEATHER SERVICE DULUTH MN
522 PM CDT WED AUG 13 2014


...................................

...THE INTERNATIONAL FALLS MN CLIMATE SUMMARY FOR AUGUST 13 2014...
VALID TODAY AS OF 0500 PM LOCAL TIME.

CLIMATE NORMAL PERIOD 1981 TO 2010
CLIMATE RECORD PERIOD 1895 TO 2014


WEATHER ITEM   OBSERVED TIME   RECORD YEAR NORMAL DEPARTURE LAST
                VALUE   (LST)  VALUE       VALUE  FROM      YEAR
                                                  NORMAL
..................................................................
TEMPERATURE (F)
 TODAY
  MAXIMUM         72    335 PM  94    1970  77     -5       68
  MINIMUM         44    530 AM  33    1997  52     -8       41
  AVERAGE         58                        64     -6       55

PRECIPITATION (IN)
  TODAY            0.00                      0.09  -0.09     0.00
  MONTH TO DATE    0.27                      1.20  -0.93     1.04
  SINCE JUN 1     15.09                      8.82   6.27    10.04
  SINCE JAN 1     23.91                     15.35   8.56    22.42

SNOWFALL (IN)
  TODAY            0.0                       0.0    0.0      0.0
  MONTH TO DATE    0.0                       0.0    0.0      0.0
  SINCE JUL 1      0.0                       0.0    0.0      0.0
  SNOW DEPTH       0

DEGREE DAYS
 HEATING
  TODAY            7                         3      4       10
  MONTH TO DATE   38                        33      5      102
  SINCE JUN 1    270                       267      3      356
  SINCE JUL 1    141                       103     38      187

 COOLING
  TODAY            0                         2     -2        0
  MONTH TO DATE    4                        26    -22        0
  SINCE JUN 1     76                       140    -64      124
  SINCE JAN 1     99                       149    -50      127
..................................................................


WIND (MPH)
  HIGHEST WIND SPEED    13   HIGHEST WIND DIRECTION    NE (40)
  HIGHEST GUST SPEED    16   HIGHEST GUST DIRECTION    NE (40)


SKY COVER
  AVERAGE SKY COVER 0.2


WEATHER CONDITIONS
 THE FOLLOWING WEATHER WAS RECORDED TODAY.
  FOG
  FOG W/VISIBILITY <= 1/4 MILE


RELATIVE HUMIDITY (PERCENT)
 HIGHEST   100           100 AM
 LOWEST     41           400 PM
 AVERAGE    71

..........................................................


THE INTERNATIONAL FALLS MN CLIMATE NORMALS FOR TOMORROW
                         NORMAL    RECORD    YEAR
 MAXIMUM TEMPERATURE (F)   77        92      1961
                                             1922
 MINIMUM TEMPERATURE (F)   51        35      2013
                                             1997
                                             1964


SUNRISE AND SUNSET
AUGUST 13 2014........SUNRISE   604 AM CDT   SUNSET   832 PM CDT
AUGUST 14 2014........SUNRISE   606 AM CDT   SUNSET   830 PM CDT


-  INDICATES NEGATIVE NUMBERS.
R  INDICATES RECORD WAS SET OR TIED.
MM INDICATES DATA IS MISSING.
T  INDICATES TRACE AMOUNT.




$$
