000
CDUS43 KDLH 060641
CLIINL


CLIMATE REPORT
NATIONAL WEATHER SERVICE DULUTH MN
138 AM CDT WED SEP 6 2017


...................................

...THE INTERNATIONAL FALLS MN CLIMATE SUMMARY FOR SEPTEMBER 5 2017...

CLIMATE NORMAL PERIOD 1981 TO 2010
CLIMATE RECORD PERIOD 1895 TO 2017


WEATHER ITEM   OBSERVED TIME   RECORD YEAR NORMAL DEPARTURE LAST
                VALUE   (LST)  VALUE       VALUE  FROM      YEAR
                                                  NORMAL
..................................................................
TEMPERATURE (F)
 YESTERDAY
  MAXIMUM         57    254 PM  92    1912  70    -13       73
  MINIMUM         48   1037 AM  29    1962  46      2       59
  AVERAGE         53                        58     -5       66

PRECIPITATION (IN)
  YESTERDAY        0.02          2.56 1948   0.10  -0.08     0.29
  MONTH TO DATE    0.51                      0.51   0.00     1.01
  SINCE SEP 1      0.51                      0.51   0.00     1.01
  SINCE JAN 1     17.25                     17.47  -0.22    21.57

SNOWFALL (IN)
  YESTERDAY        0.0           0.0  2002   0.0    0.0      0.0
                                      2001
  MONTH TO DATE    0.0                       0.0    0.0      0.0
  SINCE SEP 1      0.0                       0.0    0.0      0.0
  SINCE JUL 1      0.0                       0.0    0.0      0.0
  SNOW DEPTH       0

DEGREE DAYS
 HEATING
  YESTERDAY       12                         8      4        0
  MONTH TO DATE   34                        36     -2        9
  SINCE SEP 1     34                        36     -2        9
  SINCE JUL 1    245                       217     28      126

 COOLING
  YESTERDAY        0                         1     -1        1
  MONTH TO DATE    0                         5     -5        7
  SINCE SEP 1      0                         5     -5        7
  SINCE JAN 1     79                       186   -107      155
..................................................................


WIND (MPH)
  HIGHEST WIND SPEED    20   HIGHEST WIND DIRECTION     N (340)
  HIGHEST GUST SPEED    26   HIGHEST GUST DIRECTION     N (340)
  AVERAGE WIND SPEED     8.4


SKY COVER
  AVERAGE SKY COVER 1.0


WEATHER CONDITIONS
 THE FOLLOWING WEATHER WAS RECORDED YESTERDAY.
  LIGHT RAIN
  FOG


RELATIVE HUMIDITY (PERCENT)
 HIGHEST    86           100 AM
 LOWEST     66           200 PM
 AVERAGE    76

..........................................................


THE INTERNATIONAL FALLS MN CLIMATE NORMALS FOR TODAY
                         NORMAL    RECORD    YEAR
 MAXIMUM TEMPERATURE (F)   70        93      1976
                                             1913
 MINIMUM TEMPERATURE (F)   46        33      1956
                                             1917


SUNRISE AND SUNSET
SEPTEMBER  6 2017.....SUNRISE   638 AM CDT   SUNSET   744 PM CDT
SEPTEMBER  7 2017.....SUNRISE   640 AM CDT   SUNSET   742 PM CDT


-  INDICATES NEGATIVE NUMBERS.
R  INDICATES RECORD WAS SET OR TIED.
MM INDICATES DATA IS MISSING.
T  INDICATES TRACE AMOUNT.




$$
