000
CDUS43 KDLH 210637
CLIINL


CLIMATE REPORT
NATIONAL WEATHER SERVICE DULUTH MN
1235 AM CST FRI NOV 21 2014


...................................

...THE INTERNATIONAL FALLS MN CLIMATE SUMMARY FOR NOVEMBER 20 2014...

CLIMATE NORMAL PERIOD 1981 TO 2010
CLIMATE RECORD PERIOD 1895 TO 2014


WEATHER ITEM   OBSERVED TIME   RECORD YEAR NORMAL DEPARTURE LAST
                VALUE   (LST)  VALUE       VALUE  FROM      YEAR
                                                  NORMAL
..................................................................
TEMPERATURE (F)
 YESTERDAY
  MAXIMUM         11    157 PM  50    1963  31    -20       44
  MINIMUM        -13   1044 PM -16    1921  15    -28       31
  AVERAGE         -1                        23    -24       38

PRECIPITATION (IN)
  YESTERDAY        T             0.64 1977   0.04  -0.04     0.00
  MONTH TO DATE    0.49                      1.00  -0.51     0.98
  SINCE SEP 1      4.75                      6.07  -1.32     5.06
  SINCE JAN 1     29.29                     23.03   6.26    30.17

SNOWFALL (IN)
  YESTERDAY        0.1           5.8  1953   0.5   -0.4      0.0
  MONTH TO DATE    6.5                       8.2   -1.7      5.4
  SINCE SEP 1      6.6                      10.5   -3.9      7.0
  SINCE JUL 1      6.6                      10.5   -3.9      7.0
  SNOW DEPTH       5

DEGREE DAYS
 HEATING
  YESTERDAY       66                        42     24       27
  MONTH TO DATE  860                       728    132      683
  SINCE SEP 1   1878                      1824     54     1631
  SINCE JUL 1   2092                      2005     87     1851

 COOLING
  YESTERDAY        0                         0      0        0
  MONTH TO DATE    0                         0      0        0
  SINCE SEP 1     10                        11     -1       11
  SINCE JAN 1    121                       192    -71      224
..................................................................


WIND (MPH)
  HIGHEST WIND SPEED    17   HIGHEST WIND DIRECTION     W (290)
  HIGHEST GUST SPEED    24   HIGHEST GUST DIRECTION    NW (300)
  AVERAGE WIND SPEED     7.6


SKY COVER
  AVERAGE SKY COVER 0.3


WEATHER CONDITIONS
 THE FOLLOWING WEATHER WAS RECORDED YESTERDAY.
  LIGHT SNOW
  HAZE


RELATIVE HUMIDITY (PERCENT)
 HIGHEST    87           600 PM
 LOWEST     58           100 PM
 AVERAGE    73

..........................................................


THE INTERNATIONAL FALLS MN CLIMATE NORMALS FOR TODAY
                         NORMAL    RECORD    YEAR
 MAXIMUM TEMPERATURE (F)   30        60      1990
 MINIMUM TEMPERATURE (F)   14       -17      1978


SUNRISE AND SUNSET
NOVEMBER 21 2014......SUNRISE   731 AM CST   SUNSET   428 PM CST
NOVEMBER 22 2014......SUNRISE   732 AM CST   SUNSET   427 PM CST


-  INDICATES NEGATIVE NUMBERS.
R  INDICATES RECORD WAS SET OR TIED.
MM INDICATES DATA IS MISSING.
T  INDICATES TRACE AMOUNT.




$$
