000
CDUS43 KDLH 022220
CLIINL


CLIMATE REPORT
NATIONAL WEATHER SERVICE DULUTH MN
520 PM CDT WED APR 2 2014


...................................

...THE INTERNATIONAL FALLS MN CLIMATE SUMMARY FOR APRIL 2 2014...
VALID TODAY AS OF 0500 PM LOCAL TIME.

CLIMATE NORMAL PERIOD 1981 TO 2010
CLIMATE RECORD PERIOD 1895 TO 2014


WEATHER ITEM   OBSERVED TIME   RECORD YEAR NORMAL DEPARTURE LAST
                VALUE   (LST)  VALUE       VALUE  FROM      YEAR
                                                  NORMAL
..................................................................
TEMPERATURE (F)
 TODAY
  MAXIMUM         35    251 PM  72    2010  44     -9       31
  MINIMUM          3    555 AM -12    1954  21    -18        4
  AVERAGE         19                        32    -13       18

PRECIPITATION (IN)
  TODAY            T                         0.04  -0.04     0.00
  MONTH TO DATE    0.17                      0.08   0.09     0.00
  SINCE MAR 1      1.63                      1.03   0.60     1.15
  SINCE JAN 1      3.38                      2.22   1.16     4.81

SNOWFALL (IN)
  TODAY            T                         0.3   -0.3      0.0
  MONTH TO DATE    2.6                       0.6    2.0      0.0
  SINCE JUL 1     96.6                      65.0   31.6     85.0
  SNOW DEPTH      28

DEGREE DAYS
 HEATING
  TODAY           46                        33     13       47
  MONTH TO DATE   93                        66     27       94
  SINCE MAR 1   1699                      1349    350     1606
  SINCE JUL 1  10130                      8932   1198     9163

 COOLING
  TODAY            0                         0      0        0
  MONTH TO DATE    0                         0      0        0
  SINCE MAR 1      0                         0      0        0
  SINCE JAN 1      0                         0      0        0
..................................................................


WIND (MPH)
  HIGHEST WIND SPEED    12   HIGHEST WIND DIRECTION     N (20)
  HIGHEST GUST SPEED    14   HIGHEST GUST DIRECTION     N (20)


SKY COVER
  AVERAGE SKY COVER 0.0


WEATHER CONDITIONS
 THE FOLLOWING WEATHER WAS RECORDED TODAY.
  NO SIGNIFICANT WEATHER WAS OBSERVED.


RELATIVE HUMIDITY (PERCENT)
 HIGHEST    96           700 AM
 LOWEST     35           400 PM
 AVERAGE    66

..........................................................


THE INTERNATIONAL FALLS MN CLIMATE NORMALS FOR TOMORROW
                         NORMAL    RECORD    YEAR
 MAXIMUM TEMPERATURE (F)   44        74      1910
 MINIMUM TEMPERATURE (F)   22       -14      1954


SUNRISE AND SUNSET
APRIL  2 2014.........SUNRISE   649 AM CDT   SUNSET   746 PM CDT
APRIL  3 2014.........SUNRISE   647 AM CDT   SUNSET   747 PM CDT


-  INDICATES NEGATIVE NUMBERS.
R  INDICATES RECORD WAS SET OR TIED.
MM INDICATES DATA IS MISSING.
T  INDICATES TRACE AMOUNT.




$$
