000
CDUS43 KDLH 092227
CLIINL


CLIMATE REPORT
NATIONAL WEATHER SERVICE DULUTH MN
423 PM CST THU MAR 9 2017


...................................

...THE INTERNATIONAL FALLS MN CLIMATE SUMMARY FOR MARCH 9 2017...
VALID TODAY AS OF 0408 PM LOCAL TIME.

CLIMATE NORMAL PERIOD 1981 TO 2010
CLIMATE RECORD PERIOD 1895 TO 2017


WEATHER ITEM   OBSERVED TIME   RECORD YEAR NORMAL DEPARTURE LAST
                VALUE   (LST)  VALUE       VALUE  FROM      YEAR
                                                  NORMAL
..................................................................
TEMPERATURE (F)
 TODAY
  MAXIMUM         11    226 PM  51    1977  31    -20       34
  MINIMUM         -1    655 AM -24    1948   9    -10       26
  AVERAGE          5                        20    -15       30

PRECIPITATION (IN)
  TODAY            0.00                      0.03  -0.03      T
  MONTH TO DATE    0.06                      0.22  -0.16     0.20
  SINCE MAR 1      0.06                      0.22  -0.16     0.20
  SINCE JAN 1      2.81                      1.41   1.40     1.57

SNOWFALL (IN)
  TODAY            0.0                       0.3   -0.3       T
  MONTH TO DATE    0.3                       2.7   -2.4      1.1
  SINCE JUL 1     63.6                      59.5    4.1     34.6
  SNOW DEPTH       5

DEGREE DAYS
 HEATING
  TODAY           60                        45     15       35
  MONTH TO DATE  416                       421     -5      401
  SINCE MAR 1    416                       421     -5      401
  SINCE JUL 1   6890                      8004  -1114     6933

 COOLING
  TODAY            0                         0      0        0
  MONTH TO DATE    0                         0      0        0
  SINCE MAR 1      0                         0      0        0
  SINCE JAN 1      0                         0      0        0
..................................................................


WIND (MPH)
  HIGHEST WIND SPEED    21   HIGHEST WIND DIRECTION    NW (300)
  HIGHEST GUST SPEED    28   HIGHEST GUST DIRECTION    NW (300)


SKY COVER
  AVERAGE SKY COVER 0.0


WEATHER CONDITIONS
 THE FOLLOWING WEATHER WAS RECORDED TODAY.
  NO SIGNIFICANT WEATHER WAS OBSERVED.


RELATIVE HUMIDITY (PERCENT)
 HIGHEST    79           400 AM
 LOWEST     34           400 PM
 AVERAGE    57

..........................................................


THE INTERNATIONAL FALLS MN CLIMATE NORMALS FOR TOMORROW
                         NORMAL    RECORD    YEAR
 MAXIMUM TEMPERATURE (F)   32        59      2012
 MINIMUM TEMPERATURE (F)   10       -34      1948


SUNRISE AND SUNSET
MARCH  9 2017.........SUNRISE   639 AM CST   SUNSET   610 PM CST
MARCH 10 2017.........SUNRISE   637 AM CST   SUNSET   612 PM CST


-  INDICATES NEGATIVE NUMBERS.
R  INDICATES RECORD WAS SET OR TIED.
MM INDICATES DATA IS MISSING.
T  INDICATES TRACE AMOUNT.




$$
