000
CDUS43 KDLH 170636
CLIINL


CLIMATE REPORT
NATIONAL WEATHER SERVICE DULUTH MN
135 AM CDT SUN MAY 17 2015


...................................

...THE INTERNATIONAL FALLS MN CLIMATE SUMMARY FOR MAY 16 2015...

CLIMATE NORMAL PERIOD 1981 TO 2010
CLIMATE RECORD PERIOD 1895 TO 2015


WEATHER ITEM   OBSERVED TIME   RECORD YEAR NORMAL DEPARTURE LAST
                VALUE   (LST)  VALUE       VALUE  FROM      YEAR
                                                  NORMAL
..................................................................
TEMPERATURE (F)
 YESTERDAY
  MAXIMUM         74    343 PM  87    1972  65      9       55
  MINIMUM         34    448 AM  23    1956  39     -5       29
  AVERAGE         54                        52      2       42

PRECIPITATION (IN)
  YESTERDAY        0.18          0.99 1962   0.10   0.08     0.00
  MONTH TO DATE    2.28                      1.35   0.93     2.26
  SINCE MAR 1      3.64                      3.83  -0.19     5.25
  SINCE JAN 1      5.66                      5.02   0.64     7.00

SNOWFALL (IN)
  YESTERDAY        0.0           0.3  2009   0.0    0.0      0.0
  MONTH TO DATE    T                         0.2   -0.2       T
  SINCE MAR 1      7.8                      14.2   -6.4     24.8
  SINCE JUL 1     64.5                      71.0   -6.5    101.2
  SNOW DEPTH       0

DEGREE DAYS
 HEATING
  YESTERDAY       11                        13     -2       23
  MONTH TO DATE  266                       254     12      359
  SINCE MAR 1   2194                      2309   -115     2872
  SINCE JUL 1   9948                      9892     56    11303

 COOLING
  YESTERDAY        0                         0      0        0
  MONTH TO DATE    0                         0      0        0
  SINCE MAR 1      0                         1     -1        0
  SINCE JAN 1      0                         1     -1        0
..................................................................


WIND (MPH)
  HIGHEST WIND SPEED    14   HIGHEST WIND DIRECTION    SE (130)
  HIGHEST GUST SPEED    20   HIGHEST GUST DIRECTION    SE (130)
  AVERAGE WIND SPEED     6.0


SKY COVER
  AVERAGE SKY COVER 0.5


WEATHER CONDITIONS
 THE FOLLOWING WEATHER WAS RECORDED YESTERDAY.
  HEAVY RAIN
  LIGHT RAIN
  FOG
  FOG W/VISIBILITY <= 1/4 MILE


RELATIVE HUMIDITY (PERCENT)
 HIGHEST    96           600 AM
 LOWEST     40          1200 PM
 AVERAGE    68

..........................................................


THE INTERNATIONAL FALLS MN CLIMATE NORMALS FOR TODAY
                         NORMAL    RECORD    YEAR
 MAXIMUM TEMPERATURE (F)   65        93      1972
 MINIMUM TEMPERATURE (F)   39         8      1926


SUNRISE AND SUNSET
MAY 17 2015...........SUNRISE   531 AM CDT   SUNSET   850 PM CDT
MAY 18 2015...........SUNRISE   529 AM CDT   SUNSET   851 PM CDT


-  INDICATES NEGATIVE NUMBERS.
R  INDICATES RECORD WAS SET OR TIED.
MM INDICATES DATA IS MISSING.
T  INDICATES TRACE AMOUNT.




$$
