317
CDUS43 KDLH 030622
CLIINL


CLIMATE REPORT
NATIONAL WEATHER SERVICE DULUTH MN
1222 AM CST WED FEB 3 2016


...................................

...THE INTERNATIONAL FALLS MN CLIMATE SUMMARY FOR FEBRUARY 2 2016...

CLIMATE NORMAL PERIOD 1981 TO 2010
CLIMATE RECORD PERIOD 1895 TO 2016


WEATHER ITEM   OBSERVED TIME   RECORD YEAR NORMAL DEPARTURE LAST
                VALUE   (LST)  VALUE       VALUE  FROM      YEAR
                                                  NORMAL
..................................................................
TEMPERATURE (F)
 YESTERDAY
  MAXIMUM         21    414 PM  55    1991  18      3        9
  MINIMUM         13    735 AM -45    1996  -6     19      -28
  AVERAGE         17                         6     11       -9

PRECIPITATION (IN)
  YESTERDAY        0.00          0.60 1911   0.01  -0.01      T
  MONTH TO DATE    T                         0.03  -0.03      T
  SINCE DEC 1      1.66                      1.46   0.20     2.18
  SINCE JAN 1      0.59                      0.65  -0.06     1.33

SNOWFALL (IN)
  YESTERDAY        0.0           5.4  1987   0.4   -0.4       T
  MONTH TO DATE    T                         0.8   -0.8       T
  SINCE DEC 1     18.3                      30.8  -12.5     31.5
  SINCE JUL 1     22.1                      46.8  -24.7     40.8
  SNOW DEPTH       9

DEGREE DAYS
 HEATING
  YESTERDAY       48                        59    -11       74
  MONTH TO DATE  100                       118    -18      151
  SINCE DEC 1   3109                      3710   -601     3425
  SINCE JUL 1   5115                      6171  -1056     6036

 COOLING
  YESTERDAY        0                         0      0        0
  MONTH TO DATE    0                         0      0        0
  SINCE DEC 1      0                         0      0        0
  SINCE JAN 1      0                         0      0        0
..................................................................


WIND (MPH)
  HIGHEST WIND SPEED    14   HIGHEST WIND DIRECTION     N (20)
  HIGHEST GUST SPEED    18   HIGHEST GUST DIRECTION     N (20)
  AVERAGE WIND SPEED     5.6


SKY COVER
  AVERAGE SKY COVER 1.0


WEATHER CONDITIONS
 THE FOLLOWING WEATHER WAS RECORDED YESTERDAY.
  NO SIGNIFICANT WEATHER WAS OBSERVED.


RELATIVE HUMIDITY (PERCENT)
 HIGHEST    80          1200 AM
 LOWEST     56           200 PM
 AVERAGE    68

..........................................................


THE INTERNATIONAL FALLS MN CLIMATE NORMALS FOR TODAY
                         NORMAL    RECORD    YEAR
 MAXIMUM TEMPERATURE (F)   18        53      1991
 MINIMUM TEMPERATURE (F)   -5       -40      1982


SUNRISE AND SUNSET
FEBRUARY  3 2016......SUNRISE   741 AM CST   SUNSET   515 PM CST
FEBRUARY  4 2016......SUNRISE   739 AM CST   SUNSET   516 PM CST


-  INDICATES NEGATIVE NUMBERS.
R  INDICATES RECORD WAS SET OR TIED.
MM INDICATES DATA IS MISSING.
T  INDICATES TRACE AMOUNT.




$$
