000
CDUS43 KDLH 062226
CLIINL


CLIMATE REPORT
NATIONAL WEATHER SERVICE DULUTH MN
425 PM CST FRI JAN 6 2017


...................................

...THE INTERNATIONAL FALLS MN CLIMATE SUMMARY FOR JANUARY 6 2017...
VALID TODAY AS OF 0400 PM LOCAL TIME.

CLIMATE NORMAL PERIOD 1981 TO 2010
CLIMATE RECORD PERIOD 1895 TO 2017


WEATHER ITEM   OBSERVED TIME   RECORD YEAR NORMAL DEPARTURE LAST
                VALUE   (LST)  VALUE       VALUE  FROM      YEAR
                                                  NORMAL
..................................................................
TEMPERATURE (F)
 TODAY
  MAXIMUM         -1    359 PM  41    2008  15    -16       26
  MINIMUM        -28    829 AM -55    1909  -6    -22       23
  AVERAGE        -14                         4    -18       25

PRECIPITATION (IN)
  TODAY            0.00                      0.02  -0.02     0.00
  MONTH TO DATE    0.57                      0.14   0.43      T
  SINCE DEC 1      2.76                      0.95   1.81     1.07
  SINCE JAN 1      0.57                      0.14   0.43      T

SNOWFALL (IN)
  TODAY            0.0                       0.5   -0.5      0.0
  MONTH TO DATE   10.1                       3.1    7.0      0.0
  SINCE JUL 1     44.0                      34.1    9.9     13.3
  SNOW DEPTH      17

DEGREE DAYS
 HEATING
  TODAY           79                        61     18       40
  MONTH TO DATE  402                       362     40      253
  SINCE DEC 1   2068                      2076     -8     1566
  SINCE JUL 1   3874                      4537   -663     3572

 COOLING
  TODAY            0                         0      0        0
  MONTH TO DATE    0                         0      0        0
  SINCE DEC 1      0                         0      0        0
  SINCE JAN 1      0                         0      0        0
..................................................................


WIND (MPH)
  HIGHEST WIND SPEED     9   HIGHEST WIND DIRECTION     W (250)
  HIGHEST GUST SPEED    13   HIGHEST GUST DIRECTION    SW (240)


SKY COVER
  AVERAGE SKY COVER 0.1


WEATHER CONDITIONS
 THE FOLLOWING WEATHER WAS RECORDED TODAY.
  NO SIGNIFICANT WEATHER WAS OBSERVED.


RELATIVE HUMIDITY (PERCENT)
 HIGHEST    86           400 AM
 LOWEST     65           200 PM
 AVERAGE    76

..........................................................


THE INTERNATIONAL FALLS MN CLIMATE NORMALS FOR TOMORROW
                         NORMAL    RECORD    YEAR
 MAXIMUM TEMPERATURE (F)   15        46      2003
 MINIMUM TEMPERATURE (F)   -6       -54      1909


SUNRISE AND SUNSET
JANUARY  6 2017.......SUNRISE   805 AM CST   SUNSET   435 PM CST
JANUARY  7 2017.......SUNRISE   805 AM CST   SUNSET   436 PM CST


-  INDICATES NEGATIVE NUMBERS.
R  INDICATES RECORD WAS SET OR TIED.
MM INDICATES DATA IS MISSING.
T  INDICATES TRACE AMOUNT.




$$

WM
