000
CDUS43 KDLH 060655
CLIINL


CLIMATE REPORT
NATIONAL WEATHER SERVICE DULUTH MN
1254 AM CST TUE FEB 6 2018


...................................

...THE INTERNATIONAL FALLS MN CLIMATE SUMMARY FOR FEBRUARY 5 2018...

CLIMATE NORMAL PERIOD 1981 TO 2010
CLIMATE RECORD PERIOD 1895 TO 2018


WEATHER ITEM   OBSERVED TIME   RECORD YEAR NORMAL DEPARTURE LAST
                VALUE   (LST)  VALUE       VALUE  FROM      YEAR
                                                  NORMAL
..................................................................
TEMPERATURE (F)
 YESTERDAY
  MAXIMUM          6    259 PM  49    2005  19    -13        9
  MINIMUM        -15   1159 PM -40    1907  -5    -10       -6
  AVERAGE         -4                         7    -11        2

PRECIPITATION (IN)
  YESTERDAY        T             0.77 1946   0.02  -0.02     0.04
  MONTH TO DATE    0.07                      0.08  -0.01     0.17
  SINCE DEC 1      1.94                      1.51   0.43     3.63
  SINCE JAN 1      0.78                      0.70   0.08     1.44

SNOWFALL (IN)
  YESTERDAY        0.1           7.1  1951   0.4   -0.3      0.8
  MONTH TO DATE    0.8                       1.9   -1.1      3.3
  SINCE DEC 1     26.5                      31.9   -5.4     45.7
  SINCE JUL 1     40.5                      47.9   -7.4     54.1
  SNOW DEPTH      10

DEGREE DAYS
 HEATING
  YESTERDAY       69                        58     11       63
  MONTH TO DATE  375                       293     82      316
  SINCE DEC 1   4042                      3885    157     3654
  SINCE JUL 1   6436                      6346     90     5460

 COOLING
  YESTERDAY        0                         0      0        0
  MONTH TO DATE    0                         0      0        0
  SINCE DEC 1      0                         0      0        0
  SINCE JAN 1      0                         0      0        0
..................................................................


WIND (MPH)
  HIGHEST WIND SPEED    18   HIGHEST WIND DIRECTION    NW (300)
  HIGHEST GUST SPEED    22   HIGHEST GUST DIRECTION    NW (300)
  AVERAGE WIND SPEED     9.1


SKY COVER
  AVERAGE SKY COVER 0.8


WEATHER CONDITIONS
 THE FOLLOWING WEATHER WAS RECORDED YESTERDAY.
  LIGHT SNOW
  HAZE


RELATIVE HUMIDITY (PERCENT)
 HIGHEST    82           200 AM
 LOWEST     56          1200 PM
 AVERAGE    69

..........................................................


THE INTERNATIONAL FALLS MN CLIMATE NORMALS FOR TODAY
                         NORMAL    RECORD    YEAR
 MAXIMUM TEMPERATURE (F)   19        44      2002
 MINIMUM TEMPERATURE (F)   -5       -39      1967


SUNRISE AND SUNSET
FEBRUARY  6 2018......SUNRISE   735 AM CST   SUNSET   520 PM CST
FEBRUARY  7 2018......SUNRISE   734 AM CST   SUNSET   522 PM CST


-  INDICATES NEGATIVE NUMBERS.
R  INDICATES RECORD WAS SET OR TIED.
MM INDICATES DATA IS MISSING.
T  INDICATES TRACE AMOUNT.




$$
