182
CDUS43 KDLH 112234
CLIINL


CLIMATE REPORT
NATIONAL WEATHER SERVICE DULUTH MN
533 PM CDT FRI AUG 11 2017


...................................

...THE INTERNATIONAL FALLS MN CLIMATE SUMMARY FOR AUGUST 11 2017...
VALID TODAY AS OF 0500 PM LOCAL TIME.

CLIMATE NORMAL PERIOD 1981 TO 2010
CLIMATE RECORD PERIOD 1895 TO 2017


WEATHER ITEM   OBSERVED TIME   RECORD YEAR NORMAL DEPARTURE LAST
                VALUE   (LST)  VALUE       VALUE  FROM      YEAR
                                                  NORMAL
..................................................................
TEMPERATURE (F)
 TODAY
  MAXIMUM         76    359 PM  92    1965  77     -1       78
  MINIMUM         41    520 AM  34    1954  52    -11       58
  AVERAGE         59                        64     -5       68

PRECIPITATION (IN)
  TODAY            0.00                      0.10  -0.10     0.00
  MONTH TO DATE    1.64                      1.01   0.63     1.95
  SINCE JUN 1      7.68                      8.63  -0.95    11.30
  SINCE JAN 1     14.30                     15.16  -0.86    19.10

SNOWFALL (IN)
  TODAY            0.0                       0.0    0.0      0.0
  MONTH TO DATE    0.0                       0.0    0.0      0.0
  SINCE JUL 1      0.0                       0.0    0.0      0.0
  SNOW DEPTH       0

DEGREE DAYS
 HEATING
  TODAY            6                         3      3        0
  MONTH TO DATE   42                        27     15       11
  SINCE JUN 1    233                       261    -28      221
  SINCE JUL 1    109                        97     12       54

 COOLING
  TODAY            0                         2     -2        3
  MONTH TO DATE    9                        22    -13       22
  SINCE JUN 1     75                       136    -61      122
  SINCE JAN 1     75                       145    -70      124
..................................................................


WIND (MPH)
  HIGHEST WIND SPEED    12   HIGHEST WIND DIRECTION     N (360)
  HIGHEST GUST SPEED    13   HIGHEST GUST DIRECTION     N (360)


SKY COVER
  AVERAGE SKY COVER 0.0


WEATHER CONDITIONS
 THE FOLLOWING WEATHER WAS RECORDED TODAY.
  FOG


RELATIVE HUMIDITY (PERCENT)
 HIGHEST   100           100 AM
 LOWEST     33           300 PM
 AVERAGE    67

..........................................................


THE INTERNATIONAL FALLS MN CLIMATE NORMALS FOR TOMORROW
                         NORMAL    RECORD    YEAR
 MAXIMUM TEMPERATURE (F)   77        93      1991
 MINIMUM TEMPERATURE (F)   52        36      1906


SUNRISE AND SUNSET
AUGUST 11 2017........SUNRISE   602 AM CDT   SUNSET   835 PM CDT
AUGUST 12 2017........SUNRISE   603 AM CDT   SUNSET   833 PM CDT


-  INDICATES NEGATIVE NUMBERS.
R  INDICATES RECORD WAS SET OR TIED.
MM INDICATES DATA IS MISSING.
T  INDICATES TRACE AMOUNT.




$$
