000
CDUS43 KDLH 120631
CLIINL


CLIMATE REPORT
NATIONAL WEATHER SERVICE DULUTH MN
129 AM CDT WED APR 12 2017


...................................

...THE INTERNATIONAL FALLS MN CLIMATE SUMMARY FOR APRIL 11 2017...

CLIMATE NORMAL PERIOD 1981 TO 2010
CLIMATE RECORD PERIOD 1895 TO 2017


WEATHER ITEM   OBSERVED TIME   RECORD YEAR NORMAL DEPARTURE LAST
                VALUE   (LST)  VALUE       VALUE  FROM      YEAR
                                                  NORMAL
..................................................................
TEMPERATURE (F)
 YESTERDAY
  MAXIMUM         50    502 PM  75    1968  49      1       35
                                      1955
  MINIMUM         18    529 AM   6    1924  25     -7       19
  AVERAGE         34                        37     -3       27

PRECIPITATION (IN)
  YESTERDAY        0.00          0.53 2001   0.05  -0.05     0.01
  MONTH TO DATE    T                         0.48  -0.48     0.50
  SINCE MAR 1      0.68                      1.43  -0.75     3.21
  SINCE JAN 1      3.43                      2.62   0.81     4.58

SNOWFALL (IN)
  YESTERDAY        0.0           1.4  1980   0.3   -0.3       T
  MONTH TO DATE    0.0                       3.0   -3.0      4.9
  SINCE MAR 1      4.5                      10.6   -6.1     14.2
  SINCE JUL 1     67.8                      67.4    0.4     47.7
  SNOW DEPTH       T

DEGREE DAYS
 HEATING
  YESTERDAY       31                        28      3       38
  MONTH TO DATE  258                       335    -77      438
  SINCE MAR 1   1515                      1618   -103     1541
  SINCE JUL 1   7989                      9201  -1212     8073

 COOLING
  YESTERDAY        0                         0      0        0
  MONTH TO DATE    0                         0      0        0
  SINCE MAR 1      0                         0      0        0
  SINCE JAN 1      0                         0      0        0
..................................................................


WIND (MPH)
  HIGHEST WIND SPEED    10   HIGHEST WIND DIRECTION    NE (50)
  HIGHEST GUST SPEED    14   HIGHEST GUST DIRECTION    NE (50)
  AVERAGE WIND SPEED     3.5


SKY COVER
  AVERAGE SKY COVER 0.0


WEATHER CONDITIONS
 THE FOLLOWING WEATHER WAS RECORDED YESTERDAY.
  FOG
  HAZE


RELATIVE HUMIDITY (PERCENT)
 HIGHEST    84           600 AM
 LOWEST     18           400 PM
 AVERAGE    51

..........................................................


THE INTERNATIONAL FALLS MN CLIMATE NORMALS FOR TODAY
                         NORMAL    RECORD    YEAR
 MAXIMUM TEMPERATURE (F)   50        71      1918
 MINIMUM TEMPERATURE (F)   26         4      1950


SUNRISE AND SUNSET
APRIL 12 2017.........SUNRISE   629 AM CDT   SUNSET   801 PM CDT
APRIL 13 2017.........SUNRISE   627 AM CDT   SUNSET   803 PM CDT


-  INDICATES NEGATIVE NUMBERS.
R  INDICATES RECORD WAS SET OR TIED.
MM INDICATES DATA IS MISSING.
T  INDICATES TRACE AMOUNT.




$$
