000
CDUS43 KDLH 130629
CLIINL


CLIMATE REPORT
NATIONAL WEATHER SERVICE DULUTH MN
129 AM CDT TUE SEP 13 2016


...................................

...THE INTERNATIONAL FALLS MN CLIMATE SUMMARY FOR SEPTEMBER 12 2016...

CLIMATE NORMAL PERIOD 1981 TO 2010
CLIMATE RECORD PERIOD 1895 TO 2016


WEATHER ITEM   OBSERVED TIME   RECORD YEAR NORMAL DEPARTURE LAST
                VALUE   (LST)  VALUE       VALUE  FROM      YEAR
                                                  NORMAL
..................................................................
TEMPERATURE (F)
 YESTERDAY
  MAXIMUM         66    236 PM  87    1952  67     -1       69
  MINIMUM         52   1159 PM  26    1910  43      9       34
  AVERAGE         59                        55      4       52

PRECIPITATION (IN)
  YESTERDAY        T             0.75 1924   0.10  -0.10     0.00
  MONTH TO DATE    1.53                      1.21   0.32     0.99
  SINCE SEP 1      1.53                      1.21   0.32     0.99
  SINCE JAN 1     22.09                     18.17   3.92    17.45

SNOWFALL (IN)
  YESTERDAY        0.0           0.0  2002   0.0    0.0      0.0
                                      2001
  MONTH TO DATE    0.0                       0.0    0.0      0.0
  SINCE SEP 1      0.0                       0.0    0.0      0.0
  SINCE JUL 1      0.0                       0.0    0.0      0.0
  SNOW DEPTH       0

DEGREE DAYS
 HEATING
  YESTERDAY        6                        10     -4       13
  MONTH TO DATE   49                        99    -50       74
  SINCE SEP 1     49                        99    -50       74
  SINCE JUL 1    166                       280   -114      250

 COOLING
  YESTERDAY        0                         0      0        0
  MONTH TO DATE    7                         9     -2       30
  SINCE SEP 1      7                         9     -2       30
  SINCE JAN 1    155                       190    -35      193
..................................................................


WIND (MPH)
  HIGHEST WIND SPEED    15   HIGHEST WIND DIRECTION    NW (330)
  HIGHEST GUST SPEED    22   HIGHEST GUST DIRECTION     N (350)
  AVERAGE WIND SPEED     6.3


SKY COVER
  AVERAGE SKY COVER 0.5


WEATHER CONDITIONS
 THE FOLLOWING WEATHER WAS RECORDED YESTERDAY.
  LIGHT RAIN


RELATIVE HUMIDITY (PERCENT)
 HIGHEST    93           100 AM
 LOWEST     63           200 PM
 AVERAGE    78

..........................................................


THE INTERNATIONAL FALLS MN CLIMATE NORMALS FOR TODAY
                         NORMAL    RECORD    YEAR
 MAXIMUM TEMPERATURE (F)   67        89      1952
 MINIMUM TEMPERATURE (F)   43        25      2014


SUNRISE AND SUNSET
SEPTEMBER 13 2016.....SUNRISE   648 AM CDT   SUNSET   729 PM CDT
SEPTEMBER 14 2016.....SUNRISE   650 AM CDT   SUNSET   727 PM CDT


-  INDICATES NEGATIVE NUMBERS.
R  INDICATES RECORD WAS SET OR TIED.
MM INDICATES DATA IS MISSING.
T  INDICATES TRACE AMOUNT.




$$
