000
CDUS43 KDLH 170644
CLIINL


CLIMATE REPORT
NATIONAL WEATHER SERVICE DULUTH MN
141 AM CDT WED AUG 17 2016


...................................

...THE INTERNATIONAL FALLS MN CLIMATE SUMMARY FOR AUGUST 16 2016...

CLIMATE NORMAL PERIOD 1981 TO 2010
CLIMATE RECORD PERIOD 1895 TO 2016


WEATHER ITEM   OBSERVED TIME   RECORD YEAR NORMAL DEPARTURE LAST
                VALUE   (LST)  VALUE       VALUE  FROM      YEAR
                                                  NORMAL
..................................................................
TEMPERATURE (F)
 YESTERDAY
  MAXIMUM         80    242 PM  93    1971  76      4       75
  MINIMUM         55   1158 PM  41    2012  51      4       57
                                      1958
  AVERAGE         68                        64      4       66

PRECIPITATION (IN)
  YESTERDAY        T             1.82 1988   0.09  -0.09     0.09
  MONTH TO DATE    2.17                      1.47   0.70     2.06
  SINCE JUN 1     11.52                      9.09   2.43     6.73
  SINCE JAN 1     19.32                     15.62   3.70    14.90

SNOWFALL (IN)
  YESTERDAY        0.0           0.0  2002   0.0    0.0      0.0
                                      2001
  MONTH TO DATE    0.0                       0.0    0.0      0.0
  SINCE JUN 1      0.0                       0.0    0.0      0.0
  SINCE JUL 1      0.0                       0.0    0.0      0.0
  SNOW DEPTH       0

DEGREE DAYS
 HEATING
  YESTERDAY        0                         3     -3        0
  MONTH TO DATE   16                        42    -26       37
  SINCE JUN 1    226                       276    -50      233
  SINCE JUL 1     59                       112    -53       84

 COOLING
  YESTERDAY        3                         2      1        1
  MONTH TO DATE   28                        32     -4       42
  SINCE JUN 1    128                       146    -18      137
  SINCE JAN 1    130                       155    -25      137
..................................................................


WIND (MPH)
  HIGHEST WIND SPEED    10   HIGHEST WIND DIRECTION     W (280)
  HIGHEST GUST SPEED    14   HIGHEST GUST DIRECTION    NW (300)
  AVERAGE WIND SPEED     3.3


SKY COVER
  AVERAGE SKY COVER 0.3


WEATHER CONDITIONS
 THE FOLLOWING WEATHER WAS RECORDED YESTERDAY.
  FOG
  FOG W/VISIBILITY <= 1/4 MILE


RELATIVE HUMIDITY (PERCENT)
 HIGHEST   100          1000 PM
 LOWEST     51           100 PM
 AVERAGE    76

..........................................................


THE INTERNATIONAL FALLS MN CLIMATE NORMALS FOR TODAY
                         NORMAL    RECORD    YEAR
 MAXIMUM TEMPERATURE (F)   76        90      1906
 MINIMUM TEMPERATURE (F)   51        35      1954


SUNRISE AND SUNSET
AUGUST 17 2016........SUNRISE   611 AM CDT   SUNSET   823 PM CDT
AUGUST 18 2016........SUNRISE   612 AM CDT   SUNSET   822 PM CDT


-  INDICATES NEGATIVE NUMBERS.
R  INDICATES RECORD WAS SET OR TIED.
MM INDICATES DATA IS MISSING.
T  INDICATES TRACE AMOUNT.




$$
