000
CDUS43 KDLH 010624
CLIINL


CLIMATE REPORT
NATIONAL WEATHER SERVICE DULUTH MN
123 AM CDT TUE JUL 1 2014


...................................

...THE INTERNATIONAL FALLS MN CLIMATE SUMMARY FOR JUNE 30 2014...

CLIMATE NORMAL PERIOD 1981 TO 2010
CLIMATE RECORD PERIOD 1895 TO 2014


WEATHER ITEM   OBSERVED TIME   RECORD YEAR NORMAL DEPARTURE LAST
                VALUE   (LST)  VALUE       VALUE  FROM      YEAR
                                                  NORMAL
..................................................................
TEMPERATURE (F)
 YESTERDAY
  MAXIMUM         73    324 PM  99    1921  76     -3       83
  MINIMUM         60   1025 PM  35    1959  52      8       45
  AVERAGE         67                        64      3       64

PRECIPITATION (IN)
  YESTERDAY        0.05          2.42 1955   0.14  -0.09     0.00
  MONTH TO DATE   10.24                      3.92   6.32     1.60
  SINCE JUN 1     10.24                      3.92   6.32     1.60
  SINCE JAN 1     19.06                     10.45   8.61    13.98

SNOWFALL (IN)
  YESTERDAY        0.0           T    1955   0.0    0.0      0.0
  MONTH TO DATE    0.0                       0.0    0.0      0.0
  SINCE JUN 1      0.0                       0.0    0.0      0.0
  SINCE JUL 1    101.2                      71.0   30.2     98.6
  SNOW DEPTH       0

DEGREE DAYS
 HEATING
  YESTERDAY        0                         3     -3        1
  MONTH TO DATE  129                       164    -35      169
  SINCE JUN 1    129                       164    -35      169
  SINCE JUL 1  11511                     10221   1290    10713

 COOLING
  YESTERDAY        2                         2      0        0
  MONTH TO DATE   29                        38     -9       34
  SINCE JUN 1     29                        38     -9       34
  SINCE JAN 1     52                        47      5       37
..................................................................


WIND (MPH)
  HIGHEST WIND SPEED    26   HIGHEST WIND DIRECTION    SW (240)
  HIGHEST GUST SPEED    37   HIGHEST GUST DIRECTION    SW (220)
  AVERAGE WIND SPEED    13.3


SKY COVER
  AVERAGE SKY COVER 0.8


WEATHER CONDITIONS
 THE FOLLOWING WEATHER WAS RECORDED YESTERDAY.
  LIGHT RAIN
  FOG


RELATIVE HUMIDITY (PERCENT)
 HIGHEST    97           700 PM
 LOWEST     53           400 PM
 AVERAGE    75

..........................................................


THE INTERNATIONAL FALLS MN CLIMATE NORMALS FOR TODAY
                         NORMAL    RECORD    YEAR
 MAXIMUM TEMPERATURE (F)   77        99      1911
 MINIMUM TEMPERATURE (F)   52        37      2004
                                             1969


SUNRISE AND SUNSET
JULY  1 2014..........SUNRISE   516 AM CDT   SUNSET   919 PM CDT
JULY  2 2014..........SUNRISE   516 AM CDT   SUNSET   919 PM CDT


-  INDICATES NEGATIVE NUMBERS.
R  INDICATES RECORD WAS SET OR TIED.
MM INDICATES DATA IS MISSING.
T  INDICATES TRACE AMOUNT.




$$
