643
CDUS43 KDLH 132228
CLIINL


CLIMATE REPORT
NATIONAL WEATHER SERVICE DULUTH MN
423 PM CST SAT JAN 13 2018


...................................

...THE INTERNATIONAL FALLS MN CLIMATE SUMMARY FOR JANUARY 13 2018...
VALID TODAY AS OF 0400 PM LOCAL TIME.

CLIMATE NORMAL PERIOD 1981 TO 2010
CLIMATE RECORD PERIOD 1895 TO 2018


WEATHER ITEM   OBSERVED TIME   RECORD YEAR NORMAL DEPARTURE LAST
                VALUE   (LST)  VALUE       VALUE  FROM      YEAR
                                                  NORMAL
..................................................................
TEMPERATURE (F)
 TODAY
  MAXIMUM          0    333 PM  41    1987  15    -15        5
  MINIMUM        -36    804 AM -42    2009  -7    -29      -39
  AVERAGE        -18                         4    -22      -17

PRECIPITATION (IN)
  TODAY            0.00                      0.02  -0.02     0.00
  MONTH TO DATE    0.31                      0.30   0.01     0.89
  SINCE DEC 1      1.47                      1.11   0.36     3.08
  SINCE JAN 1      0.31                      0.30   0.01     0.89

SNOWFALL (IN)
  TODAY            0.0                       0.5   -0.5      0.0
  MONTH TO DATE    4.0                       6.9   -2.9     14.5
  SINCE JUL 1     34.4                      37.9   -3.5     48.4
  SNOW DEPTH       9

DEGREE DAYS
 HEATING
  TODAY           83                        61     22       82
  MONTH TO DATE  887                       789     98      895
  SINCE DEC 1   2714                      2503    211     2561
  SINCE JUL 1   5108                      4964    144     4367

 COOLING
  TODAY            0                         0      0        0
  MONTH TO DATE    0                         0      0        0
  SINCE DEC 1      0                         0      0        0
  SINCE JAN 1      0                         0      0        0
..................................................................


WIND (MPH)
  HIGHEST WIND SPEED     8   HIGHEST WIND DIRECTION     W (270)
  HIGHEST GUST SPEED    10   HIGHEST GUST DIRECTION     W (270)


SKY COVER
  AVERAGE SKY COVER 0.0


WEATHER CONDITIONS
 THE FOLLOWING WEATHER WAS RECORDED TODAY.
  NO SIGNIFICANT WEATHER WAS OBSERVED.


RELATIVE HUMIDITY (PERCENT)
 HIGHEST    78          1000 AM
 LOWEST     53           400 PM
 AVERAGE    66

..........................................................


THE INTERNATIONAL FALLS MN CLIMATE NORMALS FOR TOMORROW
                         NORMAL    RECORD    YEAR
 MAXIMUM TEMPERATURE (F)   15        35      1987
 MINIMUM TEMPERATURE (F)   -7       -42      2009
                                             1972
                                             1965


SUNRISE AND SUNSET
JANUARY 13 2018.......SUNRISE   802 AM CST   SUNSET   443 PM CST
JANUARY 14 2018.......SUNRISE   801 AM CST   SUNSET   445 PM CST


-  INDICATES NEGATIVE NUMBERS.
R  INDICATES RECORD WAS SET OR TIED.
MM INDICATES DATA IS MISSING.
T  INDICATES TRACE AMOUNT.




$$
