000
CDUS43 KDLH 140624
CLIINL


CLIMATE REPORT
NATIONAL WEATHER SERVICE DULUTH MN
123 AM CDT TUE MAR 14 2017


...................................

...THE INTERNATIONAL FALLS MN CLIMATE SUMMARY FOR MARCH 13 2017...

CLIMATE NORMAL PERIOD 1981 TO 2010
CLIMATE RECORD PERIOD 1895 TO 2017


WEATHER ITEM   OBSERVED TIME   RECORD YEAR NORMAL DEPARTURE LAST
                VALUE   (LST)  VALUE       VALUE  FROM      YEAR
                                                  NORMAL
..................................................................
TEMPERATURE (F)
 YESTERDAY
  MAXIMUM         21    503 PM  59    2016  33    -12       59
  MINIMUM         -4    535 AM -24    1897  11    -15       35
  AVERAGE          9                        22    -13       47

PRECIPITATION (IN)
  YESTERDAY        0.00          0.18 2016   0.02  -0.02     0.18
  MONTH TO DATE    0.07                      0.32  -0.25     0.38
  SINCE MAR 1      0.07                      0.32  -0.25     0.38
  SINCE JAN 1      2.82                      1.51   1.31     1.75

SNOWFALL (IN)
  YESTERDAY        0.0           2.0  1980   0.2   -0.2      0.0
  MONTH TO DATE    0.3                       3.6   -3.3      1.1
  SINCE MAR 1      0.3                       3.6   -3.3      1.1
  SINCE JUL 1     63.6                      60.4    3.2     34.6
  SNOW DEPTH       7

DEGREE DAYS
 HEATING
  YESTERDAY       56                        43     13       18
  MONTH TO DATE  660                       595     65      494
  SINCE MAR 1    660                       595     65      494
  SINCE JUL 1   7134                      8178  -1044     7026

 COOLING
  YESTERDAY        0                         0      0        0
  MONTH TO DATE    0                         0      0        0
  SINCE MAR 1      0                         0      0        0
  SINCE JAN 1      0                         0      0        0
..................................................................


WIND (MPH)
  HIGHEST WIND SPEED    10   HIGHEST WIND DIRECTION    NE (50)
  HIGHEST GUST SPEED    13   HIGHEST GUST DIRECTION     N (350)
  AVERAGE WIND SPEED     2.5


SKY COVER
  AVERAGE SKY COVER 0.0


WEATHER CONDITIONS
 THE FOLLOWING WEATHER WAS RECORDED YESTERDAY.
  NO SIGNIFICANT WEATHER WAS OBSERVED.


RELATIVE HUMIDITY (PERCENT)
 HIGHEST    86          1000 PM
 LOWEST     31           500 PM
 AVERAGE    59

..........................................................


THE INTERNATIONAL FALLS MN CLIMATE NORMALS FOR TODAY
                         NORMAL    RECORD    YEAR
 MAXIMUM TEMPERATURE (F)   34        60      2016
 MINIMUM TEMPERATURE (F)   12       -19      1993
                                             1956


SUNRISE AND SUNSET
MARCH 14 2017.........SUNRISE   728 AM CDT   SUNSET   718 PM CDT
MARCH 15 2017.........SUNRISE   726 AM CDT   SUNSET   719 PM CDT


-  INDICATES NEGATIVE NUMBERS.
R  INDICATES RECORD WAS SET OR TIED.
MM INDICATES DATA IS MISSING.
T  INDICATES TRACE AMOUNT.




$$
