751
CDUS43 KDLH 042239
CLIINL


CLIMATE REPORT
NATIONAL WEATHER SERVICE DULUTH MN
434 PM CST MON DEC 4 2017


...................................

...THE INTERNATIONAL FALLS MN CLIMATE SUMMARY FOR DECEMBER 4 2017...
VALID TODAY AS OF 0400 PM LOCAL TIME.

CLIMATE NORMAL PERIOD 1981 TO 2010
CLIMATE RECORD PERIOD 1895 TO 2017


WEATHER ITEM   OBSERVED TIME   RECORD YEAR NORMAL DEPARTURE LAST
                VALUE   (LST)  VALUE       VALUE  FROM      YEAR
                                                  NORMAL
..................................................................
TEMPERATURE (F)
 TODAY
  MAXIMUM         36    110 PM  45    2015  23     13       32
                                      1913
  MINIMUM         33    359 PM -28    1908   6     27       22
  AVERAGE         35                        15     20       27

PRECIPITATION (IN)
  TODAY            0.40                      0.03   0.37     0.15
  MONTH TO DATE    0.40                      0.12   0.28     0.16
  SINCE DEC 1      0.40                      0.12   0.28     0.16
  SINCE JAN 1     22.79                     23.53  -0.74    27.33

SNOWFALL (IN)
  TODAY           MM                         0.5   MM        2.7
  MONTH TO DATE    0.0                       2.0   -2.0      2.8
  SINCE JUL 1     14.0                      18.0   -4.0     11.2
  SNOW DEPTH       T

DEGREE DAYS
 HEATING
  TODAY           30                        50    -20       38
  MONTH TO DATE  130                       198    -68      156
  SINCE DEC 1    130                       198    -68      156
  SINCE JUL 1   2524                      2659   -135     1962

 COOLING
  TODAY            0                         0      0        0
  MONTH TO DATE    0                         0      0        0
  SINCE DEC 1      0                         0      0        0
  SINCE JAN 1     86                       192   -106      155
..................................................................


WIND (MPH)
  HIGHEST WIND SPEED    13   HIGHEST WIND DIRECTION     E (100)
  HIGHEST GUST SPEED    16   HIGHEST GUST DIRECTION     E (80)


SKY COVER
  AVERAGE SKY COVER 0.9


WEATHER CONDITIONS
 THE FOLLOWING WEATHER WAS RECORDED TODAY.
  RAIN
  LIGHT RAIN
  LIGHT SNOW
  FOG


RELATIVE HUMIDITY (PERCENT)
 HIGHEST    92           500 AM
 LOWEST     89           100 AM
 AVERAGE    91

..........................................................


THE INTERNATIONAL FALLS MN CLIMATE NORMALS FOR TOMORROW
                         NORMAL    RECORD    YEAR
 MAXIMUM TEMPERATURE (F)   23        48      1913
 MINIMUM TEMPERATURE (F)    5       -38      1908


SUNRISE AND SUNSET
DECEMBER  4 2017......SUNRISE   749 AM CST   SUNSET   419 PM CST
DECEMBER  5 2017......SUNRISE   750 AM CST   SUNSET   419 PM CST


-  INDICATES NEGATIVE NUMBERS.
R  INDICATES RECORD WAS SET OR TIED.
MM INDICATES DATA IS MISSING.
T  INDICATES TRACE AMOUNT.




$$
