000
CDUS43 KDLH 310621
CLIINL


CLIMATE REPORT
NATIONAL WEATHER SERVICE DULUTH MN
120 AM CDT MON JUL 31 2017


...................................

...THE INTERNATIONAL FALLS MN CLIMATE SUMMARY FOR JULY 30 2017...

CLIMATE NORMAL PERIOD 1981 TO 2010
CLIMATE RECORD PERIOD 1895 TO 2017


WEATHER ITEM   OBSERVED TIME   RECORD YEAR NORMAL DEPARTURE LAST
                VALUE   (LST)  VALUE       VALUE  FROM      YEAR
                                                  NORMAL
..................................................................
TEMPERATURE (F)
 YESTERDAY
  MAXIMUM         88    303 PM  94    1995  78     10       79
                                      1975
                                      1970
  MINIMUM         57   1211 AM  38    1898  53      4       54
  AVERAGE         73                        65      8       67

PRECIPITATION (IN)
  YESTERDAY        0.00          2.06 1948   0.10  -0.10     0.01
  MONTH TO DATE    2.25                      3.61  -1.36     2.43
  SINCE JUN 1      6.04                      7.53  -1.49     9.35
  SINCE JAN 1     12.66                     14.06  -1.40    17.15

SNOWFALL (IN)
  YESTERDAY        0.0           0.0  2002   0.0    0.0      0.0
                                      2001
  MONTH TO DATE    0.0                       0.0    0.0      0.0
  SINCE JUN 1      0.0                       0.0    0.0      0.0
  SINCE JUL 1      0.0                       0.0    0.0      0.0
  SNOW DEPTH       0

DEGREE DAYS
 HEATING
  YESTERDAY        0                         2     -2        0
  MONTH TO DATE   67                        67      0       43
  SINCE JUN 1    191                       231    -40      210
  SINCE JUL 1     67                        67      0       43

 COOLING
  YESTERDAY        8                         2      6        2
  MONTH TO DATE   48                        71    -23       77
  SINCE JUN 1     60                       109    -49       96
  SINCE JAN 1     60                       118    -58       98
..................................................................


WIND (MPH)
  HIGHEST WIND SPEED    15   HIGHEST WIND DIRECTION    NE (40)
  HIGHEST GUST SPEED    19   HIGHEST GUST DIRECTION    NE (40)
  AVERAGE WIND SPEED     4.2


SKY COVER
  AVERAGE SKY COVER 0.1


WEATHER CONDITIONS
 THE FOLLOWING WEATHER WAS RECORDED YESTERDAY.
  THUNDERSTORM


RELATIVE HUMIDITY (PERCENT)
 HIGHEST    97           300 AM
 LOWEST     43           300 PM
 AVERAGE    70

..........................................................


THE INTERNATIONAL FALLS MN CLIMATE NORMALS FOR TODAY
                         NORMAL    RECORD    YEAR
 MAXIMUM TEMPERATURE (F)   78        97      1923
 MINIMUM TEMPERATURE (F)   52        39      1906
                                             1898


SUNRISE AND SUNSET
JULY 31 2017..........SUNRISE   547 AM CDT   SUNSET   852 PM CDT
AUGUST  1 2017........SUNRISE   548 AM CDT   SUNSET   851 PM CDT


-  INDICATES NEGATIVE NUMBERS.
R  INDICATES RECORD WAS SET OR TIED.
MM INDICATES DATA IS MISSING.
T  INDICATES TRACE AMOUNT.




$$
