000
CDUS43 KDLH 090625
CLIINL


CLIMATE REPORT
NATIONAL WEATHER SERVICE DULUTH MN
122 AM CDT FRI JUN 9 2017


...................................

...THE INTERNATIONAL FALLS MN CLIMATE SUMMARY FOR JUNE 8 2017...

CLIMATE NORMAL PERIOD 1981 TO 2010
CLIMATE RECORD PERIOD 1895 TO 2017


WEATHER ITEM   OBSERVED TIME   RECORD YEAR NORMAL DEPARTURE LAST
                VALUE   (LST)  VALUE       VALUE  FROM      YEAR
                                                  NORMAL
..................................................................
TEMPERATURE (F)
 YESTERDAY
  MAXIMUM         79    207 PM  91    1970  72      7       70
  MINIMUM         48   1159 PM  30    2016  46      2       30
  AVERAGE         64                        59      5       50

PRECIPITATION (IN)
  YESTERDAY        T             2.97 1964   0.11  -0.11     0.00
  MONTH TO DATE    0.39                      0.92  -0.53     1.08
  SINCE JUN 1      0.39                      0.92  -0.53     1.08
  SINCE JAN 1      7.01                      7.45  -0.44     8.88

SNOWFALL (IN)
  YESTERDAY        0.0           0.0  2002   0.0    0.0      0.0
                                      2001
  MONTH TO DATE    0.0                       0.0    0.0      0.0
  SINCE JUN 1      0.0                       0.0    0.0      0.0
  SINCE JUL 1     70.4                      71.0   -0.6     47.7
  SNOW DEPTH       0

DEGREE DAYS
 HEATING
  YESTERDAY        1                         7     -6       15
  MONTH TO DATE   14                        62    -48       78
  SINCE JUN 1     14                        62    -48       78
  SINCE JUL 1   8978                     10119  -1141     8906

 COOLING
  YESTERDAY        0                         1     -1        0
  MONTH TO DATE    6                         8     -2        0
  SINCE JUN 1      6                         8     -2        0
  SINCE JAN 1      6                        17    -11        2
..................................................................


WIND (MPH)
  HIGHEST WIND SPEED    17   HIGHEST WIND DIRECTION    NE (30)
  HIGHEST GUST SPEED    23   HIGHEST GUST DIRECTION    NE (40)
  AVERAGE WIND SPEED     5.5


SKY COVER
  AVERAGE SKY COVER 0.3


WEATHER CONDITIONS
 THE FOLLOWING WEATHER WAS RECORDED YESTERDAY.
  LIGHT RAIN
  FOG


RELATIVE HUMIDITY (PERCENT)
 HIGHEST   100          1200 AM
 LOWEST     33           500 PM
 AVERAGE    67

..........................................................


THE INTERNATIONAL FALLS MN CLIMATE NORMALS FOR TODAY
                         NORMAL    RECORD    YEAR
 MAXIMUM TEMPERATURE (F)   72        91      1976
                                             1973
 MINIMUM TEMPERATURE (F)   47        28      1978


SUNRISE AND SUNSET
JUNE  9 2017..........SUNRISE   512 AM CDT   SUNSET   914 PM CDT
JUNE 10 2017..........SUNRISE   511 AM CDT   SUNSET   915 PM CDT


-  INDICATES NEGATIVE NUMBERS.
R  INDICATES RECORD WAS SET OR TIED.
MM INDICATES DATA IS MISSING.
T  INDICATES TRACE AMOUNT.




$$
