000
CDUS43 KDLH 070647
CLIINL


CLIMATE REPORT
NATIONAL WEATHER SERVICE DULUTH MN
1244 AM CST WED FEB 7 2018


...................................

...THE INTERNATIONAL FALLS MN CLIMATE SUMMARY FOR FEBRUARY 6 2018...

CLIMATE NORMAL PERIOD 1981 TO 2010
CLIMATE RECORD PERIOD 1895 TO 2018


WEATHER ITEM   OBSERVED TIME   RECORD YEAR NORMAL DEPARTURE LAST
                VALUE   (LST)  VALUE       VALUE  FROM      YEAR
                                                  NORMAL
..................................................................
TEMPERATURE (F)
 YESTERDAY
  MAXIMUM          5    407 PM  44    2002  19    -14       11
  MINIMUM        -32    452 AM -39    1967  -5    -27        3
  AVERAGE        -13                         7    -20        7

PRECIPITATION (IN)
  YESTERDAY        0.00          0.37 1946   0.02  -0.02     0.17
  MONTH TO DATE    0.07                      0.10  -0.03     0.34
  SINCE DEC 1      1.94                      1.53   0.41     3.80
  SINCE JAN 1      0.78                      0.72   0.06     1.61

SNOWFALL (IN)
  YESTERDAY        0.0           2.7  2017   0.4   -0.4      2.7
  MONTH TO DATE    0.8                       2.3   -1.5      6.0
  SINCE DEC 1     26.5                      32.3   -5.8     48.4
  SINCE JUL 1     40.5                      48.3   -7.8     56.8
  SNOW DEPTH      10

DEGREE DAYS
 HEATING
  YESTERDAY       78                        58     20       58
  MONTH TO DATE  453                       351    102      374
  SINCE DEC 1   4120                      3943    177     3712
  SINCE JUL 1   6514                      6404    110     5518

 COOLING
  YESTERDAY        0                         0      0        0
  MONTH TO DATE    0                         0      0        0
  SINCE DEC 1      0                         0      0        0
  SINCE JAN 1      0                         0      0        0
..................................................................


WIND (MPH)
  HIGHEST WIND SPEED    15   HIGHEST WIND DIRECTION     W (260)
  HIGHEST GUST SPEED    22   HIGHEST GUST DIRECTION     W (260)
  AVERAGE WIND SPEED     5.1


SKY COVER
  AVERAGE SKY COVER 0.5


WEATHER CONDITIONS
 THE FOLLOWING WEATHER WAS RECORDED YESTERDAY.
  FOG
  HAZE


RELATIVE HUMIDITY (PERCENT)
 HIGHEST    86           200 AM
 LOWEST     54           400 PM
 AVERAGE    70

..........................................................


THE INTERNATIONAL FALLS MN CLIMATE NORMALS FOR TODAY
                         NORMAL    RECORD    YEAR
 MAXIMUM TEMPERATURE (F)   19        48      1998
 MINIMUM TEMPERATURE (F)   -4       -36      1994


SUNRISE AND SUNSET
FEBRUARY  7 2018......SUNRISE   734 AM CST   SUNSET   522 PM CST
FEBRUARY  8 2018......SUNRISE   732 AM CST   SUNSET   524 PM CST


-  INDICATES NEGATIVE NUMBERS.
R  INDICATES RECORD WAS SET OR TIED.
MM INDICATES DATA IS MISSING.
T  INDICATES TRACE AMOUNT.




$$
