000
CDUS43 KDLH 232219
CLIINL


CLIMATE REPORT
NATIONAL WEATHER SERVICE DULUTH MN
518 PM CDT SAT AUG 23 2014


...................................

...THE INTERNATIONAL FALLS MN CLIMATE SUMMARY FOR AUGUST 23 2014...
VALID TODAY AS OF 0500 PM LOCAL TIME.

CLIMATE NORMAL PERIOD 1981 TO 2010
CLIMATE RECORD PERIOD 1895 TO 2014


WEATHER ITEM   OBSERVED TIME   RECORD YEAR NORMAL DEPARTURE LAST
                VALUE   (LST)  VALUE       VALUE  FROM      YEAR
                                                  NORMAL
..................................................................
TEMPERATURE (F)
 TODAY
  MAXIMUM         76    310 PM  90    1947  75      1       79
  MINIMUM         56    543 AM  33    2004  50      6       41
  AVERAGE         66                        62      4       60

PRECIPITATION (IN)
  TODAY            0.00                      0.09  -0.09     0.00
  MONTH TO DATE    0.31                      2.07  -1.76     2.12
  SINCE JUN 1     15.13                      9.69   5.44    11.12
  SINCE JAN 1     23.95                     16.22   7.73    23.50

SNOWFALL (IN)
  TODAY            0.0                       0.0    0.0      0.0
  MONTH TO DATE    0.0                       0.0    0.0      0.0
  SINCE JUL 1      0.0                       0.0    0.0      0.0
  SNOW DEPTH       0

DEGREE DAYS
 HEATING
  TODAY            0                         4     -4        5
  MONTH TO DATE   62                        68     -6      135
  SINCE JUN 1    294                       302     -8      389
  SINCE JUL 1    165                       138     27      220

 COOLING
  TODAY            1                         1      0        0
  MONTH TO DATE   11                        45    -34       32
  SINCE JUN 1     83                       159    -76      156
  SINCE JAN 1    106                       168    -62      159
..................................................................


WIND (MPH)
  HIGHEST WIND SPEED    13   HIGHEST WIND DIRECTION     E (80)
  HIGHEST GUST SPEED    17   HIGHEST GUST DIRECTION     E (100)


SKY COVER
  AVERAGE SKY COVER 0.8


WEATHER CONDITIONS
 THE FOLLOWING WEATHER WAS RECORDED TODAY.
  FOG
  FOG W/VISIBILITY <= 1/4 MILE


RELATIVE HUMIDITY (PERCENT)
 HIGHEST   100           200 AM
 LOWEST     64           100 PM
 AVERAGE    82

..........................................................


THE INTERNATIONAL FALLS MN CLIMATE NORMALS FOR TOMORROW
                         NORMAL    RECORD    YEAR
 MAXIMUM TEMPERATURE (F)   74        92      1948
 MINIMUM TEMPERATURE (F)   50        31      1908


SUNRISE AND SUNSET
AUGUST 23 2014........SUNRISE   618 AM CDT   SUNSET   813 PM CDT
AUGUST 24 2014........SUNRISE   620 AM CDT   SUNSET   811 PM CDT


-  INDICATES NEGATIVE NUMBERS.
R  INDICATES RECORD WAS SET OR TIED.
MM INDICATES DATA IS MISSING.
T  INDICATES TRACE AMOUNT.




$$
