000
CDUS43 KDLH 160630
CLIINL


CLIMATE REPORT
NATIONAL WEATHER SERVICE DULUTH MN
127 AM CDT SUN APR 16 2017


...................................

...THE INTERNATIONAL FALLS MN CLIMATE SUMMARY FOR APRIL 15 2017...

CLIMATE NORMAL PERIOD 1981 TO 2010
CLIMATE RECORD PERIOD 1895 TO 2017


WEATHER ITEM   OBSERVED TIME   RECORD YEAR NORMAL DEPARTURE LAST
                VALUE   (LST)  VALUE       VALUE  FROM      YEAR
                                                  NORMAL
..................................................................
TEMPERATURE (F)
 YESTERDAY
  MAXIMUM         64    243 PM  78    1913  51     13       73
  MINIMUM         35   1133 PM   5    2014  27      8       50
  AVERAGE         50                        39     11       62

PRECIPITATION (IN)
  YESTERDAY        0.28          0.72 1915   0.05   0.23     0.01
  MONTH TO DATE    0.28                      0.68  -0.40     0.52
  SINCE MAR 1      0.96                      1.63  -0.67     3.23
  SINCE JAN 1      3.71                      2.82   0.89     4.60

SNOWFALL (IN)
  YESTERDAY        0.0           8.0  2001   0.3   -0.3      0.0
  MONTH TO DATE    0.0                       4.1   -4.1      4.9
  SINCE MAR 1      4.5                      11.7   -7.2     14.2
  SINCE JUL 1     67.8                      68.5   -0.7     47.7
  SNOW DEPTH       0

DEGREE DAYS
 HEATING
  YESTERDAY       15                        26    -11        3
  MONTH TO DATE  331                       441   -110      517
  SINCE MAR 1   1588                      1724   -136     1620
  SINCE JUL 1   8062                      9307  -1245     8152

 COOLING
  YESTERDAY        0                         0      0        0
  MONTH TO DATE    0                         0      0        0
  SINCE MAR 1      0                         0      0        0
  SINCE JAN 1      0                         0      0        0
..................................................................


WIND (MPH)
  HIGHEST WIND SPEED    17   HIGHEST WIND DIRECTION    NW (320)
  HIGHEST GUST SPEED    22   HIGHEST GUST DIRECTION    NW (300)
  AVERAGE WIND SPEED     7.3


SKY COVER
  AVERAGE SKY COVER 0.6


WEATHER CONDITIONS
 THE FOLLOWING WEATHER WAS RECORDED YESTERDAY.
  HEAVY RAIN
  RAIN
  LIGHT RAIN
  FOG


RELATIVE HUMIDITY (PERCENT)
 HIGHEST    93           500 AM
 LOWEST     34           300 PM
 AVERAGE    64

..........................................................


THE INTERNATIONAL FALLS MN CLIMATE NORMALS FOR TODAY
                         NORMAL    RECORD    YEAR
 MAXIMUM TEMPERATURE (F)   52        85      1913
 MINIMUM TEMPERATURE (F)   28        13      1953


SUNRISE AND SUNSET
APRIL 16 2017.........SUNRISE   621 AM CDT   SUNSET   807 PM CDT
APRIL 17 2017.........SUNRISE   619 AM CDT   SUNSET   808 PM CDT


-  INDICATES NEGATIVE NUMBERS.
R  INDICATES RECORD WAS SET OR TIED.
MM INDICATES DATA IS MISSING.
T  INDICATES TRACE AMOUNT.




$$
