000
CDUS43 KDLH 160629
CLIINL


CLIMATE REPORT
NATIONAL WEATHER SERVICE DULUTH MN
1223 AM CST FRI JAN 16 2015


...................................

...THE INTERNATIONAL FALLS MN CLIMATE SUMMARY FOR JANUARY 15 2015...

CLIMATE NORMAL PERIOD 1981 TO 2010
CLIMATE RECORD PERIOD 1895 TO 2015


WEATHER ITEM   OBSERVED TIME   RECORD YEAR NORMAL DEPARTURE LAST
                VALUE   (LST)  VALUE       VALUE  FROM      YEAR
                                                  NORMAL
..................................................................
TEMPERATURE (F)
 YESTERDAY
  MAXIMUM         30    711 AM  39    2010  15     15       21
  MINIMUM         -3   1147 PM -45    1972  -7      4        0
                                      1909
  AVERAGE         14                         4     10       11

PRECIPITATION (IN)
  YESTERDAY        0.01          0.43 1969   0.02  -0.01     0.17
  MONTH TO DATE    0.94                      0.34   0.60     0.47
  SINCE DEC 1      1.79                      1.15   0.64     1.91
  SINCE JAN 1      0.94                      0.34   0.60     0.47

SNOWFALL (IN)
  YESTERDAY        0.1           4.2  1969   0.5   -0.4      2.8
  MONTH TO DATE   14.8                       7.9    6.9      9.3
  SINCE DEC 1     25.5                      22.9    2.6     35.7
  SINCE JUL 1     34.8                      38.9   -4.1     46.6
  SNOW DEPTH      14

DEGREE DAYS
 HEATING
  YESTERDAY       51                        61    -10       54
  MONTH TO DATE 1028                       911    117     1018
  SINCE DEC 1   2491                      2625   -134     3155
  SINCE JUL 1   5102                      5086     16     5513

 COOLING
  YESTERDAY        0                         0      0        0
  MONTH TO DATE    0                         0      0        0
  SINCE DEC 1      0                         0      0        0
  SINCE JAN 1      0                         0      0        0
..................................................................


WIND (MPH)
  HIGHEST WIND SPEED    26   HIGHEST WIND DIRECTION    NW (320)
  HIGHEST GUST SPEED    35   HIGHEST GUST DIRECTION    NW (310)
  AVERAGE WIND SPEED    10.9


SKY COVER
  AVERAGE SKY COVER 0.4


WEATHER CONDITIONS
 THE FOLLOWING WEATHER WAS RECORDED YESTERDAY.
  LIGHT SNOW
  FOG


RELATIVE HUMIDITY (PERCENT)
 HIGHEST    92           300 AM
 LOWEST     56           200 PM
 AVERAGE    74

..........................................................


THE INTERNATIONAL FALLS MN CLIMATE NORMALS FOR TODAY
                         NORMAL    RECORD    YEAR
 MAXIMUM TEMPERATURE (F)   15        44      1897
 MINIMUM TEMPERATURE (F)   -7       -44      1979


SUNRISE AND SUNSET
JANUARY 16 2015.......SUNRISE   800 AM CST   SUNSET   447 PM CST
JANUARY 17 2015.......SUNRISE   759 AM CST   SUNSET   448 PM CST


-  INDICATES NEGATIVE NUMBERS.
R  INDICATES RECORD WAS SET OR TIED.
MM INDICATES DATA IS MISSING.
T  INDICATES TRACE AMOUNT.




$$
