000
CDUS43 KDLH 040640
CLIINL


CLIMATE REPORT
NATIONAL WEATHER SERVICE DULUTH MN
134 AM CDT SAT NOV 4 2017


...................................

...THE INTERNATIONAL FALLS MN CLIMATE SUMMARY FOR NOVEMBER 3 2017...

CLIMATE NORMAL PERIOD 1981 TO 2010
CLIMATE RECORD PERIOD 1895 TO 2017


WEATHER ITEM   OBSERVED TIME   RECORD YEAR NORMAL DEPARTURE LAST
                VALUE   (LST)  VALUE       VALUE  FROM      YEAR
                                                  NORMAL
..................................................................
TEMPERATURE (F)
 YESTERDAY
  MAXIMUM         28    121 AM  66    2008  41    -13       44
                                      1978
  MINIMUM         23    851 PM   2    1989  25     -2       29
  AVERAGE         26                        33     -7       37

PRECIPITATION (IN)
  YESTERDAY        T             2.62 1919   0.05  -0.05     0.05
  MONTH TO DATE    0.28                      0.16   0.12     0.17
  SINCE SEP 1      4.86                      5.23  -0.37     4.98
  SINCE JAN 1     21.60                     22.19  -0.59    25.54

SNOWFALL (IN)
  YESTERDAY        T             6.0  1982   0.3   -0.3      0.0
  MONTH TO DATE    2.6                       0.8    1.8      0.0
  SINCE SEP 1      4.7                       3.1    1.6       T
  SINCE JUL 1      4.7                       3.1    1.6       T
  SNOW DEPTH       3

DEGREE DAYS
 HEATING
  YESTERDAY       39                        32      7       28
  MONTH TO DATE  114                        94     20       78
  SINCE SEP 1   1032                      1190   -158      942
  SINCE JUL 1   1243                      1371   -128     1059

 COOLING
  YESTERDAY        0                         0      0        0
  MONTH TO DATE    0                         0      0        0
  SINCE SEP 1      7                        11     -4        7
  SINCE JAN 1     86                       192   -106      155
..................................................................


WIND (MPH)
  HIGHEST WIND SPEED    15   HIGHEST WIND DIRECTION     N (350)
  HIGHEST GUST SPEED    18   HIGHEST GUST DIRECTION     N (350)
  AVERAGE WIND SPEED     6.6


SKY COVER
  AVERAGE SKY COVER 1.0


WEATHER CONDITIONS
 THE FOLLOWING WEATHER WAS RECORDED YESTERDAY.
  LIGHT SNOW


RELATIVE HUMIDITY (PERCENT)
 HIGHEST    78          1200 AM
 LOWEST     68           400 AM
 AVERAGE    73

..........................................................


THE INTERNATIONAL FALLS MN CLIMATE NORMALS FOR TODAY
                         NORMAL    RECORD    YEAR
 MAXIMUM TEMPERATURE (F)   41        67      1975
 MINIMUM TEMPERATURE (F)   24        -2      1991


SUNRISE AND SUNSET
NOVEMBER  4 2017......SUNRISE   805 AM CDT   SUNSET   549 PM CDT
NOVEMBER  5 2017......SUNRISE   707 AM CST   SUNSET   447 PM CST


-  INDICATES NEGATIVE NUMBERS.
R  INDICATES RECORD WAS SET OR TIED.
MM INDICATES DATA IS MISSING.
T  INDICATES TRACE AMOUNT.




$$
