960
CDUS43 KDLH 060653
CLIINL


CLIMATE REPORT
NATIONAL WEATHER SERVICE DULUTH MN
1252 AM CST SAT FEB 6 2016


...................................

...THE INTERNATIONAL FALLS MN CLIMATE SUMMARY FOR FEBRUARY 5 2016...

CLIMATE NORMAL PERIOD 1981 TO 2010
CLIMATE RECORD PERIOD 1895 TO 2016


WEATHER ITEM   OBSERVED TIME   RECORD YEAR NORMAL DEPARTURE LAST
                VALUE   (LST)  VALUE       VALUE  FROM      YEAR
                                                  NORMAL
..................................................................
TEMPERATURE (F)
 YESTERDAY
  MAXIMUM         26    444 PM  49    2005  19      7       22
  MINIMUM          2    249 AM -40    1907  -5      7      -19
  AVERAGE         14                         7      7        2

PRECIPITATION (IN)
  YESTERDAY        T             0.77 1946   0.02  -0.02     0.00
  MONTH TO DATE    0.01                      0.08  -0.07      T
  SINCE DEC 1      1.67                      1.51   0.16     2.18
  SINCE JAN 1      0.60                      0.70  -0.10     1.33

SNOWFALL (IN)
  YESTERDAY        0.1           7.1  1951   0.4   -0.3      0.0
  MONTH TO DATE    0.4                       1.9   -1.5      0.1
  SINCE DEC 1     18.7                      31.9  -13.2     31.6
  SINCE JUL 1     22.5                      47.9  -25.4     40.9
  SNOW DEPTH       0

DEGREE DAYS
 HEATING
  YESTERDAY       51                        58     -7       63
  MONTH TO DATE  264                       293    -29      359
  SINCE DEC 1   3273                      3885   -612     3633
  SINCE JUL 1   5279                      6346  -1067     6244

 COOLING
  YESTERDAY        0                         0      0        0
  MONTH TO DATE    0                         0      0        0
  SINCE DEC 1      0                         0      0        0
  SINCE JAN 1      0                         0      0        0
..................................................................


WIND (MPH)
  HIGHEST WIND SPEED    12   HIGHEST WIND DIRECTION    SW (210)
  HIGHEST GUST SPEED    17   HIGHEST GUST DIRECTION    SW (220)
  AVERAGE WIND SPEED     4.5


SKY COVER
  AVERAGE SKY COVER 1.0


WEATHER CONDITIONS
 THE FOLLOWING WEATHER WAS RECORDED YESTERDAY.
  LIGHT SNOW
  FOG
  HAZE


RELATIVE HUMIDITY (PERCENT)
 HIGHEST    91           300 AM
 LOWEST     60           100 PM
 AVERAGE    76

..........................................................


THE INTERNATIONAL FALLS MN CLIMATE NORMALS FOR TODAY
                         NORMAL    RECORD    YEAR
 MAXIMUM TEMPERATURE (F)   19        44      2002
 MINIMUM TEMPERATURE (F)   -5       -39      1967


SUNRISE AND SUNSET
FEBRUARY  6 2016......SUNRISE   736 AM CST   SUNSET   520 PM CST
FEBRUARY  7 2016......SUNRISE   735 AM CST   SUNSET   521 PM CST


-  INDICATES NEGATIVE NUMBERS.
R  INDICATES RECORD WAS SET OR TIED.
MM INDICATES DATA IS MISSING.
T  INDICATES TRACE AMOUNT.




$$
