000
CDUS43 KDLH 120637
CLIINL


CLIMATE REPORT
NATIONAL WEATHER SERVICE DULUTH MN
136 AM CDT TUE SEP 12 2017


...................................

...THE INTERNATIONAL FALLS MN CLIMATE SUMMARY FOR SEPTEMBER 11 2017...

CLIMATE NORMAL PERIOD 1981 TO 2010
CLIMATE RECORD PERIOD 1895 TO 2017


WEATHER ITEM   OBSERVED TIME   RECORD YEAR NORMAL DEPARTURE LAST
                VALUE   (LST)  VALUE       VALUE  FROM      YEAR
                                                  NORMAL
..................................................................
TEMPERATURE (F)
 YESTERDAY
  MAXIMUM         75    316 PM  86    2005  68      7       76
                                      1990
                                      1976
  MINIMUM         44   1153 PM  29    1955  44      0       47
  AVERAGE         60                        56      4       62

PRECIPITATION (IN)
  YESTERDAY        0.00          1.65 2008   0.10  -0.10      T
  MONTH TO DATE    0.54                      1.11  -0.57     1.53
  SINCE SEP 1      0.54                      1.11  -0.57     1.53
  SINCE JAN 1     17.28                     18.07  -0.79    22.09

SNOWFALL (IN)
  YESTERDAY        0.0           T    1990   0.0    0.0      0.0
  MONTH TO DATE    0.0                       0.0    0.0      0.0
  SINCE SEP 1      0.0                       0.0    0.0      0.0
  SINCE JUL 1      0.0                       0.0    0.0      0.0
  SNOW DEPTH       0

DEGREE DAYS
 HEATING
  YESTERDAY        5                        10     -5        3
  MONTH TO DATE   94                        89      5       43
  SINCE SEP 1     94                        89      5       43
  SINCE JUL 1    305                       270     35      160

 COOLING
  YESTERDAY        0                         0      0        0
  MONTH TO DATE    1                         9     -8        7
  SINCE SEP 1      1                         9     -8        7
  SINCE JAN 1     80                       190   -110      155
..................................................................


WIND (MPH)
  HIGHEST WIND SPEED    17   HIGHEST WIND DIRECTION     W (280)
  HIGHEST GUST SPEED    23   HIGHEST GUST DIRECTION     W (280)
  AVERAGE WIND SPEED     6.8


SKY COVER
  AVERAGE SKY COVER 0.1


WEATHER CONDITIONS
 THE FOLLOWING WEATHER WAS RECORDED YESTERDAY.
  NO SIGNIFICANT WEATHER WAS OBSERVED.


RELATIVE HUMIDITY (PERCENT)
 HIGHEST    90           600 AM
 LOWEST     29           400 PM
 AVERAGE    60

..........................................................


THE INTERNATIONAL FALLS MN CLIMATE NORMALS FOR TODAY
                         NORMAL    RECORD    YEAR
 MAXIMUM TEMPERATURE (F)   67        87      1952
 MINIMUM TEMPERATURE (F)   43        26      1910


SUNRISE AND SUNSET
SEPTEMBER 12 2017.....SUNRISE   646 AM CDT   SUNSET   732 PM CDT
SEPTEMBER 13 2017.....SUNRISE   648 AM CDT   SUNSET   730 PM CDT


-  INDICATES NEGATIVE NUMBERS.
R  INDICATES RECORD WAS SET OR TIED.
MM INDICATES DATA IS MISSING.
T  INDICATES TRACE AMOUNT.




$$
