000
CDUS43 KDLH 190621
CLIINL


CLIMATE REPORT
NATIONAL WEATHER SERVICE DULUTH MN
120 AM CDT SUN JUL 19 2015


...................................

...THE INTERNATIONAL FALLS MN CLIMATE SUMMARY FOR JULY 18 2015...

CLIMATE NORMAL PERIOD 1981 TO 2010
CLIMATE RECORD PERIOD 1895 TO 2015


WEATHER ITEM   OBSERVED TIME   RECORD YEAR NORMAL DEPARTURE LAST
                VALUE   (LST)  VALUE       VALUE  FROM      YEAR
                                                  NORMAL
..................................................................
TEMPERATURE (F)
 YESTERDAY
  MAXIMUM         80   1229 PM  98    1916  78      2       79
  MINIMUM         58   1159 PM  38    1912  53      5       59
  AVERAGE         69                        66      3       69

PRECIPITATION (IN)
  YESTERDAY        T             2.15 2013   0.11  -0.11     0.00
  MONTH TO DATE    1.15                      2.37  -1.22     1.70
  SINCE JUN 1      4.35                      6.29  -1.94    11.94
  SINCE JAN 1     12.52                     12.82  -0.30    20.76

SNOWFALL (IN)
  YESTERDAY        0.0           0.0  2002   0.0    0.0      0.0
                                      2001
  MONTH TO DATE    0.0                       0.0    0.0      0.0
  SINCE JUN 1      0.0                       0.0    0.0      0.0
  SINCE JUL 1      0.0                       0.0    0.0      0.0
  SNOW DEPTH       0

DEGREE DAYS
 HEATING
  YESTERDAY        0                         2     -2        0
  MONTH TO DATE   38                        43     -5       81
  SINCE JUN 1    187                       207    -20      210
  SINCE JUL 1     38                        43     -5       81

 COOLING
  YESTERDAY        4                         3      1        4
  MONTH TO DATE   45                        45      0       22
  SINCE JUN 1     49                        83    -34       51
  SINCE JAN 1     49                        92    -43       74
..................................................................


WIND (MPH)
  HIGHEST WIND SPEED    24   HIGHEST WIND DIRECTION    SW (240)
  HIGHEST GUST SPEED    38   HIGHEST GUST DIRECTION    SW (240)
  AVERAGE WIND SPEED    10.4


SKY COVER
  AVERAGE SKY COVER 0.3


WEATHER CONDITIONS
 THE FOLLOWING WEATHER WAS RECORDED YESTERDAY.
  LIGHT RAIN


RELATIVE HUMIDITY (PERCENT)
 HIGHEST    93          1200 AM
 LOWEST     47           300 PM
 AVERAGE    70

..........................................................


THE INTERNATIONAL FALLS MN CLIMATE NORMALS FOR TODAY
                         NORMAL    RECORD    YEAR
 MAXIMUM TEMPERATURE (F)   78       100      1923
 MINIMUM TEMPERATURE (F)   53        37      2009


SUNRISE AND SUNSET
JULY 19 2015..........SUNRISE   532 AM CDT   SUNSET   907 PM CDT
JULY 20 2015..........SUNRISE   533 AM CDT   SUNSET   906 PM CDT


-  INDICATES NEGATIVE NUMBERS.
R  INDICATES RECORD WAS SET OR TIED.
MM INDICATES DATA IS MISSING.
T  INDICATES TRACE AMOUNT.




$$
