000
CDUS43 KDLH 260622
CLIINL


CLIMATE REPORT
NATIONAL WEATHER SERVICE DULUTH MN
121 AM CDT WED AUG 26 2015


...................................

...THE INTERNATIONAL FALLS MN CLIMATE SUMMARY FOR AUGUST 25 2015...

CLIMATE NORMAL PERIOD 1981 TO 2010
CLIMATE RECORD PERIOD 1895 TO 2015


WEATHER ITEM   OBSERVED TIME   RECORD YEAR NORMAL DEPARTURE LAST
                VALUE   (LST)  VALUE       VALUE  FROM      YEAR
                                                  NORMAL
..................................................................
TEMPERATURE (F)
 YESTERDAY
  MAXIMUM         68    414 PM  92    1953  74     -6       67
  MINIMUM         39   1159 PM  32    1950  49    -10       50
  AVERAGE         54                        62     -8       59

PRECIPITATION (IN)
  YESTERDAY        0.00          1.50 1960   0.09  -0.09      T
  MONTH TO DATE    3.57                      2.25   1.32     0.63
  SINCE JUN 1      8.24                      9.87  -1.63    15.45
  SINCE JAN 1     16.41                     16.40   0.01    24.27

SNOWFALL (IN)
  YESTERDAY        0.0           0.0  2002   0.0    0.0      0.0
                                      2001
  MONTH TO DATE    0.0                       0.0    0.0      0.0
  SINCE JUN 1      0.0                       0.0    0.0      0.0
  SINCE JUL 1      0.0                       0.0    0.0      0.0
  SNOW DEPTH       0

DEGREE DAYS
 HEATING
  YESTERDAY       11                         5      6        6
  MONTH TO DATE  109                        77     32       68
  SINCE JUN 1    305                       311     -6      300
  SINCE JUL 1    156                       147      9      171

 COOLING
  YESTERDAY        0                         1     -1        0
  MONTH TO DATE   44                        47     -3       16
  SINCE JUN 1    139                       161    -22       88
  SINCE JAN 1    139                       170    -31      111
..................................................................


WIND (MPH)
  HIGHEST WIND SPEED    16   HIGHEST WIND DIRECTION    NW (330)
  HIGHEST GUST SPEED    20   HIGHEST GUST DIRECTION    NW (330)
  AVERAGE WIND SPEED     7.9


SKY COVER
  AVERAGE SKY COVER 0.5


WEATHER CONDITIONS
 THE FOLLOWING WEATHER WAS RECORDED YESTERDAY.
  NO SIGNIFICANT WEATHER WAS OBSERVED.


RELATIVE HUMIDITY (PERCENT)
 HIGHEST    96          1000 PM
 LOWEST     55           400 PM
 AVERAGE    76

..........................................................


THE INTERNATIONAL FALLS MN CLIMATE NORMALS FOR TODAY
                         NORMAL    RECORD    YEAR
 MAXIMUM TEMPERATURE (F)   74        91      1953
 MINIMUM TEMPERATURE (F)   49        32      1915


SUNRISE AND SUNSET
AUGUST 26 2015........SUNRISE   622 AM CDT   SUNSET   808 PM CDT
AUGUST 27 2015........SUNRISE   624 AM CDT   SUNSET   806 PM CDT


-  INDICATES NEGATIVE NUMBERS.
R  INDICATES RECORD WAS SET OR TIED.
MM INDICATES DATA IS MISSING.
T  INDICATES TRACE AMOUNT.




$$
