000
CDUS43 KDLH 180627
CLIINL


CLIMATE REPORT
NATIONAL WEATHER SERVICE DULUTH MN
1227 AM CST FRI NOV 18 2016


...................................

...THE INTERNATIONAL FALLS MN CLIMATE SUMMARY FOR NOVEMBER 17 2016...

CLIMATE NORMAL PERIOD 1981 TO 2010
CLIMATE RECORD PERIOD 1895 TO 2016


WEATHER ITEM   OBSERVED TIME   RECORD YEAR NORMAL DEPARTURE LAST
                VALUE   (LST)  VALUE       VALUE  FROM      YEAR
                                                  NORMAL
..................................................................
TEMPERATURE (F)
 YESTERDAY
  MAXIMUM         42   1246 AM  68    1953  33      9       49
  MINIMUM         29    453 AM -12    1914  17     12       47
  AVERAGE         36                        25     11       48

PRECIPITATION (IN)
  YESTERDAY        0.00          0.63 1958   0.04  -0.04     0.53
  MONTH TO DATE    0.21                      0.87  -0.66     1.88
  SINCE SEP 1      5.02                      5.94  -0.92     5.94
  SINCE JAN 1     25.58                     22.90   2.68    22.40

SNOWFALL (IN)
  YESTERDAY        0.0           4.4  1968   0.6   -0.6      0.0
  MONTH TO DATE    0.0                       6.7   -6.7      0.9
  SINCE SEP 1      T                         9.0   -9.0      0.9
  SINCE JUL 1      T                         9.0   -9.0      0.9
  SNOW DEPTH       0

DEGREE DAYS
 HEATING
  YESTERDAY       29                        40    -11       17
  MONTH TO DATE  364                       603   -239      398
  SINCE SEP 1   1228                      1699   -471     1283
  SINCE JUL 1   1345                      1880   -535     1459

 COOLING
  YESTERDAY        0                         0      0        0
  MONTH TO DATE    0                         0      0        0
  SINCE SEP 1      7                        11     -4       48
  SINCE JAN 1    155                       192    -37      211
..................................................................


WIND (MPH)
  HIGHEST WIND SPEED    18   HIGHEST WIND DIRECTION    NE (30)
  HIGHEST GUST SPEED    26   HIGHEST GUST DIRECTION    NE (40)
  AVERAGE WIND SPEED     9.3


SKY COVER
  AVERAGE SKY COVER 0.6


WEATHER CONDITIONS
 THE FOLLOWING WEATHER WAS RECORDED YESTERDAY.
  NO SIGNIFICANT WEATHER WAS OBSERVED.


RELATIVE HUMIDITY (PERCENT)
 HIGHEST    92           400 AM
 LOWEST     70           400 PM
 AVERAGE    81

..........................................................


THE INTERNATIONAL FALLS MN CLIMATE NORMALS FOR TODAY
                         NORMAL    RECORD    YEAR
 MAXIMUM TEMPERATURE (F)   32        54      2015
                                             2012
                                             2001
 MINIMUM TEMPERATURE (F)   16       -10      1911


SUNRISE AND SUNSET
NOVEMBER 18 2016......SUNRISE   727 AM CST   SUNSET   430 PM CST
NOVEMBER 19 2016......SUNRISE   729 AM CST   SUNSET   429 PM CST


-  INDICATES NEGATIVE NUMBERS.
R  INDICATES RECORD WAS SET OR TIED.
MM INDICATES DATA IS MISSING.
T  INDICATES TRACE AMOUNT.




$$
