000
CDUS43 KDLH 291255
CLIINL


CLIMATE REPORT
NATIONAL WEATHER SERVICE DULUTH MN
754 AM CDT THU SEP 29 2016


...................................

...THE INTERNATIONAL FALLS MN CLIMATE SUMMARY FOR SEPTEMBER 28 2016...

CLIMATE NORMAL PERIOD 1981 TO 2010
CLIMATE RECORD PERIOD 1895 TO 2016


WEATHER ITEM   OBSERVED TIME   RECORD YEAR NORMAL DEPARTURE LAST
                VALUE   (LST)  VALUE       VALUE  FROM      YEAR
                                                  NORMAL
..................................................................
TEMPERATURE (F)
 YESTERDAY
  MAXIMUM         61    405 PM  82    2011  60      1       64
  MINIMUM         48    327 AM  24    1907  37     11       28
  AVERAGE         55                        48      7       46

PRECIPITATION (IN)
  YESTERDAY        0.00          1.83 1997   0.09  -0.09     0.00
  MONTH TO DATE    3.33                      2.81   0.52     1.18
  SINCE SEP 1      3.33                      2.81   0.52     1.18
  SINCE JAN 1     23.89                     19.77   4.12    17.64

SNOWFALL (IN)
  YESTERDAY        0.0           T    2003   0.0    0.0      0.0
                                      1993
  MONTH TO DATE    0.0                       0.1   -0.1      0.0
  SINCE SEP 1      0.0                       0.1   -0.1      0.0
  SINCE JUL 1      0.0                       0.1   -0.1      0.0
  SNOW DEPTH       0

DEGREE DAYS
 HEATING
  YESTERDAY       10                        17     -7       19
  MONTH TO DATE  209                       318   -109      178
  SINCE SEP 1    209                       318   -109      178
  SINCE JUL 1    326                       499   -173      354

 COOLING
  YESTERDAY        0                         0      0        0
  MONTH TO DATE    7                         9     -2       47
  SINCE SEP 1      7                         9     -2       47
  SINCE JAN 1    155                       190    -35      210
..................................................................


WIND (MPH)
  HIGHEST WIND SPEED    12   HIGHEST WIND DIRECTION     N (350)
  HIGHEST GUST SPEED    14   HIGHEST GUST DIRECTION     N (350)
  AVERAGE WIND SPEED     5.8


SKY COVER
  AVERAGE SKY COVER 0.9


WEATHER CONDITIONS
 THE FOLLOWING WEATHER WAS RECORDED YESTERDAY.
  NO SIGNIFICANT WEATHER WAS OBSERVED.


RELATIVE HUMIDITY (PERCENT)
 HIGHEST    93           200 AM
 LOWEST     60           400 PM
 AVERAGE    77

..........................................................


THE INTERNATIONAL FALLS MN CLIMATE NORMALS FOR TODAY
                         NORMAL    RECORD    YEAR
 MAXIMUM TEMPERATURE (F)   59        88      1897
 MINIMUM TEMPERATURE (F)   37        23      2015
                                             1907


SUNRISE AND SUNSET
SEPTEMBER 29 2016.....SUNRISE   711 AM CDT   SUNSET   656 PM CDT
SEPTEMBER 30 2016.....SUNRISE   712 AM CDT   SUNSET   654 PM CDT


-  INDICATES NEGATIVE NUMBERS.
R  INDICATES RECORD WAS SET OR TIED.
MM INDICATES DATA IS MISSING.
T  INDICATES TRACE AMOUNT.




$$
