000
CDUS43 KDLH 260628
CLIINL


CLIMATE REPORT
NATIONAL WEATHER SERVICE DULUTH MN
127 AM CDT WED JUL 26 2017


...................................

...THE INTERNATIONAL FALLS MN CLIMATE SUMMARY FOR JULY 25 2017...

CLIMATE NORMAL PERIOD 1981 TO 2010
CLIMATE RECORD PERIOD 1895 TO 2017


WEATHER ITEM   OBSERVED TIME   RECORD YEAR NORMAL DEPARTURE LAST
                VALUE   (LST)  VALUE       VALUE  FROM      YEAR
                                                  NORMAL
..................................................................
TEMPERATURE (F)
 YESTERDAY
  MAXIMUM         77   1249 PM  92    1949  78     -1       82
  MINIMUM         57   1211 AM  39    1911  53      4       57
  AVERAGE         67                        66      1       70

PRECIPITATION (IN)
  YESTERDAY        0.04          2.23 2013   0.11  -0.07     0.00
  MONTH TO DATE    2.25                      3.11  -0.86     2.42
  SINCE JUN 1      6.04                      7.03  -0.99     9.34
  SINCE JAN 1     12.66                     13.56  -0.90    17.14

SNOWFALL (IN)
  YESTERDAY        0.0           0.0  2002   0.0    0.0      0.0
                                      2001
  MONTH TO DATE    0.0                       0.0    0.0      0.0
  SINCE JUN 1      0.0                       0.0    0.0      0.0
  SINCE JUL 1      0.0                       0.0    0.0      0.0
  SNOW DEPTH       0

DEGREE DAYS
 HEATING
  YESTERDAY        0                         2     -2        0
  MONTH TO DATE   67                        57     10       40
  SINCE JUN 1    191                       221    -30      207
  SINCE JUL 1     67                        57     10       40

 COOLING
  YESTERDAY        2                         2      0        5
  MONTH TO DATE   28                        61    -33       64
  SINCE JUN 1     40                        99    -59       83
  SINCE JAN 1     40                       108    -68       85
..................................................................


WIND (MPH)
  HIGHEST WIND SPEED    15   HIGHEST WIND DIRECTION    SW (210)
  HIGHEST GUST SPEED    22   HIGHEST GUST DIRECTION    SW (210)
  AVERAGE WIND SPEED     7.2


SKY COVER
  AVERAGE SKY COVER 0.4


WEATHER CONDITIONS
 THE FOLLOWING WEATHER WAS RECORDED YESTERDAY.
  LIGHT RAIN


RELATIVE HUMIDITY (PERCENT)
 HIGHEST    90           300 AM
 LOWEST     69          1100 AM
 AVERAGE    80

..........................................................


THE INTERNATIONAL FALLS MN CLIMATE NORMALS FOR TODAY
                         NORMAL    RECORD    YEAR
 MAXIMUM TEMPERATURE (F)   78        93      1914
 MINIMUM TEMPERATURE (F)   53        41      1980


SUNRISE AND SUNSET
JULY 26 2017..........SUNRISE   541 AM CDT   SUNSET   859 PM CDT
JULY 27 2017..........SUNRISE   542 AM CDT   SUNSET   857 PM CDT


-  INDICATES NEGATIVE NUMBERS.
R  INDICATES RECORD WAS SET OR TIED.
MM INDICATES DATA IS MISSING.
T  INDICATES TRACE AMOUNT.




$$
