000
CDUS43 KDLH 070619
CLIINL


CLIMATE REPORT
NATIONAL WEATHER SERVICE DULUTH MN
1218 AM CST TUE NOV 7 2017


...................................

...THE INTERNATIONAL FALLS MN CLIMATE SUMMARY FOR NOVEMBER 6 2017...

CLIMATE NORMAL PERIOD 1981 TO 2010
CLIMATE RECORD PERIOD 1895 TO 2017


WEATHER ITEM   OBSERVED TIME   RECORD YEAR NORMAL DEPARTURE LAST
                VALUE   (LST)  VALUE       VALUE  FROM      YEAR
                                                  NORMAL
..................................................................
TEMPERATURE (F)
 YESTERDAY
  MAXIMUM         27    310 PM  71    2016  40    -13       71
  MINIMUM         10    729 AM  -5    1991  23    -13       46
  AVERAGE         19                        31    -12       59

PRECIPITATION (IN)
  YESTERDAY        T             0.71 1996   0.06  -0.06     0.00
  MONTH TO DATE    0.88                      0.32   0.56     0.17
  SINCE SEP 1      5.46                      5.39   0.07     4.98
  SINCE JAN 1     22.20                     22.35  -0.15    25.54

SNOWFALL (IN)
  YESTERDAY        T             3.8  1955   0.3   -0.3      0.0
  MONTH TO DATE    8.6                       1.7    6.9      0.0
  SINCE SEP 1     10.7                       4.0    6.7       T
  SINCE JUL 1     10.7                       4.0    6.7       T
  SNOW DEPTH       6

DEGREE DAYS
 HEATING
  YESTERDAY       46                        34     12        6
  MONTH TO DATE  234                       194     40      118
  SINCE SEP 1   1152                      1290   -138      982
  SINCE JUL 1   1363                      1471   -108     1099

 COOLING
  YESTERDAY        0                         0      0        0
  MONTH TO DATE    0                         0      0        0
  SINCE SEP 1      7                        11     -4        7
  SINCE JAN 1     86                       192   -106      155
..................................................................


WIND (MPH)
  HIGHEST WIND SPEED    17   HIGHEST WIND DIRECTION     W (250)
  HIGHEST GUST SPEED    25   HIGHEST GUST DIRECTION     W (250)
  AVERAGE WIND SPEED     9.5


SKY COVER
  AVERAGE SKY COVER 0.5


WEATHER CONDITIONS
 THE FOLLOWING WEATHER WAS RECORDED YESTERDAY.
  LIGHT SNOW
  FOG
  HAZE


RELATIVE HUMIDITY (PERCENT)
 HIGHEST    84           400 AM
 LOWEST     55           200 PM
 AVERAGE    70

..........................................................


THE INTERNATIONAL FALLS MN CLIMATE NORMALS FOR TODAY
                         NORMAL    RECORD    YEAR
 MAXIMUM TEMPERATURE (F)   39        64      2016
 MINIMUM TEMPERATURE (F)   23        -9      2003


SUNRISE AND SUNSET
NOVEMBER  7 2017......SUNRISE   710 AM CST   SUNSET   444 PM CST
NOVEMBER  8 2017......SUNRISE   711 AM CST   SUNSET   443 PM CST


-  INDICATES NEGATIVE NUMBERS.
R  INDICATES RECORD WAS SET OR TIED.
MM INDICATES DATA IS MISSING.
T  INDICATES TRACE AMOUNT.




$$
