806
CDUS43 KDLH 200620
CLIINL


CLIMATE REPORT
NATIONAL WEATHER SERVICE DULUTH MN
119 AM CDT WED JUL 20 2016


...................................

...THE INTERNATIONAL FALLS MN CLIMATE SUMMARY FOR JULY 19 2016...

CLIMATE NORMAL PERIOD 1981 TO 2010
CLIMATE RECORD PERIOD 1895 TO 2016


WEATHER ITEM   OBSERVED TIME   RECORD YEAR NORMAL DEPARTURE LAST
                VALUE   (LST)  VALUE       VALUE  FROM      YEAR
                                                  NORMAL
..................................................................
TEMPERATURE (F)
 YESTERDAY
  MAXIMUM         83    412 PM 100    1923  78      5       82
  MINIMUM         46    457 AM  37    2009  53     -7       56
  AVERAGE         65                        66     -1       69

PRECIPITATION (IN)
  YESTERDAY        0.00          2.67 1972   0.11  -0.11     0.13
  MONTH TO DATE    2.32                      2.48  -0.16     1.28
  SINCE JUN 1      9.24                      6.40   2.84     4.48
  SINCE JAN 1     17.04                     12.93   4.11    12.65

SNOWFALL (IN)
  YESTERDAY        0.0           0.0  2002   0.0    0.0      0.0
                                      2001
  MONTH TO DATE    0.0                       0.0    0.0      0.0
  SINCE JUN 1      0.0                       0.0    0.0      0.0
  SINCE JUL 1      0.0                       0.0    0.0      0.0
  SNOW DEPTH       0

DEGREE DAYS
 HEATING
  YESTERDAY        0                         2     -2        0
  MONTH TO DATE   40                        45     -5       38
  SINCE JUN 1    207                       209     -2      187
  SINCE JUL 1     40                        45     -5       38

 COOLING
  YESTERDAY        0                         3     -3        4
  MONTH TO DATE   28                        48    -20       49
  SINCE JUN 1     47                        86    -39       53
  SINCE JAN 1     49                        95    -46       53
..................................................................


WIND (MPH)
  HIGHEST WIND SPEED    12   HIGHEST WIND DIRECTION    SE (150)
  HIGHEST GUST SPEED    19   HIGHEST GUST DIRECTION    SE (140)
  AVERAGE WIND SPEED     4.6


SKY COVER
  AVERAGE SKY COVER 0.0


WEATHER CONDITIONS
 THE FOLLOWING WEATHER WAS RECORDED YESTERDAY.
  NO SIGNIFICANT WEATHER WAS OBSERVED.


RELATIVE HUMIDITY (PERCENT)
 HIGHEST   100           500 AM
 LOWEST     51           200 PM
 AVERAGE    76

..........................................................


THE INTERNATIONAL FALLS MN CLIMATE NORMALS FOR TODAY
                         NORMAL    RECORD    YEAR
 MAXIMUM TEMPERATURE (F)   78        97      1923
 MINIMUM TEMPERATURE (F)   53        36      1912


SUNRISE AND SUNSET
JULY 20 2016..........SUNRISE   534 AM CDT   SUNSET   906 PM CDT
JULY 21 2016..........SUNRISE   535 AM CDT   SUNSET   905 PM CDT


-  INDICATES NEGATIVE NUMBERS.
R  INDICATES RECORD WAS SET OR TIED.
MM INDICATES DATA IS MISSING.
T  INDICATES TRACE AMOUNT.




$$
