000
CDUS43 KDLH 180629
CLIINL


CLIMATE REPORT
NATIONAL WEATHER SERVICE DULUTH MN
129 AM CDT SAT JUL 18 2015


...................................

...THE INTERNATIONAL FALLS MN CLIMATE SUMMARY FOR JULY 17 2015...

CLIMATE NORMAL PERIOD 1981 TO 2010
CLIMATE RECORD PERIOD 1895 TO 2015


WEATHER ITEM   OBSERVED TIME   RECORD YEAR NORMAL DEPARTURE LAST
                VALUE   (LST)  VALUE       VALUE  FROM      YEAR
                                                  NORMAL
..................................................................
TEMPERATURE (F)
 YESTERDAY
  MAXIMUM         81    239 PM  94    1991  78      3       79
  MINIMUM         62   1105 PM  42    1918  53      9       44
  AVERAGE         72                        66      6       62

PRECIPITATION (IN)
  YESTERDAY        0.00          1.78 1978   0.12  -0.12     0.00
  MONTH TO DATE    1.15                      2.26  -1.11     1.70
  SINCE JUN 1      4.35                      6.18  -1.83    11.94
  SINCE JAN 1     12.52                     12.71  -0.19    20.76

SNOWFALL (IN)
  YESTERDAY        0.0           0.0  2002   0.0    0.0      0.0
                                      2001
  MONTH TO DATE    0.0                       0.0    0.0      0.0
  SINCE JUN 1      0.0                       0.0    0.0      0.0
  SINCE JUL 1      0.0                       0.0    0.0      0.0
  SNOW DEPTH       0

DEGREE DAYS
 HEATING
  YESTERDAY        0                         2     -2        3
  MONTH TO DATE   38                        41     -3       81
  SINCE JUN 1    187                       205    -18      210
  SINCE JUL 1     38                        41     -3       81

 COOLING
  YESTERDAY        7                         3      4        0
  MONTH TO DATE   41                        42     -1       18
  SINCE JUN 1     45                        80    -35       47
  SINCE JAN 1     45                        89    -44       70
..................................................................


WIND (MPH)
  HIGHEST WIND SPEED    16   HIGHEST WIND DIRECTION    NW (310)
  HIGHEST GUST SPEED    20   HIGHEST GUST DIRECTION    NW (330)
  AVERAGE WIND SPEED     5.9


SKY COVER
  AVERAGE SKY COVER 0.6


WEATHER CONDITIONS
 THE FOLLOWING WEATHER WAS RECORDED YESTERDAY.
  NO SIGNIFICANT WEATHER WAS OBSERVED.


RELATIVE HUMIDITY (PERCENT)
 HIGHEST   100          1100 PM
 LOWEST     51           600 PM
 AVERAGE    76

..........................................................


THE INTERNATIONAL FALLS MN CLIMATE NORMALS FOR TODAY
                         NORMAL    RECORD    YEAR
 MAXIMUM TEMPERATURE (F)   78        98      1916
 MINIMUM TEMPERATURE (F)   53        38      1912


SUNRISE AND SUNSET
JULY 18 2015..........SUNRISE   530 AM CDT   SUNSET   909 PM CDT
JULY 19 2015..........SUNRISE   532 AM CDT   SUNSET   908 PM CDT


-  INDICATES NEGATIVE NUMBERS.
R  INDICATES RECORD WAS SET OR TIED.
MM INDICATES DATA IS MISSING.
T  INDICATES TRACE AMOUNT.




$$
