000
CDUS43 KDLH 070701
CLIINL


CLIMATE REPORT
NATIONAL WEATHER SERVICE DULUTH MN
200 AM CDT WED JUN 7 2017


...................................

...THE INTERNATIONAL FALLS MN CLIMATE SUMMARY FOR JUNE 6 2017...

CLIMATE NORMAL PERIOD 1981 TO 2010
CLIMATE RECORD PERIOD 1895 TO 2017


WEATHER ITEM   OBSERVED TIME   RECORD YEAR NORMAL DEPARTURE LAST
                VALUE   (LST)  VALUE       VALUE  FROM      YEAR
                                                  NORMAL
..................................................................
TEMPERATURE (F)
 YESTERDAY
  MAXIMUM         80    528 PM  93    1988  71      9       62
  MINIMUM         46    434 AM  27    2009  46      0       41
  AVERAGE         63                        58      5       52

PRECIPITATION (IN)
  YESTERDAY        0.00          2.88 1941   0.11  -0.11     0.11
  MONTH TO DATE    0.08                      0.69  -0.61     1.08
  SINCE JUN 1      0.08                      0.69  -0.61     1.08
  SINCE JAN 1      6.70                      7.22  -0.52     8.88

SNOWFALL (IN)
  YESTERDAY        0.0           0.0  2002   0.0    0.0      0.0
                                      2001
  MONTH TO DATE    0.0                       0.0    0.0      0.0
  SINCE JUN 1      0.0                       0.0    0.0      0.0
  SINCE JUL 1     70.4                      71.0   -0.6     47.7
  SNOW DEPTH       0

DEGREE DAYS
 HEATING
  YESTERDAY        2                         7     -5       13
  MONTH TO DATE   13                        48    -35       48
  SINCE JUN 1     13                        48    -35       48
  SINCE JUL 1   8977                     10105  -1128     8876

 COOLING
  YESTERDAY        0                         1     -1        0
  MONTH TO DATE    5                         6     -1        0
  SINCE JUN 1      5                         6     -1        0
  SINCE JAN 1      5                        15    -10        2
..................................................................


WIND (MPH)
  HIGHEST WIND SPEED    13   HIGHEST WIND DIRECTION    SE (130)
  HIGHEST GUST SPEED    20   HIGHEST GUST DIRECTION     S (200)
  AVERAGE WIND SPEED     5.5


SKY COVER
  AVERAGE SKY COVER 0.0


WEATHER CONDITIONS
 THE FOLLOWING WEATHER WAS RECORDED YESTERDAY.
  NO SIGNIFICANT WEATHER WAS OBSERVED.


RELATIVE HUMIDITY (PERCENT)
 HIGHEST    77           200 AM
 LOWEST     28           400 PM
 AVERAGE    53

..........................................................


THE INTERNATIONAL FALLS MN CLIMATE NORMALS FOR TODAY
                         NORMAL    RECORD    YEAR
 MAXIMUM TEMPERATURE (F)   71        95      1988
 MINIMUM TEMPERATURE (F)   46        31      1983


SUNRISE AND SUNSET
JUNE  7 2017..........SUNRISE   512 AM CDT   SUNSET   913 PM CDT
JUNE  8 2017..........SUNRISE   512 AM CDT   SUNSET   914 PM CDT


-  INDICATES NEGATIVE NUMBERS.
R  INDICATES RECORD WAS SET OR TIED.
MM INDICATES DATA IS MISSING.
T  INDICATES TRACE AMOUNT.




$$
