000
CDUS43 KDLH 130618
CLIINL


CLIMATE REPORT
NATIONAL WEATHER SERVICE DULUTH MN
118 AM CDT WED MAY 13 2015


...................................

...THE INTERNATIONAL FALLS MN CLIMATE SUMMARY FOR MAY 12 2015...

CLIMATE NORMAL PERIOD 1981 TO 2010
CLIMATE RECORD PERIOD 1895 TO 2015


WEATHER ITEM   OBSERVED TIME   RECORD YEAR NORMAL DEPARTURE LAST
                VALUE   (LST)  VALUE       VALUE  FROM      YEAR
                                                  NORMAL
..................................................................
TEMPERATURE (F)
 YESTERDAY
  MAXIMUM         49    444 PM  86    1991  64    -15       56
  MINIMUM         30   1159 PM  22    2013  37     -7       39
                                      1996
  AVERAGE         40                        51    -11       48

PRECIPITATION (IN)
  YESTERDAY        0.06          1.20 2014   0.09  -0.03     1.20
  MONTH TO DATE    1.40                      0.98   0.42     2.25
  SINCE MAR 1      2.76                      3.46  -0.70     5.24
  SINCE JAN 1      4.78                      4.65   0.13     6.99

SNOWFALL (IN)
  YESTERDAY        T             0.3  1953   0.0    0.0      0.0
  MONTH TO DATE    T                         0.2   -0.2       T
  SINCE MAR 1      7.8                      14.2   -6.4     24.8
  SINCE JUL 1     64.5                      71.0   -6.5    101.2
  SNOW DEPTH       0

DEGREE DAYS
 HEATING
  YESTERDAY       25                        15     10       17
  MONTH TO DATE  201                       199      2      264
  SINCE MAR 1   2129                      2254   -125     2777
  SINCE JUL 1   9883                      9837     46    11208

 COOLING
  YESTERDAY        0                         0      0        0
  MONTH TO DATE    0                         0      0        0
  SINCE MAR 1      0                         1     -1        0
  SINCE JAN 1      0                         1     -1        0
..................................................................


WIND (MPH)
  HIGHEST WIND SPEED    16   HIGHEST WIND DIRECTION     N (360)
  HIGHEST GUST SPEED    21   HIGHEST GUST DIRECTION     N (20)
  AVERAGE WIND SPEED     7.5


SKY COVER
  AVERAGE SKY COVER 0.8


WEATHER CONDITIONS
 THE FOLLOWING WEATHER WAS RECORDED YESTERDAY.
  LIGHT RAIN
  LIGHT SNOW
  FOG


RELATIVE HUMIDITY (PERCENT)
 HIGHEST    96           200 AM
 LOWEST     53           500 PM
 AVERAGE    75

..........................................................


THE INTERNATIONAL FALLS MN CLIMATE NORMALS FOR TODAY
                         NORMAL    RECORD    YEAR
 MAXIMUM TEMPERATURE (F)   64        87      1977
 MINIMUM TEMPERATURE (F)   38        22      1997
                                             1953


SUNRISE AND SUNSET
MAY 13 2015...........SUNRISE   536 AM CDT   SUNSET   845 PM CDT
MAY 14 2015...........SUNRISE   534 AM CDT   SUNSET   846 PM CDT


-  INDICATES NEGATIVE NUMBERS.
R  INDICATES RECORD WAS SET OR TIED.
MM INDICATES DATA IS MISSING.
T  INDICATES TRACE AMOUNT.




$$
