000
CDUS43 KDLH 020625
CLIINL


CLIMATE REPORT
NATIONAL WEATHER SERVICE DULUTH MN
123 AM CDT THU NOV 2 2017


...................................

...THE INTERNATIONAL FALLS MN CLIMATE SUMMARY FOR NOVEMBER 1 2017...

CLIMATE NORMAL PERIOD 1981 TO 2010
CLIMATE RECORD PERIOD 1895 TO 2017


WEATHER ITEM   OBSERVED TIME   RECORD YEAR NORMAL DEPARTURE LAST
                VALUE   (LST)  VALUE       VALUE  FROM      YEAR
                                                  NORMAL
..................................................................
TEMPERATURE (F)
 YESTERDAY
  MAXIMUM         31    533 PM  65    1990  43    -12       49
                                      1981
  MINIMUM         18    106 AM   2    1951  25     -7       32
  AVERAGE         25                        34     -9       41

PRECIPITATION (IN)
  YESTERDAY        0.15          0.91 2000   0.05   0.10     0.02
  MONTH TO DATE    0.15                      0.05   0.10     0.02
  SINCE SEP 1      4.73                      5.12  -0.39     4.83
  SINCE JAN 1     21.47                     22.08  -0.61    25.39

SNOWFALL (IN)
  YESTERDAY        1.7          11.6  1991   0.2    1.5      0.0
  MONTH TO DATE    1.7                       0.2    1.5      0.0
  SINCE SEP 1      3.8                       2.5    1.3       T
  SINCE JUL 1      3.8                       2.5    1.3       T
  SNOW DEPTH       1

DEGREE DAYS
 HEATING
  YESTERDAY       40                        31      9       24
  MONTH TO DATE   40                        31      9       24
  SINCE SEP 1    958                      1127   -169      888
  SINCE JUL 1   1169                      1308   -139     1005

 COOLING
  YESTERDAY        0                         0      0        0
  MONTH TO DATE    0                         0      0        0
  SINCE SEP 1      7                        11     -4        7
  SINCE JAN 1     86                       192   -106      155
..................................................................


WIND (MPH)
  HIGHEST WIND SPEED    14   HIGHEST WIND DIRECTION    SE (140)
  HIGHEST GUST SPEED    18   HIGHEST GUST DIRECTION    SE (130)
  AVERAGE WIND SPEED     8.3


SKY COVER
  AVERAGE SKY COVER 1.0


WEATHER CONDITIONS
 THE FOLLOWING WEATHER WAS RECORDED YESTERDAY.
  HEAVY SNOW
  SNOW
  LIGHT SNOW
  FOG
  FOG W/VISIBILITY <= 1/4 MILE
  HAZE


RELATIVE HUMIDITY (PERCENT)
 HIGHEST    92          1000 PM
 LOWEST     78           100 PM
 AVERAGE    85

..........................................................


THE INTERNATIONAL FALLS MN CLIMATE NORMALS FOR TODAY
                         NORMAL    RECORD    YEAR
 MAXIMUM TEMPERATURE (F)   42        67      1978
 MINIMUM TEMPERATURE (F)   25        -2      1951


SUNRISE AND SUNSET
NOVEMBER  2 2017......SUNRISE   802 AM CDT   SUNSET   552 PM CDT
NOVEMBER  3 2017......SUNRISE   803 AM CDT   SUNSET   550 PM CDT


-  INDICATES NEGATIVE NUMBERS.
R  INDICATES RECORD WAS SET OR TIED.
MM INDICATES DATA IS MISSING.
T  INDICATES TRACE AMOUNT.




$$
