000
CDUS43 KDLH 102224
CLIINL


CLIMATE REPORT
NATIONAL WEATHER SERVICE DULUTH MN
524 PM CDT SUN APR 10 2016


...................................

...THE INTERNATIONAL FALLS MN CLIMATE SUMMARY FOR APRIL 10 2016...
VALID TODAY AS OF 0515 PM LOCAL TIME.

CLIMATE NORMAL PERIOD 1981 TO 2010
CLIMATE RECORD PERIOD 1895 TO 2016


WEATHER ITEM   OBSERVED TIME   RECORD YEAR NORMAL DEPARTURE LAST
                VALUE   (LST)  VALUE       VALUE  FROM      YEAR
                                                  NORMAL
..................................................................
TEMPERATURE (F)
 TODAY
  MAXIMUM         36   1010 AM  78    1955  49    -13       52
  MINIMUM         28   1228 AM   3    1962  25      3       25
  AVERAGE         32                        37     -5       39

PRECIPITATION (IN)
  TODAY            T                         0.05  -0.05     0.00
  MONTH TO DATE    0.46                      0.43   0.03     0.26
  SINCE MAR 1      3.17                      1.38   1.79     0.90
  SINCE JAN 1      4.54                      2.57   1.97     2.92

SNOWFALL (IN)
  TODAY            T                         0.2   -0.2      0.0
  MONTH TO DATE    4.5                       2.7    1.8      2.0
  SINCE JUL 1     47.3                      67.1  -19.8     62.2
  SNOW DEPTH       T

DEGREE DAYS
 HEATING
  TODAY           33                        28      5       26
  MONTH TO DATE  399                       307     92      316
  SINCE MAR 1   1502                      1590    -88     1485
  SINCE JUL 1   8034                      9173  -1139     9239

 COOLING
  TODAY            0                         0      0        0
  MONTH TO DATE    0                         0      0        0
  SINCE MAR 1      0                         0      0        0
  SINCE JAN 1      0                         0      0        0
..................................................................


WIND (MPH)
  HIGHEST WIND SPEED    22   HIGHEST WIND DIRECTION    SE (140)
  HIGHEST GUST SPEED    28   HIGHEST GUST DIRECTION    SE (150)


SKY COVER
  AVERAGE SKY COVER 0.9


WEATHER CONDITIONS
 THE FOLLOWING WEATHER WAS RECORDED TODAY.
  LIGHT SNOW
  HAZE


RELATIVE HUMIDITY (PERCENT)
 HIGHEST    72           400 PM
 LOWEST     53          1200 AM
 AVERAGE    63

..........................................................


THE INTERNATIONAL FALLS MN CLIMATE NORMALS FOR TOMORROW
                         NORMAL    RECORD    YEAR
 MAXIMUM TEMPERATURE (F)   49        75      1968
                                             1955
 MINIMUM TEMPERATURE (F)   25         6      1924


SUNRISE AND SUNSET
APRIL 10 2016.........SUNRISE   632 AM CDT   SUNSET   758 PM CDT
APRIL 11 2016.........SUNRISE   630 AM CDT   SUNSET   800 PM CDT


-  INDICATES NEGATIVE NUMBERS.
R  INDICATES RECORD WAS SET OR TIED.
MM INDICATES DATA IS MISSING.
T  INDICATES TRACE AMOUNT.




$$
