842
CDUS43 KDLH 200634
CLIINL


CLIMATE REPORT
NATIONAL WEATHER SERVICE DULUTH MN
1232 AM CST MON FEB 20 2017


...................................

...THE INTERNATIONAL FALLS MN CLIMATE SUMMARY FOR FEBRUARY 19 2017...

CLIMATE NORMAL PERIOD 1981 TO 2010
CLIMATE RECORD PERIOD 1895 TO 2017


WEATHER ITEM   OBSERVED TIME   RECORD YEAR NORMAL DEPARTURE LAST
                VALUE   (LST)  VALUE       VALUE  FROM      YEAR
                                                  NORMAL
..................................................................
TEMPERATURE (F)
 YESTERDAY
  MAXIMUM         45    415 PM  47    1994  24     21       36
  MINIMUM         25    111 AM -43    1966   0     25       32
  AVERAGE         35                        12     23       34

PRECIPITATION (IN)
  YESTERDAY        T             0.30 1986   0.02  -0.02     0.08
  MONTH TO DATE    0.77                      0.35   0.42     0.43
  SINCE DEC 1      4.23                      1.78   2.45     2.09
  SINCE JAN 1      2.04                      0.97   1.07     1.02

SNOWFALL (IN)
  YESTERDAY       MM             4.8  1986   0.3   MM        0.1
  MONTH TO DATE   11.4                       7.2    4.2      3.8
  SINCE DEC 1     53.8                      37.2   16.6     22.1
  SINCE JUL 1     62.2                      53.2    9.0     25.9
  SNOW DEPTH      14

DEGREE DAYS
 HEATING
  YESTERDAY       30                        53    -23       31
  MONTH TO DATE  949                      1071   -122     1066
  SINCE DEC 1   4287                      4663   -376     4075
  SINCE JUL 1   6093                      7124  -1031     6081

 COOLING
  YESTERDAY        0                         0      0        0
  MONTH TO DATE    0                         0      0        0
  SINCE DEC 1      0                         0      0        0
  SINCE JAN 1      0                         0      0        0
..................................................................


WIND (MPH)
  HIGHEST WIND SPEED    16   HIGHEST WIND DIRECTION     E (110)
  HIGHEST GUST SPEED    21   HIGHEST GUST DIRECTION    SE (130)
  AVERAGE WIND SPEED     7.6


SKY COVER
  AVERAGE SKY COVER 0.5


WEATHER CONDITIONS
 THE FOLLOWING WEATHER WAS RECORDED YESTERDAY.
  LIGHT RAIN


RELATIVE HUMIDITY (PERCENT)
 HIGHEST    92           200 AM
 LOWEST     58           300 PM
 AVERAGE    75

..........................................................


THE INTERNATIONAL FALLS MN CLIMATE NORMALS FOR TODAY
                         NORMAL    RECORD    YEAR
 MAXIMUM TEMPERATURE (F)   24        48      1990
 MINIMUM TEMPERATURE (F)    1       -44      1966


SUNRISE AND SUNSET
FEBRUARY 20 2017......SUNRISE   712 AM CST   SUNSET   544 PM CST
FEBRUARY 21 2017......SUNRISE   710 AM CST   SUNSET   545 PM CST


-  INDICATES NEGATIVE NUMBERS.
R  INDICATES RECORD WAS SET OR TIED.
MM INDICATES DATA IS MISSING.
T  INDICATES TRACE AMOUNT.




$$
