247
CDUS43 KDLH 300619
CLIINL


CLIMATE REPORT
NATIONAL WEATHER SERVICE DULUTH MN
118 AM CDT THU APR 30 2015


...................................

...THE INTERNATIONAL FALLS MN CLIMATE SUMMARY FOR APRIL 29 2015...

CLIMATE NORMAL PERIOD 1981 TO 2010
CLIMATE RECORD PERIOD 1895 TO 2015


WEATHER ITEM   OBSERVED TIME   RECORD YEAR NORMAL DEPARTURE LAST
                VALUE   (LST)  VALUE       VALUE  FROM      YEAR
                                                  NORMAL
..................................................................
TEMPERATURE (F)
 YESTERDAY
  MAXIMUM         61    514 PM  89    1952  59      2       52
  MINIMUM         25    405 AM  10    1958  33     -8       32
  AVERAGE         43                        46     -3       42

PRECIPITATION (IN)
  YESTERDAY        T             1.00 1940   0.07  -0.07     0.18
                                      1925
  MONTH TO DATE    0.72                      1.46  -0.74     1.47
  SINCE MAR 1      1.36                      2.41  -1.05     2.93
  SINCE JAN 1      3.38                      3.60  -0.22     4.68

SNOWFALL (IN)
  YESTERDAY        0.0           3.1  1990   0.1   -0.1      0.0
  MONTH TO DATE    4.3                       6.3   -2.0      7.2
  SINCE MAR 1      7.8                      13.9   -6.1     24.8
  SINCE JUL 1     64.5                      70.7   -6.2    101.2
  SNOW DEPTH       0

DEGREE DAYS
 HEATING
  YESTERDAY       22                        19      3       23
  MONTH TO DATE  746                       752     -6      880
  SINCE MAR 1   1915                      2035   -120     2486
  SINCE JUL 1   9669                      9618     51    10917

 COOLING
  YESTERDAY        0                         0      0        0
  MONTH TO DATE    0                         0      0        0
  SINCE MAR 1      0                         0      0        0
  SINCE JAN 1      0                         0      0        0
..................................................................


WIND (MPH)
  HIGHEST WIND SPEED    12   HIGHEST WIND DIRECTION     E (100)
  HIGHEST GUST SPEED    18   HIGHEST GUST DIRECTION     E (110)
  AVERAGE WIND SPEED     4.2


SKY COVER
  AVERAGE SKY COVER 0.7


WEATHER CONDITIONS
 THE FOLLOWING WEATHER WAS RECORDED YESTERDAY.
  NO SIGNIFICANT WEATHER WAS OBSERVED.


RELATIVE HUMIDITY (PERCENT)
 HIGHEST    92          1200 AM
 LOWEST     37           600 PM
 AVERAGE    65

..........................................................


THE INTERNATIONAL FALLS MN CLIMATE NORMALS FOR TODAY
                         NORMAL    RECORD    YEAR
 MAXIMUM TEMPERATURE (F)   59        90      1952
 MINIMUM TEMPERATURE (F)   33        19      2003
                                             1990


SUNRISE AND SUNSET
APRIL 30 2015.........SUNRISE   556 AM CDT   SUNSET   827 PM CDT
MAY  1 2015...........SUNRISE   554 AM CDT   SUNSET   828 PM CDT


-  INDICATES NEGATIVE NUMBERS.
R  INDICATES RECORD WAS SET OR TIED.
MM INDICATES DATA IS MISSING.
T  INDICATES TRACE AMOUNT.




$$
