000
CDUS43 KDLH 102221
CLIINL


CLIMATE REPORT
NATIONAL WEATHER SERVICE DULUTH MN
520 PM CDT MON APR 10 2017


...................................

...THE INTERNATIONAL FALLS MN CLIMATE SUMMARY FOR APRIL 10 2017...
VALID TODAY AS OF 0500 PM LOCAL TIME.

CLIMATE NORMAL PERIOD 1981 TO 2010
CLIMATE RECORD PERIOD 1895 TO 2017


WEATHER ITEM   OBSERVED TIME   RECORD YEAR NORMAL DEPARTURE LAST
                VALUE   (LST)  VALUE       VALUE  FROM      YEAR
                                                  NORMAL
..................................................................
TEMPERATURE (F)
 TODAY
  MAXIMUM         44    359 PM  78    1955  49     -5       36
  MINIMUM         26    823 AM   3    1962  25      1       26
  AVERAGE         35                        37     -2       31

PRECIPITATION (IN)
  TODAY            0.00                      0.05  -0.05     0.03
  MONTH TO DATE    T                         0.43  -0.43     0.49
  SINCE MAR 1      0.68                      1.38  -0.70     3.20
  SINCE JAN 1      3.43                      2.57   0.86     4.57

SNOWFALL (IN)
  TODAY            0.0                       0.2   -0.2      0.4
  MONTH TO DATE    0.0                       2.7   -2.7      4.9
  SINCE JUL 1     67.8                      67.1    0.7     47.7
  SNOW DEPTH       0

DEGREE DAYS
 HEATING
  TODAY           30                        28      2       34
  MONTH TO DATE  228                       307    -79      400
  SINCE MAR 1   1485                      1590   -105     1503
  SINCE JUL 1   7959                      9173  -1214     8035

 COOLING
  TODAY            0                         0      0        0
  MONTH TO DATE    0                         0      0        0
  SINCE MAR 1      0                         0      0        0
  SINCE JAN 1      0                         0      0        0
..................................................................


WIND (MPH)
  HIGHEST WIND SPEED    21   HIGHEST WIND DIRECTION     N (20)
  HIGHEST GUST SPEED    25   HIGHEST GUST DIRECTION     N (10)


SKY COVER
  AVERAGE SKY COVER 0.1


WEATHER CONDITIONS
 THE FOLLOWING WEATHER WAS RECORDED TODAY.
  NO SIGNIFICANT WEATHER WAS OBSERVED.


RELATIVE HUMIDITY (PERCENT)
 HIGHEST    68           500 AM
 LOWEST     22           400 PM
 AVERAGE    45

..........................................................


THE INTERNATIONAL FALLS MN CLIMATE NORMALS FOR TOMORROW
                         NORMAL    RECORD    YEAR
 MAXIMUM TEMPERATURE (F)   49        75      1968
                                             1955
 MINIMUM TEMPERATURE (F)   25         6      1924


SUNRISE AND SUNSET
APRIL 10 2017.........SUNRISE   633 AM CDT   SUNSET   758 PM CDT
APRIL 11 2017.........SUNRISE   631 AM CDT   SUNSET   800 PM CDT


-  INDICATES NEGATIVE NUMBERS.
R  INDICATES RECORD WAS SET OR TIED.
MM INDICATES DATA IS MISSING.
T  INDICATES TRACE AMOUNT.




$$
