000
CDUS43 KDLH 220731
CLIINL


CLIMATE REPORT
NATIONAL WEATHER SERVICE DULUTH MN
130 AM CST SUN FEB 22 2015


...................................

...THE INTERNATIONAL FALLS MN CLIMATE SUMMARY FOR FEBRUARY 21 2015...

CLIMATE NORMAL PERIOD 1981 TO 2010
CLIMATE RECORD PERIOD 1895 TO 2015


WEATHER ITEM   OBSERVED TIME   RECORD YEAR NORMAL DEPARTURE LAST
                VALUE   (LST)  VALUE       VALUE  FROM      YEAR
                                                  NORMAL
..................................................................
TEMPERATURE (F)
 YESTERDAY
  MAXIMUM          8   1227 AM  50    2000  24    -16       19
  MINIMUM        -15    739 AM -32    1966   1    -16        2
  AVERAGE         -3                        13    -16       11

PRECIPITATION (IN)
  YESTERDAY        T             0.32 1917   0.02  -0.02     0.13
  MONTH TO DATE    0.57                      0.39   0.18     0.88
  SINCE DEC 1      2.75                      1.82   0.93     3.14
  SINCE JAN 1      1.90                      1.01   0.89     1.70

SNOWFALL (IN)
  YESTERDAY        T             7.0  1991   0.4   -0.4      5.2
  MONTH TO DATE   12.1                       8.0    4.1     19.9
  SINCE DEC 1     43.6                      38.0    5.6     63.2
  SINCE JUL 1     52.9                      54.0   -1.1     74.1
  SNOW DEPTH      16

DEGREE DAYS
 HEATING
  YESTERDAY       68                        52     16       54
  MONTH TO DATE 1382                      1176    206     1335
  SINCE DEC 1   4656                      4768   -112     5592
  SINCE JUL 1   7267                      7229     38     7950

 COOLING
  YESTERDAY        0                         0      0        0
  MONTH TO DATE    0                         0      0        0
  SINCE DEC 1      0                         0      0        0
  SINCE JAN 1      0                         0      0        0
..................................................................


WIND (MPH)
  HIGHEST WIND SPEED    16   HIGHEST WIND DIRECTION    NW (300)
  HIGHEST GUST SPEED    21   HIGHEST GUST DIRECTION     W (280)
  AVERAGE WIND SPEED     8.8


SKY COVER
  AVERAGE SKY COVER 0.5


WEATHER CONDITIONS
 THE FOLLOWING WEATHER WAS RECORDED YESTERDAY.
  LIGHT SNOW
  FOG
  HAZE


RELATIVE HUMIDITY (PERCENT)
 HIGHEST    92           600 AM
 LOWEST     56           200 PM
 AVERAGE    74

..........................................................


THE INTERNATIONAL FALLS MN CLIMATE NORMALS FOR TODAY
                         NORMAL    RECORD    YEAR
 MAXIMUM TEMPERATURE (F)   25        58      2000
 MINIMUM TEMPERATURE (F)    2       -29      1914


SUNRISE AND SUNSET
FEBRUARY 22 2015......SUNRISE   709 AM CST   SUNSET   546 PM CST
FEBRUARY 23 2015......SUNRISE   707 AM CST   SUNSET   548 PM CST


-  INDICATES NEGATIVE NUMBERS.
R  INDICATES RECORD WAS SET OR TIED.
MM INDICATES DATA IS MISSING.
T  INDICATES TRACE AMOUNT.




$$
