930
CDUS43 KDLH 290629
CLIINL


CLIMATE REPORT
NATIONAL WEATHER SERVICE DULUTH MN
1225 AM CST TUE NOV 29 2016


...................................

...THE INTERNATIONAL FALLS MN CLIMATE SUMMARY FOR NOVEMBER 28 2016...

CLIMATE NORMAL PERIOD 1981 TO 2010
CLIMATE RECORD PERIOD 1895 TO 2016


WEATHER ITEM   OBSERVED TIME   RECORD YEAR NORMAL DEPARTURE LAST
                VALUE   (LST)  VALUE       VALUE  FROM      YEAR
                                                  NORMAL
..................................................................
TEMPERATURE (F)
 YESTERDAY
  MAXIMUM         41   1120 PM  50    1914  26     15       31
  MINIMUM         35    212 AM -32    1985  10     25        8
  AVERAGE         38                        18     20       20

PRECIPITATION (IN)
  YESTERDAY        0.26          0.92 1960   0.04   0.22     0.00
  MONTH TO DATE    1.47                      1.31   0.16     3.33
  SINCE SEP 1      6.28                      6.38  -0.10     7.39
  SINCE JAN 1     26.84                     23.34   3.50    23.85

SNOWFALL (IN)
  YESTERDAY        0.0           8.6  1960   0.6   -0.6      0.0
  MONTH TO DATE    7.1                      12.5   -5.4      3.8
  SINCE SEP 1      7.1                      14.8   -7.7      3.8
  SINCE JUL 1      7.1                      14.8   -7.7      3.8
  SNOW DEPTH       2

DEGREE DAYS
 HEATING
  YESTERDAY       27                        47    -20       45
  MONTH TO DATE  763                      1087   -324      859
  SINCE SEP 1   1627                      2183   -556     1744
  SINCE JUL 1   1744                      2364   -620     1920

 COOLING
  YESTERDAY        0                         0      0        0
  MONTH TO DATE    0                         0      0        0
  SINCE SEP 1      7                        11     -4       48
  SINCE JAN 1    155                       192    -37      211
..................................................................


WIND (MPH)
  HIGHEST WIND SPEED    24   HIGHEST WIND DIRECTION     E (110)
  HIGHEST GUST SPEED    32   HIGHEST GUST DIRECTION     E (110)
  AVERAGE WIND SPEED    15.8


SKY COVER
  AVERAGE SKY COVER 1.0


WEATHER CONDITIONS
 THE FOLLOWING WEATHER WAS RECORDED YESTERDAY.
  RAIN
  LIGHT RAIN
  FOG


RELATIVE HUMIDITY (PERCENT)
 HIGHEST    92          1200 AM
 LOWEST     85           500 AM
 AVERAGE    89

..........................................................


THE INTERNATIONAL FALLS MN CLIMATE NORMALS FOR TODAY
                         NORMAL    RECORD    YEAR
 MAXIMUM TEMPERATURE (F)   26        52      1914
 MINIMUM TEMPERATURE (F)    9       -28      1985


SUNRISE AND SUNSET
NOVEMBER 29 2016......SUNRISE   743 AM CST   SUNSET   421 PM CST
NOVEMBER 30 2016......SUNRISE   744 AM CST   SUNSET   421 PM CST


-  INDICATES NEGATIVE NUMBERS.
R  INDICATES RECORD WAS SET OR TIED.
MM INDICATES DATA IS MISSING.
T  INDICATES TRACE AMOUNT.




$$

WM
