000
CDUS43 KDLH 192225
CLIINL


CLIMATE REPORT
NATIONAL WEATHER SERVICE DULUTH MN
525 PM CDT SUN JUL 19 2015


...................................

...THE INTERNATIONAL FALLS MN CLIMATE SUMMARY FOR JULY 19 2015...
VALID TODAY AS OF 0520 PM LOCAL TIME.

CLIMATE NORMAL PERIOD 1981 TO 2010
CLIMATE RECORD PERIOD 1895 TO 2015


WEATHER ITEM   OBSERVED TIME   RECORD YEAR NORMAL DEPARTURE LAST
                VALUE   (LST)  VALUE       VALUE  FROM      YEAR
                                                  NORMAL
..................................................................
TEMPERATURE (F)
 TODAY
  MAXIMUM         82    347 PM 100    1923  78      4       73
  MINIMUM         56    437 AM  37    2009  53      3       53
  AVERAGE         69                        66      3       63

PRECIPITATION (IN)
  TODAY            0.00                      0.11  -0.11     0.93
  MONTH TO DATE    1.15                      2.48  -1.33     2.63
  SINCE JUN 1      4.35                      6.40  -2.05    12.87
  SINCE JAN 1     12.52                     12.93  -0.41    21.69

SNOWFALL (IN)
  TODAY            0.0                       0.0    0.0      0.0
  MONTH TO DATE    0.0                       0.0    0.0      0.0
  SINCE JUL 1      0.0                       0.0    0.0      0.0
  SNOW DEPTH       0

DEGREE DAYS
 HEATING
  TODAY            0                         2     -2        2
  MONTH TO DATE   38                        45     -7       83
  SINCE JUN 1    187                       209    -22      212
  SINCE JUL 1     38                        45     -7       83

 COOLING
  TODAY            4                         3      1        0
  MONTH TO DATE   49                        48      1       22
  SINCE JUN 1     53                        86    -33       51
  SINCE JAN 1     53                        95    -42       74
..................................................................


WIND (MPH)
  HIGHEST WIND SPEED    24   HIGHEST WIND DIRECTION    SW (240)
  HIGHEST GUST SPEED    35   HIGHEST GUST DIRECTION    SW (240)


SKY COVER
  AVERAGE SKY COVER 0.1


WEATHER CONDITIONS
 THE FOLLOWING WEATHER WAS RECORDED TODAY.
  NO SIGNIFICANT WEATHER WAS OBSERVED.


RELATIVE HUMIDITY (PERCENT)
 HIGHEST    93           500 AM
 LOWEST     42           400 PM
 AVERAGE    68

..........................................................


THE INTERNATIONAL FALLS MN CLIMATE NORMALS FOR TOMORROW
                         NORMAL    RECORD    YEAR
 MAXIMUM TEMPERATURE (F)   78        97      1923
 MINIMUM TEMPERATURE (F)   53        36      1912


SUNRISE AND SUNSET
JULY 19 2015..........SUNRISE   532 AM CDT   SUNSET   908 PM CDT
JULY 20 2015..........SUNRISE   533 AM CDT   SUNSET   907 PM CDT


-  INDICATES NEGATIVE NUMBERS.
R  INDICATES RECORD WAS SET OR TIED.
MM INDICATES DATA IS MISSING.
T  INDICATES TRACE AMOUNT.




$$
