000
CDUS43 KDLH 110639
CLIINL


CLIMATE REPORT
NATIONAL WEATHER SERVICE DULUTH MN
139 AM CDT THU AUG 11 2016


...................................

...THE INTERNATIONAL FALLS MN CLIMATE SUMMARY FOR AUGUST 10 2016...

CLIMATE NORMAL PERIOD 1981 TO 2010
CLIMATE RECORD PERIOD 1895 TO 2016


WEATHER ITEM   OBSERVED TIME   RECORD YEAR NORMAL DEPARTURE LAST
                VALUE   (LST)  VALUE       VALUE  FROM      YEAR
                                                  NORMAL
..................................................................
TEMPERATURE (F)
 YESTERDAY
  MAXIMUM         76    201 PM  91    1947  77     -1       77
  MINIMUM         51   1219 AM  38    2013  52     -1       49
                                      2012
  AVERAGE         64                        65     -1       63

PRECIPITATION (IN)
  YESTERDAY        0.01          0.95 1974   0.10  -0.09     0.00
  MONTH TO DATE    1.95                      0.91   1.04     1.80
  SINCE JUN 1     11.30                      8.53   2.77     6.47
  SINCE JAN 1     19.10                     15.06   4.04    14.64

SNOWFALL (IN)
  YESTERDAY        0.0           0.0  2002   0.0    0.0      0.0
                                      2001
  MONTH TO DATE    0.0                       0.0    0.0      0.0
  SINCE JUN 1      0.0                       0.0    0.0      0.0
  SINCE JUL 1      0.0                       0.0    0.0      0.0
  SNOW DEPTH       0

DEGREE DAYS
 HEATING
  YESTERDAY        1                         3     -2        2
  MONTH TO DATE   11                        24    -13       35
  SINCE JUN 1    221                       258    -37      231
  SINCE JUL 1     54                        94    -40       82

 COOLING
  YESTERDAY        0                         2     -2        0
  MONTH TO DATE   19                        20     -1        8
  SINCE JUN 1    119                       134    -15      103
  SINCE JAN 1    121                       143    -22      103
..................................................................


WIND (MPH)
  HIGHEST WIND SPEED    16   HIGHEST WIND DIRECTION    SE (140)
  HIGHEST GUST SPEED    21   HIGHEST GUST DIRECTION    SE (130)
  AVERAGE WIND SPEED     7.6


SKY COVER
  AVERAGE SKY COVER 0.2


WEATHER CONDITIONS
 THE FOLLOWING WEATHER WAS RECORDED YESTERDAY.
  LIGHT RAIN


RELATIVE HUMIDITY (PERCENT)
 HIGHEST    96          1200 AM
 LOWEST     60           200 PM
 AVERAGE    78

..........................................................


THE INTERNATIONAL FALLS MN CLIMATE NORMALS FOR TODAY
                         NORMAL    RECORD    YEAR
 MAXIMUM TEMPERATURE (F)   77        92      1965
 MINIMUM TEMPERATURE (F)   52        34      1954


SUNRISE AND SUNSET
AUGUST 11 2016........SUNRISE   602 AM CDT   SUNSET   834 PM CDT
AUGUST 12 2016........SUNRISE   604 AM CDT   SUNSET   833 PM CDT


-  INDICATES NEGATIVE NUMBERS.
R  INDICATES RECORD WAS SET OR TIED.
MM INDICATES DATA IS MISSING.
T  INDICATES TRACE AMOUNT.




$$
