000
CDUS43 KDLH 072241
CLIINL


CLIMATE REPORT
NATIONAL WEATHER SERVICE DULUTH MN
437 PM CST SUN DEC 7 2014


...................................

...THE INTERNATIONAL FALLS MN CLIMATE SUMMARY FOR DECEMBER 7 2014...
VALID TODAY AS OF 0400 PM LOCAL TIME.

CLIMATE NORMAL PERIOD 1981 TO 2010
CLIMATE RECORD PERIOD 1895 TO 2014


WEATHER ITEM   OBSERVED TIME   RECORD YEAR NORMAL DEPARTURE LAST
                VALUE   (LST)  VALUE       VALUE  FROM      YEAR
                                                  NORMAL
..................................................................
TEMPERATURE (F)
 TODAY
  MAXIMUM         31    243 PM  46    1918  22      9       -7
  MINIMUM         24    105 AM -32    1908   4     20      -25
  AVERAGE         28                        13     15      -16

PRECIPITATION (IN)
  TODAY            0.05                      0.03   0.02      T
  MONTH TO DATE    0.05                      0.21  -0.16     0.95
  SINCE DEC 1      0.05                      0.21  -0.16     0.95
  SINCE JAN 1     29.42                     23.62   5.80    31.35

SNOWFALL (IN)
  TODAY            T                         0.5   -0.5       T
  MONTH TO DATE    0.1                       3.5   -3.4     17.3
  SINCE JUL 1      9.4                      19.5  -10.1     28.2
  SNOW DEPTH       3

DEGREE DAYS
 HEATING
  TODAY           37                        52    -15       81
  MONTH TO DATE  383                       352     31      403
  SINCE DEC 1    383                       352     31      403
  SINCE JUL 1   2994                      2813    181     2761

 COOLING
  TODAY            0                         0      0        0
  MONTH TO DATE    0                         0      0        0
  SINCE DEC 1      0                         0      0        0
  SINCE JAN 1    121                       192    -71      224
..................................................................


WIND (MPH)
  HIGHEST WIND SPEED    15   HIGHEST WIND DIRECTION    SE (150)
  HIGHEST GUST SPEED    22   HIGHEST GUST DIRECTION    SE (150)


SKY COVER
  AVERAGE SKY COVER 1.0


WEATHER CONDITIONS
 THE FOLLOWING WEATHER WAS RECORDED TODAY.
  LIGHT SNOW
  FOG


RELATIVE HUMIDITY (PERCENT)
 HIGHEST    85           300 PM
 LOWEST     53           500 AM
 AVERAGE    69

..........................................................


THE INTERNATIONAL FALLS MN CLIMATE NORMALS FOR TOMORROW
                         NORMAL    RECORD    YEAR
 MAXIMUM TEMPERATURE (F)   21        45      1990
 MINIMUM TEMPERATURE (F)    4       -33      1958


SUNRISE AND SUNSET
DECEMBER  7 2014......SUNRISE   752 AM CST   SUNSET   418 PM CST
DECEMBER  8 2014......SUNRISE   753 AM CST   SUNSET   418 PM CST


-  INDICATES NEGATIVE NUMBERS.
R  INDICATES RECORD WAS SET OR TIED.
MM INDICATES DATA IS MISSING.
T  INDICATES TRACE AMOUNT.




$$
