000
CDUS43 KDLH 100623
CLIINL


CLIMATE REPORT
NATIONAL WEATHER SERVICE DULUTH MN
1222 AM CST TUE JAN 10 2017


...................................

...THE INTERNATIONAL FALLS MN CLIMATE SUMMARY FOR JANUARY 9 2017...

CLIMATE NORMAL PERIOD 1981 TO 2010
CLIMATE RECORD PERIOD 1895 TO 2017


WEATHER ITEM   OBSERVED TIME   RECORD YEAR NORMAL DEPARTURE LAST
                VALUE   (LST)  VALUE       VALUE  FROM      YEAR
                                                  NORMAL
..................................................................
TEMPERATURE (F)
 YESTERDAY
  MAXIMUM         13   1159 PM  48    1958  15     -2        6
  MINIMUM         -7    750 AM -40    1977  -7      0      -18
                                      1909
  AVERAGE          3                         4     -1       -6

PRECIPITATION (IN)
  YESTERDAY        0.11          0.25 1909   0.02   0.09      T
  MONTH TO DATE    0.75                      0.21   0.54     0.10
  SINCE DEC 1      2.94                      1.02   1.92     1.17
  SINCE JAN 1      0.75                      0.21   0.54     0.10

SNOWFALL (IN)
  YESTERDAY        1.0           2.5  2005   0.5    0.5       T
  MONTH TO DATE   12.0                       4.7    7.3      2.0
  SINCE DEC 1     37.5                      19.7   17.8     11.5
  SINCE JUL 1     45.9                      35.7   10.2     15.3
  SNOW DEPTH      17

DEGREE DAYS
 HEATING
  YESTERDAY       62                        61      1       71
  MONTH TO DATE  606                       545     61      411
  SINCE DEC 1   2272                      2259     13     1724
  SINCE JUL 1   4078                      4720   -642     3730

 COOLING
  YESTERDAY        0                         0      0        0
  MONTH TO DATE    0                         0      0        0
  SINCE DEC 1      0                         0      0        0
  SINCE JAN 1      0                         0      0        0
..................................................................


WIND (MPH)
  HIGHEST WIND SPEED    13   HIGHEST WIND DIRECTION     E (100)
  HIGHEST GUST SPEED    18   HIGHEST GUST DIRECTION     E (100)
  AVERAGE WIND SPEED     6.1


SKY COVER
  AVERAGE SKY COVER 0.9


WEATHER CONDITIONS
 THE FOLLOWING WEATHER WAS RECORDED YESTERDAY.
  LT FREEZING RAIN
  LIGHT SNOW
  FOG
  HAZE


RELATIVE HUMIDITY (PERCENT)
 HIGHEST    87          1200 PM
 LOWEST     75           800 AM
 AVERAGE    81

..........................................................


THE INTERNATIONAL FALLS MN CLIMATE NORMALS FOR TODAY
                         NORMAL    RECORD    YEAR
 MAXIMUM TEMPERATURE (F)   15        48      2013
 MINIMUM TEMPERATURE (F)   -7       -38      1993


SUNRISE AND SUNSET
JANUARY 10 2017.......SUNRISE   804 AM CST   SUNSET   440 PM CST
JANUARY 11 2017.......SUNRISE   803 AM CST   SUNSET   441 PM CST


-  INDICATES NEGATIVE NUMBERS.
R  INDICATES RECORD WAS SET OR TIED.
MM INDICATES DATA IS MISSING.
T  INDICATES TRACE AMOUNT.




$$
