000
CDUS43 KDLH 052224
CLIINL


CLIMATE REPORT
NATIONAL WEATHER SERVICE DULUTH MN
422 PM CST SUN FEB 5 2017


...................................

...THE INTERNATIONAL FALLS MN CLIMATE SUMMARY FOR FEBRUARY 5 2017...
VALID TODAY AS OF 0400 PM LOCAL TIME.

CLIMATE NORMAL PERIOD 1981 TO 2010
CLIMATE RECORD PERIOD 1895 TO 2017


WEATHER ITEM   OBSERVED TIME   RECORD YEAR NORMAL DEPARTURE LAST
                VALUE   (LST)  VALUE       VALUE  FROM      YEAR
                                                  NORMAL
..................................................................
TEMPERATURE (F)
 TODAY
  MAXIMUM          9    229 AM  49    2005  19    -10       26
  MINIMUM         -6    822 AM -40    1907  -5     -1        2
  AVERAGE          2                         7     -5       14

PRECIPITATION (IN)
  TODAY            T                         0.02  -0.02      T
  MONTH TO DATE    0.13                      0.08   0.05     0.01
  SINCE DEC 1      3.59                      1.51   2.08     1.67
  SINCE JAN 1      1.40                      0.70   0.70     0.60

SNOWFALL (IN)
  TODAY            T                         0.4   -0.4      0.1
  MONTH TO DATE    2.5                       1.9    0.6      0.4
  SINCE JUL 1     53.3                      47.9    5.4     22.5
  SNOW DEPTH      14

DEGREE DAYS
 HEATING
  TODAY           63                        58      5       51
  MONTH TO DATE  316                       293     23      264
  SINCE DEC 1   3654                      3885   -231     3273
  SINCE JUL 1   5460                      6346   -886     5279

 COOLING
  TODAY            0                         0      0        0
  MONTH TO DATE    0                         0      0        0
  SINCE DEC 1      0                         0      0        0
  SINCE JAN 1      0                         0      0        0
..................................................................


WIND (MPH)
  HIGHEST WIND SPEED    17   HIGHEST WIND DIRECTION    NW (320)
  HIGHEST GUST SPEED    21   HIGHEST GUST DIRECTION    NW (320)


SKY COVER
  AVERAGE SKY COVER 0.3


WEATHER CONDITIONS
 THE FOLLOWING WEATHER WAS RECORDED TODAY.
  LIGHT SNOW
  HAZE


RELATIVE HUMIDITY (PERCENT)
 HIGHEST    80          1200 AM
 LOWEST     55           200 PM
 AVERAGE    68

..........................................................


THE INTERNATIONAL FALLS MN CLIMATE NORMALS FOR TOMORROW
                         NORMAL    RECORD    YEAR
 MAXIMUM TEMPERATURE (F)   19        44      2002
 MINIMUM TEMPERATURE (F)   -5       -39      1967


SUNRISE AND SUNSET
FEBRUARY  5 2017......SUNRISE   737 AM CST   SUNSET   519 PM CST
FEBRUARY  6 2017......SUNRISE   735 AM CST   SUNSET   521 PM CST


-  INDICATES NEGATIVE NUMBERS.
R  INDICATES RECORD WAS SET OR TIED.
MM INDICATES DATA IS MISSING.
T  INDICATES TRACE AMOUNT.




$$
