000
CDUS43 KDLH 012242
CLIINL


CLIMATE REPORT
NATIONAL WEATHER SERVICE DULUTH MN
539 PM CDT SUN OCT 1 2017


...................................

...THE INTERNATIONAL FALLS MN CLIMATE SUMMARY FOR OCTOBER 1 2017...
VALID TODAY AS OF 0500 PM LOCAL TIME.

CLIMATE NORMAL PERIOD 1981 TO 2010
CLIMATE RECORD PERIOD 1895 TO 2017


WEATHER ITEM   OBSERVED TIME   RECORD YEAR NORMAL DEPARTURE LAST
                VALUE   (LST)  VALUE       VALUE  FROM      YEAR
                                                  NORMAL
..................................................................
TEMPERATURE (F)
 TODAY
  MAXIMUM         57    916 AM  83    1992  58     -1       68
  MINIMUM         53   1128 AM  20    2003  36     17       37
  AVERAGE         55                        47      8       53

PRECIPITATION (IN)
  TODAY            0.20                      0.08   0.12     0.00
  MONTH TO DATE    0.20                      0.08   0.12     0.00
  SINCE SEP 1      3.27                      3.07   0.20     3.33
  SINCE JAN 1     20.01                     20.03  -0.02    23.89

SNOWFALL (IN)
  TODAY            0.0                       0.0    0.0      0.0
  MONTH TO DATE    0.0                       0.0    0.0      0.0
  SINCE JUL 1      0.0                       0.1   -0.1      0.0
  SNOW DEPTH       0

DEGREE DAYS
 HEATING
  TODAY           10                        18     -8       12
  MONTH TO DATE   10                        18     -8       12
  SINCE SEP 1    279                       371    -92      250
  SINCE JUL 1    490                       552    -62      367

 COOLING
  TODAY            0                         0      0        0
  MONTH TO DATE    0                         0      0        0
  SINCE SEP 1      7                        11     -4        7
  SINCE JAN 1     86                       192   -106      155
..................................................................


WIND (MPH)
  HIGHEST WIND SPEED    17   HIGHEST WIND DIRECTION    SE (140)
  HIGHEST GUST SPEED    24   HIGHEST GUST DIRECTION    SE (140)


SKY COVER
  AVERAGE SKY COVER 1.0


WEATHER CONDITIONS
 THE FOLLOWING WEATHER WAS RECORDED TODAY.
  RAIN
  LIGHT RAIN
  FOG


RELATIVE HUMIDITY (PERCENT)
 HIGHEST    93          1100 AM
 LOWEST     67          1200 AM
 AVERAGE    80

..........................................................


THE INTERNATIONAL FALLS MN CLIMATE NORMALS FOR TOMORROW
                         NORMAL    RECORD    YEAR
 MAXIMUM TEMPERATURE (F)   58        87      1912
 MINIMUM TEMPERATURE (F)   35        17      1974


SUNRISE AND SUNSET
OCTOBER  1 2017.......SUNRISE   713 AM CDT   SUNSET   652 PM CDT
OCTOBER  2 2017.......SUNRISE   715 AM CDT   SUNSET   650 PM CDT


-  INDICATES NEGATIVE NUMBERS.
R  INDICATES RECORD WAS SET OR TIED.
MM INDICATES DATA IS MISSING.
T  INDICATES TRACE AMOUNT.




$$
