000
CDUS43 KDLH 090630
CLIINL


CLIMATE REPORT
NATIONAL WEATHER SERVICE DULUTH MN
1229 AM CST SUN NOV 9 2014


...................................

...THE INTERNATIONAL FALLS MN CLIMATE SUMMARY FOR NOVEMBER 8 2014...

CLIMATE NORMAL PERIOD 1981 TO 2010
CLIMATE RECORD PERIOD 1895 TO 2014


WEATHER ITEM   OBSERVED TIME   RECORD YEAR NORMAL DEPARTURE LAST
                VALUE   (LST)  VALUE       VALUE  FROM      YEAR
                                                  NORMAL
..................................................................
TEMPERATURE (F)
 YESTERDAY
  MAXIMUM         33    140 AM  72    1999  38     -5       37
  MINIMUM         21   1159 PM -13    2003  22     -1       17
  AVERAGE         27                        30     -3       27

PRECIPITATION (IN)
  YESTERDAY        T             0.97 1918   0.05  -0.05     0.32
  MONTH TO DATE    0.26                      0.42  -0.16     0.47
  SINCE SEP 1      4.52                      5.49  -0.97     4.55
  SINCE JAN 1     29.06                     22.45   6.61    29.66

SNOWFALL (IN)
  YESTERDAY        0.3           7.7  1950   0.3    0.0      3.0
  MONTH TO DATE    0.4                       2.4   -2.0      3.0
  SINCE SEP 1      0.5                       4.7   -4.2      4.6
  SINCE JUL 1      0.5                       4.7   -4.2      4.6
  SNOW DEPTH       T

DEGREE DAYS
 HEATING
  YESTERDAY       38                        35      3       38
  MONTH TO DATE  240                       263    -23      261
  SINCE SEP 1   1258                      1359   -101     1209
  SINCE JUL 1   1472                      1540    -68     1429

 COOLING
  YESTERDAY        0                         0      0        0
  MONTH TO DATE    0                         0      0        0
  SINCE SEP 1     10                        11     -1       11
  SINCE JAN 1    121                       192    -71      224
..................................................................


WIND (MPH)
  HIGHEST WIND SPEED    29   HIGHEST WIND DIRECTION    NW (330)
  HIGHEST GUST SPEED    37   HIGHEST GUST DIRECTION    NW (330)
  AVERAGE WIND SPEED    12.8


SKY COVER
  AVERAGE SKY COVER 0.6


WEATHER CONDITIONS
 THE FOLLOWING WEATHER WAS RECORDED YESTERDAY.
  LIGHT SNOW
  FOG


RELATIVE HUMIDITY (PERCENT)
 HIGHEST    89          1200 AM
 LOWEST     31           300 PM
 AVERAGE    60

..........................................................


THE INTERNATIONAL FALLS MN CLIMATE NORMALS FOR TODAY
                         NORMAL    RECORD    YEAR
 MAXIMUM TEMPERATURE (F)   38        64      2010
 MINIMUM TEMPERATURE (F)   22         0      1979
                                             1957


SUNRISE AND SUNSET
NOVEMBER  9 2014......SUNRISE   713 AM CST   SUNSET   442 PM CST
NOVEMBER 10 2014......SUNRISE   714 AM CST   SUNSET   440 PM CST


-  INDICATES NEGATIVE NUMBERS.
R  INDICATES RECORD WAS SET OR TIED.
MM INDICATES DATA IS MISSING.
T  INDICATES TRACE AMOUNT.




$$
