000
CDUS43 KDLH 020641
CLIINL


CLIMATE REPORT
NATIONAL WEATHER SERVICE DULUTH MN
1240 AM CST TUE JAN 2 2018


...................................

...THE INTERNATIONAL FALLS MN CLIMATE SUMMARY FOR JANUARY 1 2018...

CLIMATE NORMAL PERIOD 1981 TO 2010
CLIMATE RECORD PERIOD 1895 TO 2018


WEATHER ITEM   OBSERVED TIME   RECORD YEAR NORMAL DEPARTURE LAST
                VALUE   (LST)  VALUE       VALUE  FROM      YEAR
                                                  NORMAL
..................................................................
TEMPERATURE (F)
 YESTERDAY
  MAXIMUM          2    345 PM  39    1964  15    -13       19
  MINIMUM        -21    756 AM -39    2014  -5    -16       -6
  AVERAGE         -9                         5    -14        7

PRECIPITATION (IN)
  YESTERDAY        0.00          0.80 1921   0.02  -0.02     0.02
  MONTH TO DATE    0.00                      0.02  -0.02     0.02
  SINCE DEC 1      1.16                      0.83   0.33     2.21
  SINCE JAN 1      0.00                      0.02  -0.02     0.02

SNOWFALL (IN)
  YESTERDAY        0.0           4.3  2009   0.5   -0.5      0.7
  MONTH TO DATE    0.0                       0.5   -0.5      0.7
  SINCE DEC 1     16.4                      15.5    0.9     26.2
  SINCE JUL 1     30.4                      31.5   -1.1     34.6
  SNOW DEPTH       7

DEGREE DAYS
 HEATING
  YESTERDAY       74                        60     14       58
  MONTH TO DATE   74                        60     14       58
  SINCE DEC 1   1901                      1774    127     1724
  SINCE JUL 1   4295                      4235     60     3530

 COOLING
  YESTERDAY        0                         0      0        0
  MONTH TO DATE    0                         0      0        0
  SINCE DEC 1      0                         0      0        0
  SINCE JAN 1      0                         0      0        0
..................................................................


WIND (MPH)
  HIGHEST WIND SPEED    15   HIGHEST WIND DIRECTION    SW (240)
  HIGHEST GUST SPEED    22   HIGHEST GUST DIRECTION    SW (240)
  AVERAGE WIND SPEED     8.0


SKY COVER
  AVERAGE SKY COVER 0.1


WEATHER CONDITIONS
 THE FOLLOWING WEATHER WAS RECORDED YESTERDAY.
  HAZE


RELATIVE HUMIDITY (PERCENT)
 HIGHEST    78          1200 AM
 LOWEST     53           200 PM
 AVERAGE    66

..........................................................


THE INTERNATIONAL FALLS MN CLIMATE NORMALS FOR TODAY
                         NORMAL    RECORD    YEAR
 MAXIMUM TEMPERATURE (F)   15        37      1997
 MINIMUM TEMPERATURE (F)   -6       -43      2014


SUNRISE AND SUNSET
JANUARY  2 2018.......SUNRISE   806 AM CST   SUNSET   430 PM CST
JANUARY  3 2018.......SUNRISE   806 AM CST   SUNSET   431 PM CST


-  INDICATES NEGATIVE NUMBERS.
R  INDICATES RECORD WAS SET OR TIED.
MM INDICATES DATA IS MISSING.
T  INDICATES TRACE AMOUNT.




$$
