000
CDUS43 KDLH 010625
CLIINL


CLIMATE REPORT
NATIONAL WEATHER SERVICE DULUTH MN
123 AM CDT WED NOV 1 2017


...................................

...THE INTERNATIONAL FALLS MN CLIMATE SUMMARY FOR OCTOBER 31 2017...

CLIMATE NORMAL PERIOD 1981 TO 2010
CLIMATE RECORD PERIOD 1895 TO 2017


WEATHER ITEM   OBSERVED TIME   RECORD YEAR NORMAL DEPARTURE LAST
                VALUE   (LST)  VALUE       VALUE  FROM      YEAR
                                                  NORMAL
..................................................................
TEMPERATURE (F)
 YESTERDAY
  MAXIMUM         27    126 PM  71    1999  43    -16       53
  MINIMUM         15   1002 PM   9    1996  26    -11       38
  AVERAGE         21                        34    -13       46

PRECIPITATION (IN)
  YESTERDAY        0.01          2.33 1979   0.05  -0.04     0.04
  MONTH TO DATE    1.51                      2.08  -0.57     1.48
  SINCE SEP 1      4.58                      5.07  -0.49     4.81
  SINCE JAN 1     21.32                     22.03  -0.71    25.37

SNOWFALL (IN)
  YESTERDAY        T             1.6  1996   0.2   -0.2      0.0
  MONTH TO DATE    2.1                       2.2   -0.1       T
  SINCE SEP 1      2.1                       2.3   -0.2       T
  SINCE JUL 1      2.1                       2.3   -0.2       T
  SNOW DEPTH       1

DEGREE DAYS
 HEATING
  YESTERDAY       44                        30     14       19
  MONTH TO DATE  649                       742    -93      626
  SINCE SEP 1    918                      1096   -178      864
  SINCE JUL 1   1129                      1277   -148      981

 COOLING
  YESTERDAY        0                         0      0        0
  MONTH TO DATE    0                         0      0        0
  SINCE SEP 1      7                        11     -4        7
  SINCE JAN 1     86                       192   -106      155
..................................................................


WIND (MPH)
  HIGHEST WIND SPEED    13   HIGHEST WIND DIRECTION     W (280)
  HIGHEST GUST SPEED    16   HIGHEST GUST DIRECTION     W (260)
  AVERAGE WIND SPEED     6.7


SKY COVER
  AVERAGE SKY COVER 0.8


WEATHER CONDITIONS
 THE FOLLOWING WEATHER WAS RECORDED YESTERDAY.
  LIGHT SNOW
  FOG
  HAZE


RELATIVE HUMIDITY (PERCENT)
 HIGHEST    92           400 AM
 LOWEST     63           400 PM
 AVERAGE    78

..........................................................


THE INTERNATIONAL FALLS MN CLIMATE NORMALS FOR TODAY
                         NORMAL    RECORD    YEAR
 MAXIMUM TEMPERATURE (F)   43        65      1990
                                             1981
 MINIMUM TEMPERATURE (F)   25         2      1951


SUNRISE AND SUNSET
NOVEMBER  1 2017......SUNRISE   800 AM CDT   SUNSET   553 PM CDT
NOVEMBER  2 2017......SUNRISE   802 AM CDT   SUNSET   552 PM CDT


-  INDICATES NEGATIVE NUMBERS.
R  INDICATES RECORD WAS SET OR TIED.
MM INDICATES DATA IS MISSING.
T  INDICATES TRACE AMOUNT.




$$
