000
CDUS43 KDLH 160627
CLIINL


CLIMATE REPORT
NATIONAL WEATHER SERVICE DULUTH MN
1226 AM CST MON FEB 16 2015


...................................

...THE INTERNATIONAL FALLS MN CLIMATE SUMMARY FOR FEBRUARY 15 2015...

CLIMATE NORMAL PERIOD 1981 TO 2010
CLIMATE RECORD PERIOD 1895 TO 2015


WEATHER ITEM   OBSERVED TIME   RECORD YEAR NORMAL DEPARTURE LAST
                VALUE   (LST)  VALUE       VALUE  FROM      YEAR
                                                  NORMAL
..................................................................
TEMPERATURE (F)
 YESTERDAY
  MAXIMUM          4    445 PM  46    1981  22    -18       15
  MINIMUM        -14    351 AM -43    1909  -2    -12        0
  AVERAGE         -5                        10    -15        8

PRECIPITATION (IN)
  YESTERDAY        0.02          0.29 1962   0.02   0.00     0.07
  MONTH TO DATE    0.44                      0.27   0.17     0.25
  SINCE DEC 1      2.62                      1.70   0.92     2.51
  SINCE JAN 1      1.77                      0.89   0.88     1.07

SNOWFALL (IN)
  YESTERDAY        0.3           5.3  1992   0.4   -0.1      1.3
  MONTH TO DATE    7.1                       5.7    1.4      6.6
  SINCE DEC 1     38.6                      35.7    2.9     49.9
  SINCE JUL 1     47.9                      51.7   -3.8     60.8
  SNOW DEPTH      14

DEGREE DAYS
 HEATING
  YESTERDAY       70                        55     15       57
  MONTH TO DATE  963                       856    107     1049
  SINCE DEC 1   4237                      4448   -211     5306
  SINCE JUL 1   6848                      6909    -61     7664

 COOLING
  YESTERDAY        0                         0      0        0
  MONTH TO DATE    0                         0      0        0
  SINCE DEC 1      0                         0      0        0
  SINCE JAN 1      0                         0      0        0
..................................................................


WIND (MPH)
  HIGHEST WIND SPEED    12   HIGHEST WIND DIRECTION    SE (150)
  HIGHEST GUST SPEED    17   HIGHEST GUST DIRECTION     S (180)
  AVERAGE WIND SPEED     6.2


SKY COVER
  AVERAGE SKY COVER 0.5


WEATHER CONDITIONS
 THE FOLLOWING WEATHER WAS RECORDED YESTERDAY.
  LIGHT SNOW
  HAZE


RELATIVE HUMIDITY (PERCENT)
 HIGHEST    82           800 PM
 LOWEST     59          1100 AM
 AVERAGE    71

..........................................................


THE INTERNATIONAL FALLS MN CLIMATE NORMALS FOR TODAY
                         NORMAL    RECORD    YEAR
 MAXIMUM TEMPERATURE (F)   22        48      2011
                                             1981
 MINIMUM TEMPERATURE (F)   -1       -42      1973


SUNRISE AND SUNSET
FEBRUARY 16 2015......SUNRISE   720 AM CST   SUNSET   536 PM CST
FEBRUARY 17 2015......SUNRISE   718 AM CST   SUNSET   538 PM CST


-  INDICATES NEGATIVE NUMBERS.
R  INDICATES RECORD WAS SET OR TIED.
MM INDICATES DATA IS MISSING.
T  INDICATES TRACE AMOUNT.




$$
