763
CDUS43 KDLH 250638
CLIINL


CLIMATE REPORT
NATIONAL WEATHER SERVICE DULUTH MN
135 AM CDT MON APR 25 2016


...................................

...THE INTERNATIONAL FALLS MN CLIMATE SUMMARY FOR APRIL 24 2016...

CLIMATE NORMAL PERIOD 1981 TO 2010
CLIMATE RECORD PERIOD 1895 TO 2016


WEATHER ITEM   OBSERVED TIME   RECORD YEAR NORMAL DEPARTURE LAST
                VALUE   (LST)  VALUE       VALUE  FROM      YEAR
                                                  NORMAL
..................................................................
TEMPERATURE (F)
 YESTERDAY
  MAXIMUM         47    412 PM  85    1990  56     -9       42
  MINIMUM         39    831 AM  10    1909  31      8       21
  AVERAGE         43                        44     -1       32

PRECIPITATION (IN)
  YESTERDAY        T             1.00 1925   0.06  -0.06      T
  MONTH TO DATE    1.31                      1.14   0.17     0.69
  SINCE MAR 1      4.02                      2.09   1.93     1.33
  SINCE JAN 1      5.39                      3.28   2.11     3.35

SNOWFALL (IN)
  YESTERDAY        0.0           2.8  2014   0.2   -0.2       T
  MONTH TO DATE    4.9                       5.7   -0.8      4.3
  SINCE MAR 1     14.2                      13.3    0.9      7.8
  SINCE JUL 1     47.7                      70.1  -22.4     64.5
  SNOW DEPTH       0

DEGREE DAYS
 HEATING
  YESTERDAY       22                        22      0       33
  MONTH TO DATE  691                       651     40      641
  SINCE MAR 1   1794                      1934   -140     1810
  SINCE JUL 1   8326                      9517  -1191     9564

 COOLING
  YESTERDAY        0                         0      0        0
  MONTH TO DATE    0                         0      0        0
  SINCE MAR 1      0                         0      0        0
  SINCE JAN 1      0                         0      0        0
..................................................................


WIND (MPH)
  HIGHEST WIND SPEED    23   HIGHEST WIND DIRECTION     E (90)
  HIGHEST GUST SPEED    32   HIGHEST GUST DIRECTION     E (90)
  AVERAGE WIND SPEED    12.2


SKY COVER
  AVERAGE SKY COVER 1.0


WEATHER CONDITIONS
 THE FOLLOWING WEATHER WAS RECORDED YESTERDAY.
  NO SIGNIFICANT WEATHER WAS OBSERVED.


RELATIVE HUMIDITY (PERCENT)
 HIGHEST    85          1200 AM
 LOWEST     49          1100 PM
 AVERAGE    67

..........................................................


THE INTERNATIONAL FALLS MN CLIMATE NORMALS FOR TODAY
                         NORMAL    RECORD    YEAR
 MAXIMUM TEMPERATURE (F)   57        82      1990
 MINIMUM TEMPERATURE (F)   31        13      1909


SUNRISE AND SUNSET
APRIL 25 2016.........SUNRISE   603 AM CDT   SUNSET   820 PM CDT
APRIL 26 2016.........SUNRISE   602 AM CDT   SUNSET   822 PM CDT


-  INDICATES NEGATIVE NUMBERS.
R  INDICATES RECORD WAS SET OR TIED.
MM INDICATES DATA IS MISSING.
T  INDICATES TRACE AMOUNT.




$$
