000
CDUS43 KDLH 052226
CLIINL


CLIMATE REPORT
NATIONAL WEATHER SERVICE DULUTH MN
523 PM CDT FRI MAY 5 2017


...................................

...THE INTERNATIONAL FALLS MN CLIMATE SUMMARY FOR MAY 5 2017...
VALID TODAY AS OF 0500 PM LOCAL TIME.

CLIMATE NORMAL PERIOD 1981 TO 2010
CLIMATE RECORD PERIOD 1895 TO 2017


WEATHER ITEM   OBSERVED TIME   RECORD YEAR NORMAL DEPARTURE LAST
                VALUE   (LST)  VALUE       VALUE  FROM      YEAR
                                                  NORMAL
..................................................................
TEMPERATURE (F)
 TODAY
  MAXIMUM         70    336 PM  89    2016  61      9       89
  MINIMUM         37    104 AM  19    1989  35      2       41
                                      1968
  AVERAGE         54                        48      6       65

PRECIPITATION (IN)
  TODAY            0.00                      0.07  -0.07     0.02
  MONTH TO DATE    0.19                      0.38  -0.19     0.02
  SINCE MAR 1      2.45                      2.86  -0.41     4.84
  SINCE JAN 1      5.20                      4.05   1.15     6.21

SNOWFALL (IN)
  TODAY            0.0                       0.0    0.0      0.0
  MONTH TO DATE    0.0                       0.1   -0.1      0.0
  SINCE JUL 1     70.4                      70.9   -0.5     47.7
  SNOW DEPTH       0

DEGREE DAYS
 HEATING
  TODAY           11                        17     -6        0
  MONTH TO DATE   86                        89     -3       73
  SINCE MAR 1   2092                      2144    -52     2002
  SINCE JUL 1   8566                      9727  -1161     8534

 COOLING
  TODAY            0                         0      0        0
  MONTH TO DATE    0                         0      0        0
  SINCE MAR 1      0                         1     -1        0
  SINCE JAN 1      0                         1     -1        0
..................................................................


WIND (MPH)
  HIGHEST WIND SPEED    21   HIGHEST WIND DIRECTION     N (360)
  HIGHEST GUST SPEED    24   HIGHEST GUST DIRECTION     N (350)


SKY COVER
  AVERAGE SKY COVER 0.5


WEATHER CONDITIONS
 THE FOLLOWING WEATHER WAS RECORDED TODAY.
  NO SIGNIFICANT WEATHER WAS OBSERVED.


RELATIVE HUMIDITY (PERCENT)
 HIGHEST    82           400 AM
 LOWEST     29           400 PM
 AVERAGE    56

..........................................................


THE INTERNATIONAL FALLS MN CLIMATE NORMALS FOR TOMORROW
                         NORMAL    RECORD    YEAR
 MAXIMUM TEMPERATURE (F)   62        86      2016
                                             1918
 MINIMUM TEMPERATURE (F)   35        23      1976


SUNRISE AND SUNSET
MAY  5 2017...........SUNRISE   547 AM CDT   SUNSET   835 PM CDT
MAY  6 2017...........SUNRISE   545 AM CDT   SUNSET   836 PM CDT


-  INDICATES NEGATIVE NUMBERS.
R  INDICATES RECORD WAS SET OR TIED.
MM INDICATES DATA IS MISSING.
T  INDICATES TRACE AMOUNT.




$$
