000
CDUS43 KDLH 260625
CLIINL


CLIMATE REPORT
NATIONAL WEATHER SERVICE DULUTH MN
124 AM CDT WED MAR 26 2014


...................................

...THE INTERNATIONAL FALLS MN CLIMATE SUMMARY FOR MARCH 25 2014...

CLIMATE NORMAL PERIOD 1981 TO 2010
CLIMATE RECORD PERIOD 1895 TO 2014


WEATHER ITEM   OBSERVED TIME   RECORD YEAR NORMAL DEPARTURE LAST
                VALUE   (LST)  VALUE       VALUE  FROM      YEAR
                                                  NORMAL
..................................................................
TEMPERATURE (F)
 YESTERDAY
  MAXIMUM         17    511 PM  60    1921  39    -22       36
                                      1918
                                      1911
  MINIMUM         -8   1005 PM -20    1965  17    -25       13
  AVERAGE          5                        28    -23       25

PRECIPITATION (IN)
  YESTERDAY        T             0.34 1948   0.04  -0.04     0.00
  MONTH TO DATE    1.18                      0.72   0.46     1.14
  SINCE MAR 1      1.18                      0.72   0.46     1.14
  SINCE JAN 1      2.93                      1.91   1.02     4.80

SNOWFALL (IN)
  YESTERDAY        T             2.6  1954   0.2   -0.2      0.0
  MONTH TO DATE   15.0                       6.3    8.7     14.6
  SINCE MAR 1     15.0                       6.3    8.7     14.6
  SINCE JUL 1     91.4                      63.1   28.3     84.9
  SNOW DEPTH      27

DEGREE DAYS
 HEATING
  YESTERDAY       60                        37     23       40
  MONTH TO DATE 1338                      1070    268     1292
  SINCE MAR 1   1338                      1070    268     1292
  SINCE JUL 1   9769                      8653   1116     8849

 COOLING
  YESTERDAY        0                         0      0        0
  MONTH TO DATE    0                         0      0        0
  SINCE MAR 1      0                         0      0        0
  SINCE JAN 1      0                         0      0        0
..................................................................


WIND (MPH)
  HIGHEST WIND SPEED    24   HIGHEST WIND DIRECTION    NW (300)
  HIGHEST GUST SPEED    30   HIGHEST GUST DIRECTION    NW (300)
  AVERAGE WIND SPEED    10.7


SKY COVER
  AVERAGE SKY COVER 0.2


WEATHER CONDITIONS
 THE FOLLOWING WEATHER WAS RECORDED YESTERDAY.
  FOG
  HAZE


RELATIVE HUMIDITY (PERCENT)
 HIGHEST    82           400 AM
 LOWEST     42           600 PM
 AVERAGE    62

..........................................................


THE INTERNATIONAL FALLS MN CLIMATE NORMALS FOR TODAY
                         NORMAL    RECORD    YEAR
 MAXIMUM TEMPERATURE (F)   40        57      1989
                                             1973
                                             1968
 MINIMUM TEMPERATURE (F)   18       -22      1996


SUNRISE AND SUNSET
MARCH 26 2014.........SUNRISE   704 AM CDT   SUNSET   736 PM CDT
MARCH 27 2014.........SUNRISE   702 AM CDT   SUNSET   737 PM CDT


-  INDICATES NEGATIVE NUMBERS.
R  INDICATES RECORD WAS SET OR TIED.
MM INDICATES DATA IS MISSING.
T  INDICATES TRACE AMOUNT.




$$
