000
CDUS43 KDLH 140632
CLIINL


CLIMATE REPORT
NATIONAL WEATHER SERVICE DULUTH MN
1231 AM CST FRI NOV 14 2014


...................................

...THE INTERNATIONAL FALLS MN CLIMATE SUMMARY FOR NOVEMBER 13 2014...

CLIMATE NORMAL PERIOD 1981 TO 2010
CLIMATE RECORD PERIOD 1895 TO 2014


WEATHER ITEM   OBSERVED TIME   RECORD YEAR NORMAL DEPARTURE LAST
                VALUE   (LST)  VALUE       VALUE  FROM      YEAR
                                                  NORMAL
..................................................................
TEMPERATURE (F)
 YESTERDAY
  MAXIMUM         25   1223 PM  61    1981  35    -10       44
  MINIMUM          0   1159 PM -12    1995  19    -19       20
                                      1986
  AVERAGE         13                        27    -14       32

PRECIPITATION (IN)
  YESTERDAY        0.05          0.61 1978   0.05   0.00     0.00
  MONTH TO DATE    0.37                      0.68  -0.31     0.60
  SINCE SEP 1      4.63                      5.75  -1.12     4.68
  SINCE JAN 1     29.17                     22.71   6.46    29.79

SNOWFALL (IN)
  YESTERDAY        1.1           5.5  1978   0.5    0.6      0.0
  MONTH TO DATE    2.8                       4.6   -1.8      4.5
  SINCE SEP 1      2.9                       6.9   -4.0      6.1
  SINCE JUL 1      2.9                       6.9   -4.0      6.1
  SNOW DEPTH       1

DEGREE DAYS
 HEATING
  YESTERDAY       52                        38     14       33
  MONTH TO DATE  469                       446     23      460
  SINCE SEP 1   1487                      1542    -55     1408
  SINCE JUL 1   1701                      1723    -22     1628

 COOLING
  YESTERDAY        0                         0      0        0
  MONTH TO DATE    0                         0      0        0
  SINCE SEP 1     10                        11     -1       11
  SINCE JAN 1    121                       192    -71      224
..................................................................


WIND (MPH)
  HIGHEST WIND SPEED    16   HIGHEST WIND DIRECTION    NW (300)
  HIGHEST GUST SPEED    20   HIGHEST GUST DIRECTION    NW (330)
  AVERAGE WIND SPEED     5.9


SKY COVER
  AVERAGE SKY COVER 0.7


WEATHER CONDITIONS
 THE FOLLOWING WEATHER WAS RECORDED YESTERDAY.
  LIGHT SNOW
  FOG
  HAZE


RELATIVE HUMIDITY (PERCENT)
 HIGHEST    91           600 PM
 LOWEST     59           200 PM
 AVERAGE    75

..........................................................


THE INTERNATIONAL FALLS MN CLIMATE NORMALS FOR TODAY
                         NORMAL    RECORD    YEAR
 MAXIMUM TEMPERATURE (F)   35        56      1953
 MINIMUM TEMPERATURE (F)   19       -14      1959


SUNRISE AND SUNSET
NOVEMBER 14 2014......SUNRISE   720 AM CST   SUNSET   435 PM CST
NOVEMBER 15 2014......SUNRISE   722 AM CST   SUNSET   434 PM CST


-  INDICATES NEGATIVE NUMBERS.
R  INDICATES RECORD WAS SET OR TIED.
MM INDICATES DATA IS MISSING.
T  INDICATES TRACE AMOUNT.




$$
