000
CDUS43 KDLH 040628
CLIINL


CLIMATE REPORT
NATIONAL WEATHER SERVICE DULUTH MN
1226 AM CST SAT FEB 4 2017


...................................

...THE INTERNATIONAL FALLS MN CLIMATE SUMMARY FOR FEBRUARY 3 2017...

CLIMATE NORMAL PERIOD 1981 TO 2010
CLIMATE RECORD PERIOD 1895 TO 2017


WEATHER ITEM   OBSERVED TIME   RECORD YEAR NORMAL DEPARTURE LAST
                VALUE   (LST)  VALUE       VALUE  FROM      YEAR
                                                  NORMAL
..................................................................
TEMPERATURE (F)
 YESTERDAY
  MAXIMUM         16    406 PM  53    1991  18     -2       19
  MINIMUM        -13    715 AM -40    1982  -5     -8       -4
  AVERAGE          2                         6     -4        8

PRECIPITATION (IN)
  YESTERDAY        0.00          0.40 1943   0.02  -0.02     0.00
  MONTH TO DATE    0.00                      0.05  -0.05      T
  SINCE DEC 1      3.46                      1.48   1.98     1.66
  SINCE JAN 1      1.27                      0.67   0.60     0.59

SNOWFALL (IN)
  YESTERDAY        0.0           1.6  1984   0.3   -0.3      0.0
  MONTH TO DATE    0.0                       1.1   -1.1       T
  SINCE DEC 1     42.4                      31.1   11.3     18.3
  SINCE JUL 1     50.8                      47.1    3.7     22.1
  SNOW DEPTH      12

DEGREE DAYS
 HEATING
  YESTERDAY       63                        59      4       57
  MONTH TO DATE  194                       177     17      157
  SINCE DEC 1   3532                      3769   -237     3166
  SINCE JUL 1   5338                      6230   -892     5172

 COOLING
  YESTERDAY        0                         0      0        0
  MONTH TO DATE    0                         0      0        0
  SINCE DEC 1      0                         0      0        0
  SINCE JAN 1      0                         0      0        0
..................................................................


WIND (MPH)
  HIGHEST WIND SPEED    15   HIGHEST WIND DIRECTION     W (270)
  HIGHEST GUST SPEED    20   HIGHEST GUST DIRECTION     W (270)
  AVERAGE WIND SPEED     7.3


SKY COVER
  AVERAGE SKY COVER 0.0


WEATHER CONDITIONS
 THE FOLLOWING WEATHER WAS RECORDED YESTERDAY.
  NO SIGNIFICANT WEATHER WAS OBSERVED.


RELATIVE HUMIDITY (PERCENT)
 HIGHEST    83           900 AM
 LOWEST     53           300 PM
 AVERAGE    68

..........................................................


THE INTERNATIONAL FALLS MN CLIMATE NORMALS FOR TODAY
                         NORMAL    RECORD    YEAR
 MAXIMUM TEMPERATURE (F)   18        47      1990
 MINIMUM TEMPERATURE (F)   -5       -41      1907


SUNRISE AND SUNSET
FEBRUARY  4 2017......SUNRISE   738 AM CST   SUNSET   518 PM CST
FEBRUARY  5 2017......SUNRISE   737 AM CST   SUNSET   519 PM CST


-  INDICATES NEGATIVE NUMBERS.
R  INDICATES RECORD WAS SET OR TIED.
MM INDICATES DATA IS MISSING.
T  INDICATES TRACE AMOUNT.




$$
