000
CDUS43 KDLH 030628
CLIINL


CLIMATE REPORT
NATIONAL WEATHER SERVICE DULUTH MN
1227 AM CST TUE JAN 3 2017


...................................

...THE INTERNATIONAL FALLS MN CLIMATE SUMMARY FOR JANUARY 2 2017...

CLIMATE NORMAL PERIOD 1981 TO 2010
CLIMATE RECORD PERIOD 1895 TO 2017


WEATHER ITEM   OBSERVED TIME   RECORD YEAR NORMAL DEPARTURE LAST
                VALUE   (LST)  VALUE       VALUE  FROM      YEAR
                                                  NORMAL
..................................................................
TEMPERATURE (F)
 YESTERDAY
  MAXIMUM         17   1159 PM  37    1997  15      2       26
  MINIMUM          6    148 AM -43    2014  -6     12       11
  AVERAGE         12                         5      7       19

PRECIPITATION (IN)
  YESTERDAY        0.25          6.01 1907   0.03   0.22     0.00
  MONTH TO DATE    0.27                      0.05   0.22     0.00
  SINCE DEC 1      2.46                      0.86   1.60     1.07
  SINCE JAN 1      0.27                      0.05   0.22     0.00

SNOWFALL (IN)
  YESTERDAY        3.2           5.8  1966   0.5    2.7      0.0
  MONTH TO DATE    3.9                       1.0    2.9      0.0
  SINCE DEC 1     29.4                      16.0   13.4      9.5
  SINCE JUL 1     37.8                      32.0    5.8     13.3
  SNOW DEPTH      13

DEGREE DAYS
 HEATING
  YESTERDAY       53                        60     -7       46
  MONTH TO DATE  111                       120     -9       91
  SINCE DEC 1   1777                      1834    -57     1404
  SINCE JUL 1   3583                      4295   -712     3410

 COOLING
  YESTERDAY        0                         0      0        0
  MONTH TO DATE    0                         0      0        0
  SINCE DEC 1      0                         0      0        0
  SINCE JAN 1      0                         0      0        0
..................................................................


WIND (MPH)
  HIGHEST WIND SPEED    15   HIGHEST WIND DIRECTION     E (80)
  HIGHEST GUST SPEED    20   HIGHEST GUST DIRECTION     E (70)
  AVERAGE WIND SPEED     9.2


SKY COVER
  AVERAGE SKY COVER 1.0


WEATHER CONDITIONS
 THE FOLLOWING WEATHER WAS RECORDED YESTERDAY.
  SNOW
  LIGHT SNOW
  FOG


RELATIVE HUMIDITY (PERCENT)
 HIGHEST    88           100 PM
 LOWEST     69           500 AM
 AVERAGE    79

..........................................................


THE INTERNATIONAL FALLS MN CLIMATE NORMALS FOR TODAY
                         NORMAL    RECORD    YEAR
 MAXIMUM TEMPERATURE (F)   15        41      2007
 MINIMUM TEMPERATURE (F)   -6       -37      2010


SUNRISE AND SUNSET
JANUARY  3 2017.......SUNRISE   806 AM CST   SUNSET   431 PM CST
JANUARY  4 2017.......SUNRISE   806 AM CST   SUNSET   432 PM CST


-  INDICATES NEGATIVE NUMBERS.
R  INDICATES RECORD WAS SET OR TIED.
MM INDICATES DATA IS MISSING.
T  INDICATES TRACE AMOUNT.




$$
