000
CDUS43 KDLH 270620
CLIINL


CLIMATE REPORT
NATIONAL WEATHER SERVICE DULUTH MN
1219 AM CST MON NOV 27 2017


...................................

...THE INTERNATIONAL FALLS MN CLIMATE SUMMARY FOR NOVEMBER 26 2017...

CLIMATE NORMAL PERIOD 1981 TO 2010
CLIMATE RECORD PERIOD 1895 TO 2017


WEATHER ITEM   OBSERVED TIME   RECORD YEAR NORMAL DEPARTURE LAST
                VALUE   (LST)  VALUE       VALUE  FROM      YEAR
                                                  NORMAL
..................................................................
TEMPERATURE (F)
 YESTERDAY
  MAXIMUM         30   1030 AM  53    1962  27      3       38
  MINIMUM         14   1201 AM -21    1977  11      3       19
  AVERAGE         22                        19      3       29

PRECIPITATION (IN)
  YESTERDAY        T             1.02 1965   0.03  -0.03     0.00
  MONTH TO DATE    1.05                      1.23  -0.18     1.21
  SINCE SEP 1      5.63                      6.30  -0.67     6.02
  SINCE JAN 1     22.37                     23.26  -0.89    26.58

SNOWFALL (IN)
  YESTERDAY        T            11.0  1965   0.5   -0.5      0.0
  MONTH TO DATE   11.9                      11.4    0.5      7.1
  SINCE SEP 1     14.0                      13.7    0.3      7.1
  SINCE JUL 1     14.0                      13.7    0.3      7.1
  SNOW DEPTH       T

DEGREE DAYS
 HEATING
  YESTERDAY       43                        46     -3       36
  MONTH TO DATE 1120                       994    126      701
  SINCE SEP 1   2038                      2090    -52     1565
  SINCE JUL 1   2249                      2271    -22     1682

 COOLING
  YESTERDAY        0                         0      0        0
  MONTH TO DATE    0                         0      0        0
  SINCE SEP 1      7                        11     -4        7
  SINCE JAN 1     86                       192   -106      155
..................................................................


WIND (MPH)
  HIGHEST WIND SPEED    15   HIGHEST WIND DIRECTION    NW (320)
  HIGHEST GUST SPEED    20   HIGHEST GUST DIRECTION    NW (310)
  AVERAGE WIND SPEED     6.5


SKY COVER
  AVERAGE SKY COVER 0.7


WEATHER CONDITIONS
 THE FOLLOWING WEATHER WAS RECORDED YESTERDAY.
  LIGHT SNOW


RELATIVE HUMIDITY (PERCENT)
 HIGHEST    92           800 AM
 LOWEST     69           300 PM
 AVERAGE    81

..........................................................


THE INTERNATIONAL FALLS MN CLIMATE NORMALS FOR TODAY
                         NORMAL    RECORD    YEAR
 MAXIMUM TEMPERATURE (F)   27        47      1998
                                             1962
                                             1918
 MINIMUM TEMPERATURE (F)   10       -29      1985


SUNRISE AND SUNSET
NOVEMBER 27 2017......SUNRISE   740 AM CST   SUNSET   423 PM CST
NOVEMBER 28 2017......SUNRISE   741 AM CST   SUNSET   422 PM CST


-  INDICATES NEGATIVE NUMBERS.
R  INDICATES RECORD WAS SET OR TIED.
MM INDICATES DATA IS MISSING.
T  INDICATES TRACE AMOUNT.




$$
