000
CDUS43 KDLH 202230
CLIINL


CLIMATE REPORT
NATIONAL WEATHER SERVICE DULUTH MN
530 PM CDT MON JUL 20 2015


...................................

...THE INTERNATIONAL FALLS MN CLIMATE SUMMARY FOR JULY 20 2015...
VALID TODAY AS OF 0500 PM LOCAL TIME.

CLIMATE NORMAL PERIOD 1981 TO 2010
CLIMATE RECORD PERIOD 1895 TO 2015


WEATHER ITEM   OBSERVED TIME   RECORD YEAR NORMAL DEPARTURE LAST
                VALUE   (LST)  VALUE       VALUE  FROM      YEAR
                                                  NORMAL
..................................................................
TEMPERATURE (F)
 TODAY
  MAXIMUM         73    234 PM  97    1923  78     -5       86
  MINIMUM         58    432 AM  36    1912  53      5       52
  AVERAGE         66                        66      0       69

PRECIPITATION (IN)
  TODAY            T                         0.10  -0.10     0.00
  MONTH TO DATE    1.28                      2.58  -1.30     2.63
  SINCE JUN 1      4.48                      6.50  -2.02    12.87
  SINCE JAN 1     12.65                     13.03  -0.38    21.69

SNOWFALL (IN)
  TODAY            0.0                       0.0    0.0      0.0
  MONTH TO DATE    0.0                       0.0    0.0      0.0
  SINCE JUL 1      0.0                       0.0    0.0      0.0
  SNOW DEPTH       0

DEGREE DAYS
 HEATING
  TODAY            0                         2     -2        0
  MONTH TO DATE   38                        47     -9       83
  SINCE JUN 1    187                       211    -24      212
  SINCE JUL 1     38                        47     -9       83

 COOLING
  TODAY            1                         3     -2        4
  MONTH TO DATE   50                        51     -1       26
  SINCE JUN 1     54                        89    -35       55
  SINCE JAN 1     54                        98    -44       78
..................................................................


WIND (MPH)
  HIGHEST WIND SPEED    21   HIGHEST WIND DIRECTION     N (350)
  HIGHEST GUST SPEED    26   HIGHEST GUST DIRECTION    NW (330)


SKY COVER
  AVERAGE SKY COVER 0.5


WEATHER CONDITIONS
 THE FOLLOWING WEATHER WAS RECORDED TODAY.
  LIGHT RAIN


RELATIVE HUMIDITY (PERCENT)
 HIGHEST    90           100 AM
 LOWEST     51          1100 AM
 AVERAGE    71

..........................................................


THE INTERNATIONAL FALLS MN CLIMATE NORMALS FOR TOMORROW
                         NORMAL    RECORD    YEAR
 MAXIMUM TEMPERATURE (F)   78        96      1923
                                             1906
 MINIMUM TEMPERATURE (F)   53        41      2013
                                             1947


SUNRISE AND SUNSET
JULY 20 2015..........SUNRISE   533 AM CDT   SUNSET   906 PM CDT
JULY 21 2015..........SUNRISE   534 AM CDT   SUNSET   905 PM CDT


-  INDICATES NEGATIVE NUMBERS.
R  INDICATES RECORD WAS SET OR TIED.
MM INDICATES DATA IS MISSING.
T  INDICATES TRACE AMOUNT.




$$
