000
CDUS43 KDLH 062227
CLIINL


CLIMATE REPORT
NATIONAL WEATHER SERVICE DULUTH MN
426 PM CST SAT DEC 6 2014


...................................

...THE INTERNATIONAL FALLS MN CLIMATE SUMMARY FOR DECEMBER 6 2014...
VALID TODAY AS OF 0400 PM LOCAL TIME.

CLIMATE NORMAL PERIOD 1981 TO 2010
CLIMATE RECORD PERIOD 1895 TO 2014


WEATHER ITEM   OBSERVED TIME   RECORD YEAR NORMAL DEPARTURE LAST
                VALUE   (LST)  VALUE       VALUE  FROM      YEAR
                                                  NORMAL
..................................................................
TEMPERATURE (F)
 TODAY
  MAXIMUM         22    341 PM  43    1923  22      0        1
  MINIMUM         -9    552 AM -34    1908   5    -14      -14
  AVERAGE          7                        14     -7       -6

PRECIPITATION (IN)
  TODAY            0.00                      0.03  -0.03      T
  MONTH TO DATE    T                         0.18  -0.18     0.95
  SINCE DEC 1      T                         0.18  -0.18     0.95
  SINCE JAN 1     29.37                     23.59   5.78    31.35

SNOWFALL (IN)
  TODAY            0.0                       0.5   -0.5       T
  MONTH TO DATE    0.1                       3.0   -2.9     17.3
  SINCE JUL 1      9.4                      19.0   -9.6     28.2
  SNOW DEPTH       3

DEGREE DAYS
 HEATING
  TODAY           58                        51      7       71
  MONTH TO DATE  347                       300     47      322
  SINCE DEC 1    347                       300     47      322
  SINCE JUL 1   2958                      2761    197     2680

 COOLING
  TODAY            0                         0      0        0
  MONTH TO DATE    0                         0      0        0
  SINCE DEC 1      0                         0      0        0
  SINCE JAN 1    121                       192    -71      224
..................................................................


WIND (MPH)
  HIGHEST WIND SPEED     6   HIGHEST WIND DIRECTION    SE (140)
  HIGHEST GUST SPEED     7   HIGHEST GUST DIRECTION    SW (210)


SKY COVER
  AVERAGE SKY COVER 0.4


WEATHER CONDITIONS
 THE FOLLOWING WEATHER WAS RECORDED TODAY.
  FOG
  FOG W/VISIBILITY <= 1/4 MILE
  HAZE


RELATIVE HUMIDITY (PERCENT)
 HIGHEST    95          1200 AM
 LOWEST     45           300 PM
 AVERAGE    70

..........................................................


THE INTERNATIONAL FALLS MN CLIMATE NORMALS FOR TOMORROW
                         NORMAL    RECORD    YEAR
 MAXIMUM TEMPERATURE (F)   22        46      1918
 MINIMUM TEMPERATURE (F)    4       -32      1908


SUNRISE AND SUNSET
DECEMBER  6 2014......SUNRISE   750 AM CST   SUNSET   419 PM CST
DECEMBER  7 2014......SUNRISE   752 AM CST   SUNSET   418 PM CST


-  INDICATES NEGATIVE NUMBERS.
R  INDICATES RECORD WAS SET OR TIED.
MM INDICATES DATA IS MISSING.
T  INDICATES TRACE AMOUNT.




$$
