000
CDUS43 KDLH 022238
CLIINL


CLIMATE REPORT
NATIONAL WEATHER SERVICE DULUTH MN
436 PM CST THU FEB 2 2017


...................................

...THE INTERNATIONAL FALLS MN CLIMATE SUMMARY FOR FEBRUARY 2 2017...
VALID TODAY AS OF 0400 PM LOCAL TIME.

CLIMATE NORMAL PERIOD 1981 TO 2010
CLIMATE RECORD PERIOD 1895 TO 2017


WEATHER ITEM   OBSERVED TIME   RECORD YEAR NORMAL DEPARTURE LAST
                VALUE   (LST)  VALUE       VALUE  FROM      YEAR
                                                  NORMAL
..................................................................
TEMPERATURE (F)
 TODAY
  MAXIMUM          4    359 PM  55    1991  18    -14       21
  MINIMUM         -9    807 AM -45    1996  -6     -3       13
  AVERAGE         -2                         6     -8       17

PRECIPITATION (IN)
  TODAY            0.00                      0.01  -0.01     0.00
  MONTH TO DATE    0.00                      0.03  -0.03      T
  SINCE DEC 1      3.46                      1.46   2.00     1.66
  SINCE JAN 1      1.27                      0.65   0.62     0.59

SNOWFALL (IN)
  TODAY            0.0                       0.4   -0.4      0.0
  MONTH TO DATE    0.0                       0.8   -0.8       T
  SINCE JUL 1     50.8                      46.8    4.0     22.1
  SNOW DEPTH      12

DEGREE DAYS
 HEATING
  TODAY           67                        59      8       48
  MONTH TO DATE  131                       118     13      100
  SINCE DEC 1   3469                      3710   -241     3109
  SINCE JUL 1   5275                      6171   -896     5115

 COOLING
  TODAY            0                         0      0        0
  MONTH TO DATE    0                         0      0        0
  SINCE DEC 1      0                         0      0        0
  SINCE JAN 1      0                         0      0        0
..................................................................


WIND (MPH)
  HIGHEST WIND SPEED    23   HIGHEST WIND DIRECTION     W (270)
  HIGHEST GUST SPEED    31   HIGHEST GUST DIRECTION     W (280)


SKY COVER
  AVERAGE SKY COVER 0.0


WEATHER CONDITIONS
 THE FOLLOWING WEATHER WAS RECORDED TODAY.
  NO SIGNIFICANT WEATHER WAS OBSERVED.


RELATIVE HUMIDITY (PERCENT)
 HIGHEST    82           200 AM
 LOWEST     51           100 PM
 AVERAGE    67

..........................................................


THE INTERNATIONAL FALLS MN CLIMATE NORMALS FOR TOMORROW
                         NORMAL    RECORD    YEAR
 MAXIMUM TEMPERATURE (F)   18        53      1991
 MINIMUM TEMPERATURE (F)   -5       -40      1982


SUNRISE AND SUNSET
FEBRUARY  2 2017......SUNRISE   741 AM CST   SUNSET   514 PM CST
FEBRUARY  3 2017......SUNRISE   740 AM CST   SUNSET   516 PM CST


-  INDICATES NEGATIVE NUMBERS.
R  INDICATES RECORD WAS SET OR TIED.
MM INDICATES DATA IS MISSING.
T  INDICATES TRACE AMOUNT.




$$

WM
