000
CDUS43 KDLH 150621
CLIINL


CLIMATE REPORT
NATIONAL WEATHER SERVICE DULUTH MN
119 AM CDT FRI APR 15 2016


...................................

...THE INTERNATIONAL FALLS MN CLIMATE SUMMARY FOR APRIL 14 2016...

CLIMATE NORMAL PERIOD 1981 TO 2010
CLIMATE RECORD PERIOD 1895 TO 2016


WEATHER ITEM   OBSERVED TIME   RECORD YEAR NORMAL DEPARTURE LAST
                VALUE   (LST)  VALUE       VALUE  FROM      YEAR
                                                  NORMAL
..................................................................
TEMPERATURE (F)
 YESTERDAY
  MAXIMUM         69    437 PM  77    1958  51     18       65
  MINIMUM         31    541 AM   0    1926  27      4       27
  AVERAGE         50                        39     11       46

PRECIPITATION (IN)
  YESTERDAY        0.01          1.11 1991   0.05  -0.04     0.00
  MONTH TO DATE    0.51                      0.63  -0.12     0.26
  SINCE MAR 1      3.22                      1.58   1.64     0.90
  SINCE JAN 1      4.59                      2.77   1.82     2.92

SNOWFALL (IN)
  YESTERDAY        0.0           3.6  1991   0.2   -0.2      0.0
  MONTH TO DATE    4.9                       3.8    1.1      2.0
  SINCE MAR 1     14.2                      11.4    2.8      5.5
  SINCE JUL 1     47.7                      68.2  -20.5     62.2
  SNOW DEPTH       T

DEGREE DAYS
 HEATING
  YESTERDAY       15                        26    -11       19
  MONTH TO DATE  514                       415     99      381
  SINCE MAR 1   1617                      1698    -81     1550
  SINCE JUL 1   8149                      9281  -1132     9304

 COOLING
  YESTERDAY        0                         0      0        0
  MONTH TO DATE    0                         0      0        0
  SINCE MAR 1      0                         0      0        0
  SINCE JAN 1      0                         0      0        0
..................................................................


WIND (MPH)
  HIGHEST WIND SPEED    15   HIGHEST WIND DIRECTION    SE (150)
  HIGHEST GUST SPEED    22   HIGHEST GUST DIRECTION    SE (150)
  AVERAGE WIND SPEED     6.8


SKY COVER
  AVERAGE SKY COVER 0.4


WEATHER CONDITIONS
 THE FOLLOWING WEATHER WAS RECORDED YESTERDAY.
  LIGHT RAIN
  HAZE


RELATIVE HUMIDITY (PERCENT)
 HIGHEST    85           100 AM
 LOWEST     33           400 PM
 AVERAGE    59

..........................................................


THE INTERNATIONAL FALLS MN CLIMATE NORMALS FOR TODAY
                         NORMAL    RECORD    YEAR
 MAXIMUM TEMPERATURE (F)   51        78      1913
 MINIMUM TEMPERATURE (F)   27         5      2014


SUNRISE AND SUNSET
APRIL 15 2016.........SUNRISE   622 AM CDT   SUNSET   806 PM CDT
APRIL 16 2016.........SUNRISE   620 AM CDT   SUNSET   807 PM CDT


-  INDICATES NEGATIVE NUMBERS.
R  INDICATES RECORD WAS SET OR TIED.
MM INDICATES DATA IS MISSING.
T  INDICATES TRACE AMOUNT.




$$
