000
CDUS43 KDLH 311310
CLIINL


CLIMATE REPORT
NATIONAL WEATHER SERVICE DULUTH MN
809 AM CDT TUE OCT 31 2017


...................................

...THE INTERNATIONAL FALLS MN CLIMATE SUMMARY FOR OCTOBER 30 2017...

CLIMATE NORMAL PERIOD 1981 TO 2010
CLIMATE RECORD PERIOD 1895 TO 2017


WEATHER ITEM   OBSERVED TIME   RECORD YEAR NORMAL DEPARTURE LAST
                VALUE   (LST)  VALUE       VALUE  FROM      YEAR
                                                  NORMAL
..................................................................
TEMPERATURE (F)
 YESTERDAY
  MAXIMUM         33    711 AM  75    1950  44    -11       48
  MINIMUM         25   1128 PM   2    1988  26     -1       30
  AVERAGE         29                        35     -6       39

PRECIPITATION (IN)
  YESTERDAY        0.07          1.65 2004   0.06   0.01     0.00
  MONTH TO DATE    1.50                      2.03  -0.53     1.44
  SINCE SEP 1      4.57                      5.02  -0.45     4.77
  SINCE JAN 1     21.31                     21.98  -0.67    25.33

SNOWFALL (IN)
  YESTERDAY        1.1 R         1.1  2017   0.1    1.0      0.0
                                      1972
  MONTH TO DATE    2.1                       2.0    0.1       T
  SINCE SEP 1      2.1                       2.1    0.0       T
  SINCE JUL 1      2.1                       2.1    0.0       T
  SNOW DEPTH       1

DEGREE DAYS
 HEATING
  YESTERDAY       36                        30      6       26
  MONTH TO DATE  605                       712   -107      607
  SINCE SEP 1    874                      1065   -191      845
  SINCE JUL 1   1085                      1246   -161      962

 COOLING
  YESTERDAY        0                         0      0        0
  MONTH TO DATE    0                         0      0        0
  SINCE SEP 1      7                        11     -4        7
  SINCE JAN 1     86                       192   -106      155
..................................................................


WIND (MPH)
  HIGHEST WIND SPEED    24   HIGHEST WIND DIRECTION    NW (330)
  HIGHEST GUST SPEED    29   HIGHEST GUST DIRECTION    NW (330)
  AVERAGE WIND SPEED    13.2


SKY COVER
  AVERAGE SKY COVER 1.0


WEATHER CONDITIONS
 THE FOLLOWING WEATHER WAS RECORDED YESTERDAY.
  HEAVY SNOW
  SNOW
  LIGHT SNOW
  FOG
  HAZE


RELATIVE HUMIDITY (PERCENT)
 HIGHEST    89          1200 AM
 LOWEST     69           700 PM
 AVERAGE    79

..........................................................


THE INTERNATIONAL FALLS MN CLIMATE NORMALS FOR TODAY
                         NORMAL    RECORD    YEAR
 MAXIMUM TEMPERATURE (F)   43        71      1999
 MINIMUM TEMPERATURE (F)   26         9      1996


SUNRISE AND SUNSET
OCTOBER 31 2017.......SUNRISE   759 AM CDT   SUNSET   555 PM CDT
NOVEMBER  1 2017......SUNRISE   800 AM CDT   SUNSET   553 PM CDT


-  INDICATES NEGATIVE NUMBERS.
R  INDICATES RECORD WAS SET OR TIED.
MM INDICATES DATA IS MISSING.
T  INDICATES TRACE AMOUNT.




$$
