000
CDUS43 KDLH 311343
CLIINL


CLIMATE REPORT
NATIONAL WEATHER SERVICE DULUTH MN
738 AM CST WED JAN 31 2018


...................................

...THE INTERNATIONAL FALLS MN CLIMATE SUMMARY FOR JANUARY 30 2018...

CLIMATE NORMAL PERIOD 1981 TO 2010
CLIMATE RECORD PERIOD 1895 TO 2018


WEATHER ITEM   OBSERVED TIME   RECORD YEAR NORMAL DEPARTURE LAST
                VALUE   (LST)  VALUE       VALUE  FROM      YEAR
                                                  NORMAL
..................................................................
TEMPERATURE (F)
 YESTERDAY
  MAXIMUM         24   1159 PM  43    1999  17      7       24
  MINIMUM        -27    147 AM -40    1950  -6    -21        8
                                      1909
  AVERAGE         -1                         6     -7       16

PRECIPITATION (IN)
  YESTERDAY        0.16          0.29 1946   0.01   0.15     0.11
  MONTH TO DATE    0.71                      0.60   0.11     1.27
  SINCE DEC 1      1.87                      1.41   0.46     3.46
  SINCE JAN 1      0.71                      0.60   0.11     1.27

SNOWFALL (IN)
  YESTERDAY        1.7           3.0  1974   0.4    1.3      2.0
  MONTH TO DATE    9.3                      14.6   -5.3     16.9
  SINCE DEC 1     25.7                      29.6   -3.9     42.4
  SINCE JUL 1     39.7                      45.6   -5.9     50.8
  SNOW DEPTH      10

DEGREE DAYS
 HEATING
  YESTERDAY       66                        60      6       49
  MONTH TO DATE 1784                      1820    -36     1626
  SINCE DEC 1   3611                      3534     77     3292
  SINCE JUL 1   6005                      5995     10     5098

 COOLING
  YESTERDAY        0                         0      0        0
  MONTH TO DATE    0                         0      0        0
  SINCE DEC 1      0                         0      0        0
  SINCE JAN 1      0                         0      0        0
..................................................................


WIND (MPH)
  HIGHEST WIND SPEED    22   HIGHEST WIND DIRECTION    SE (140)
  HIGHEST GUST SPEED    31   HIGHEST GUST DIRECTION    SE (140)
  AVERAGE WIND SPEED    10.4


SKY COVER
  AVERAGE SKY COVER 0.6


WEATHER CONDITIONS
 THE FOLLOWING WEATHER WAS RECORDED YESTERDAY.
  HEAVY SNOW
  SNOW
  LIGHT SNOW
  FOG
  HAZE


RELATIVE HUMIDITY (PERCENT)
 HIGHEST    80           200 PM
 LOWEST     69          1200 AM
 AVERAGE    75

..........................................................


THE INTERNATIONAL FALLS MN CLIMATE NORMALS FOR TODAY
                         NORMAL    RECORD    YEAR
 MAXIMUM TEMPERATURE (F)   17        45      1999
 MINIMUM TEMPERATURE (F)   -6       -35      1996
                                             1985
                                             1982


SUNRISE AND SUNSET
JANUARY 31 2018.......SUNRISE   744 AM CST   SUNSET   511 PM CST
FEBRUARY  1 2018......SUNRISE   743 AM CST   SUNSET   512 PM CST


-  INDICATES NEGATIVE NUMBERS.
R  INDICATES RECORD WAS SET OR TIED.
MM INDICATES DATA IS MISSING.
T  INDICATES TRACE AMOUNT.




$$
