000
CDUS43 KDLH 130619
CLIINL


CLIMATE REPORT
NATIONAL WEATHER SERVICE DULUTH MN
1218 AM CST TUE JAN 13 2015


...................................

...THE INTERNATIONAL FALLS MN CLIMATE SUMMARY FOR JANUARY 12 2015...

CLIMATE NORMAL PERIOD 1981 TO 2010
CLIMATE RECORD PERIOD 1895 TO 2015


WEATHER ITEM   OBSERVED TIME   RECORD YEAR NORMAL DEPARTURE LAST
                VALUE   (LST)  VALUE       VALUE  FROM      YEAR
                                                  NORMAL
..................................................................
TEMPERATURE (F)
 YESTERDAY
  MAXIMUM         -1    416 PM  42    1987  15    -16       39
  MINIMUM        -25   1100 PM -44    1909  -7    -18       18
  AVERAGE        -13                         4    -17       29

PRECIPITATION (IN)
  YESTERDAY        T             0.30 1923   0.02  -0.02      T
                                      1920
  MONTH TO DATE    0.86                      0.28   0.58     0.30
  SINCE DEC 1      1.71                      1.09   0.62     1.74
  SINCE JAN 1      0.86                      0.28   0.58     0.30

SNOWFALL (IN)
  YESTERDAY        T             3.3  2005   0.6   -0.6       T
  MONTH TO DATE   13.8                       6.4    7.4      6.1
  SINCE DEC 1     24.5                      21.4    3.1     32.5
  SINCE JUL 1     33.8                      37.4   -3.6     43.4
  SNOW DEPTH      14

DEGREE DAYS
 HEATING
  YESTERDAY       78                        61     17       36
  MONTH TO DATE  860                       728    132      841
  SINCE DEC 1   2323                      2442   -119     2978
  SINCE JUL 1   4934                      4903     31     5336

 COOLING
  YESTERDAY        0                         0      0        0
  MONTH TO DATE    0                         0      0        0
  SINCE DEC 1      0                         0      0        0
  SINCE JAN 1      0                         0      0        0
..................................................................


WIND (MPH)
  HIGHEST WIND SPEED    13   HIGHEST WIND DIRECTION     N (350)
  HIGHEST GUST SPEED    17   HIGHEST GUST DIRECTION     N (350)
  AVERAGE WIND SPEED     3.9


SKY COVER
  AVERAGE SKY COVER 0.0


WEATHER CONDITIONS
 THE FOLLOWING WEATHER WAS RECORDED YESTERDAY.
  LIGHT SNOW
  FOG
  HAZE


RELATIVE HUMIDITY (PERCENT)
 HIGHEST    89          1100 PM
 LOWEST     51           300 PM
 AVERAGE    70

..........................................................


THE INTERNATIONAL FALLS MN CLIMATE NORMALS FOR TODAY
                         NORMAL    RECORD    YEAR
 MAXIMUM TEMPERATURE (F)   15        41      1987
 MINIMUM TEMPERATURE (F)   -7       -42      2009


SUNRISE AND SUNSET
JANUARY 13 2015.......SUNRISE   802 AM CST   SUNSET   443 PM CST
JANUARY 14 2015.......SUNRISE   802 AM CST   SUNSET   444 PM CST


-  INDICATES NEGATIVE NUMBERS.
R  INDICATES RECORD WAS SET OR TIED.
MM INDICATES DATA IS MISSING.
T  INDICATES TRACE AMOUNT.




$$
