000
CDUS43 KDLH 312225
CLIINL


CLIMATE REPORT
NATIONAL WEATHER SERVICE DULUTH MN
524 PM CDT WED MAY 31 2017


...................................

...THE INTERNATIONAL FALLS MN CLIMATE SUMMARY FOR MAY 31 2017...
VALID TODAY AS OF 0500 PM LOCAL TIME.

CLIMATE NORMAL PERIOD 1981 TO 2010
CLIMATE RECORD PERIOD 1895 TO 2017


WEATHER ITEM   OBSERVED TIME   RECORD YEAR NORMAL DEPARTURE LAST
                VALUE   (LST)  VALUE       VALUE  FROM      YEAR
                                                  NORMAL
..................................................................
TEMPERATURE (F)
 TODAY
  MAXIMUM         68    327 PM  90    1988  69     -1       57
  MINIMUM         38    449 AM  29    2012  44     -6       48
                                      1910
  AVERAGE         53                        56     -3       53

PRECIPITATION (IN)
  TODAY            0.00                      0.11  -0.11     0.73
  MONTH TO DATE    1.61                      2.86  -1.25     1.61
  SINCE MAR 1      3.87                      5.34  -1.47     6.43
  SINCE JAN 1      6.62                      6.53   0.09     7.80

SNOWFALL (IN)
  TODAY            0.0                       0.0    0.0      0.0
  MONTH TO DATE    0.0                       0.2   -0.2       T
  SINCE JUL 1     70.4                      71.0   -0.6     47.7
  SNOW DEPTH       0

DEGREE DAYS
 HEATING
  TODAY           12                         9      3       12
  MONTH TO DATE  484                       419     65      367
  SINCE MAR 1   2490                      2474     16     2296
  SINCE JUL 1   8964                     10057  -1093     8828

 COOLING
  TODAY            0                         1     -1        0
  MONTH TO DATE    0                         8     -8        2
  SINCE MAR 1      0                         9     -9        2
  SINCE JAN 1      0                         9     -9        2
..................................................................


WIND (MPH)
  HIGHEST WIND SPEED    18   HIGHEST WIND DIRECTION    NW (330)
  HIGHEST GUST SPEED    26   HIGHEST GUST DIRECTION    NW (320)


SKY COVER
  AVERAGE SKY COVER 0.2


WEATHER CONDITIONS
 THE FOLLOWING WEATHER WAS RECORDED TODAY.
  NO SIGNIFICANT WEATHER WAS OBSERVED.


RELATIVE HUMIDITY (PERCENT)
 HIGHEST    92           400 AM
 LOWEST     26           400 PM
 AVERAGE    59

..........................................................


THE INTERNATIONAL FALLS MN CLIMATE NORMALS FOR TOMORROW
                         NORMAL    RECORD    YEAR
 MAXIMUM TEMPERATURE (F)   70        91      1988
 MINIMUM TEMPERATURE (F)   44        23      1964


SUNRISE AND SUNSET
MAY 31 2017...........SUNRISE   516 AM CDT   SUNSET   907 PM CDT
JUNE  1 2017..........SUNRISE   516 AM CDT   SUNSET   908 PM CDT


-  INDICATES NEGATIVE NUMBERS.
R  INDICATES RECORD WAS SET OR TIED.
MM INDICATES DATA IS MISSING.
T  INDICATES TRACE AMOUNT.




$$
