000
CDUS43 KDLH 290625
CLIINL


CLIMATE REPORT
NATIONAL WEATHER SERVICE DULUTH MN
124 AM CDT MON MAY 29 2017


...................................

...THE INTERNATIONAL FALLS MN CLIMATE SUMMARY FOR MAY 28 2017...

CLIMATE NORMAL PERIOD 1981 TO 2010
CLIMATE RECORD PERIOD 1895 TO 2017


WEATHER ITEM   OBSERVED TIME   RECORD YEAR NORMAL DEPARTURE LAST
                VALUE   (LST)  VALUE       VALUE  FROM      YEAR
                                                  NORMAL
..................................................................
TEMPERATURE (F)
 YESTERDAY
  MAXIMUM         67   1220 PM  92    1919  69     -2       61
  MINIMUM         49    359 AM  27    1947  43      6       56
  AVERAGE         58                        56      2       59

PRECIPITATION (IN)
  YESTERDAY        0.46          1.51 1972   0.11   0.35     0.16
  MONTH TO DATE    1.27                      2.54  -1.27     0.79
  SINCE MAR 1      3.53                      5.02  -1.49     5.61
  SINCE JAN 1      6.28                      6.21   0.07     6.98

SNOWFALL (IN)
  YESTERDAY        0.0           0.3  1965   0.0    0.0      0.0
  MONTH TO DATE    0.0                       0.2   -0.2       T
  SINCE MAR 1      7.1                      14.2   -7.1     14.2
  SINCE JUL 1     70.4                      71.0   -0.6     47.7
  SNOW DEPTH       0

DEGREE DAYS
 HEATING
  YESTERDAY        7                        10     -3        6
  MONTH TO DATE  440                       391     49      342
  SINCE MAR 1   2446                      2446      0     2271
  SINCE JUL 1   8920                     10029  -1109     8803

 COOLING
  YESTERDAY        0                         0      0        0
  MONTH TO DATE    0                         0      0        2
  SINCE MAR 1      0                         1     -1        2
  SINCE JAN 1      0                         1     -1        2
..................................................................


WIND (MPH)
  HIGHEST WIND SPEED    18   HIGHEST WIND DIRECTION    NW (310)
  HIGHEST GUST SPEED    23   HIGHEST GUST DIRECTION    NW (320)
  AVERAGE WIND SPEED     5.1


SKY COVER
  AVERAGE SKY COVER 0.8


WEATHER CONDITIONS
 THE FOLLOWING WEATHER WAS RECORDED YESTERDAY.
  THUNDERSTORM
  HEAVY RAIN
  RAIN
  LIGHT RAIN
  FOG
  HAZE


RELATIVE HUMIDITY (PERCENT)
 HIGHEST    86           400 AM
 LOWEST     52          1200 PM
 AVERAGE    69

..........................................................


THE INTERNATIONAL FALLS MN CLIMATE NORMALS FOR TODAY
                         NORMAL    RECORD    YEAR
 MAXIMUM TEMPERATURE (F)   69        92      1919
 MINIMUM TEMPERATURE (F)   43        26      1952


SUNRISE AND SUNSET
MAY 29 2017...........SUNRISE   518 AM CDT   SUNSET   905 PM CDT
MAY 30 2017...........SUNRISE   517 AM CDT   SUNSET   906 PM CDT


-  INDICATES NEGATIVE NUMBERS.
R  INDICATES RECORD WAS SET OR TIED.
MM INDICATES DATA IS MISSING.
T  INDICATES TRACE AMOUNT.




$$
