809
CDUS43 KDLH 150645
CLIINL


CLIMATE REPORT
NATIONAL WEATHER SERVICE DULUTH MN
145 AM CDT THU SEP 15 2016


...................................

...THE INTERNATIONAL FALLS MN CLIMATE SUMMARY FOR SEPTEMBER 14 2016...

CLIMATE NORMAL PERIOD 1981 TO 2010
CLIMATE RECORD PERIOD 1895 TO 2016


WEATHER ITEM   OBSERVED TIME   RECORD YEAR NORMAL DEPARTURE LAST
                VALUE   (LST)  VALUE       VALUE  FROM      YEAR
                                                  NORMAL
..................................................................
TEMPERATURE (F)
 YESTERDAY
  MAXIMUM         62    437 PM  88    1920  66     -4       64
  MINIMUM         33    613 AM  27    2011  42     -9       57
  AVERAGE         48                        54     -6       61

PRECIPITATION (IN)
  YESTERDAY        0.00          1.36 1965   0.11  -0.11     0.00
  MONTH TO DATE    1.54                      1.42   0.12     0.99
  SINCE SEP 1      1.54                      1.42   0.12     0.99
  SINCE JAN 1     22.10                     18.38   3.72    17.45

SNOWFALL (IN)
  YESTERDAY        0.0           0.3  1964   0.0    0.0      0.0
  MONTH TO DATE    0.0                       0.0    0.0      0.0
  SINCE SEP 1      0.0                       0.0    0.0      0.0
  SINCE JUL 1      0.0                       0.0    0.0      0.0
  SNOW DEPTH       0

DEGREE DAYS
 HEATING
  YESTERDAY       17                        11      6        4
  MONTH TO DATE   79                       121    -42       79
  SINCE SEP 1     79                       121    -42       79
  SINCE JUL 1    196                       302   -106      255

 COOLING
  YESTERDAY        0                         0      0        0
  MONTH TO DATE    7                         9     -2       30
  SINCE SEP 1      7                         9     -2       30
  SINCE JAN 1    155                       190    -35      193
..................................................................


WIND (MPH)
  HIGHEST WIND SPEED    12   HIGHEST WIND DIRECTION     W (270)
  HIGHEST GUST SPEED    16   HIGHEST GUST DIRECTION     W (270)
  AVERAGE WIND SPEED     3.7


SKY COVER
  AVERAGE SKY COVER 0.3


WEATHER CONDITIONS
 THE FOLLOWING WEATHER WAS RECORDED YESTERDAY.
  NO SIGNIFICANT WEATHER WAS OBSERVED.


RELATIVE HUMIDITY (PERCENT)
 HIGHEST    96           600 AM
 LOWEST     43           300 PM
 AVERAGE    70

..........................................................


THE INTERNATIONAL FALLS MN CLIMATE NORMALS FOR TODAY
                         NORMAL    RECORD    YEAR
 MAXIMUM TEMPERATURE (F)   66        84      1920
 MINIMUM TEMPERATURE (F)   42        19      2011


SUNRISE AND SUNSET
SEPTEMBER 15 2016.....SUNRISE   651 AM CDT   SUNSET   725 PM CDT
SEPTEMBER 16 2016.....SUNRISE   653 AM CDT   SUNSET   723 PM CDT


-  INDICATES NEGATIVE NUMBERS.
R  INDICATES RECORD WAS SET OR TIED.
MM INDICATES DATA IS MISSING.
T  INDICATES TRACE AMOUNT.




$$
