000
CDUS43 KDLH 200628
CLIINL


CLIMATE REPORT
NATIONAL WEATHER SERVICE DULUTH MN
127 AM CDT THU AUG 20 2015


...................................

...THE INTERNATIONAL FALLS MN CLIMATE SUMMARY FOR AUGUST 19 2015...

CLIMATE NORMAL PERIOD 1981 TO 2010
CLIMATE RECORD PERIOD 1895 TO 2015


WEATHER ITEM   OBSERVED TIME   RECORD YEAR NORMAL DEPARTURE LAST
                VALUE   (LST)  VALUE       VALUE  FROM      YEAR
                                                  NORMAL
..................................................................
TEMPERATURE (F)
 YESTERDAY
  MAXIMUM         59   1233 AM  94    1976  76    -17       73
                                      1959
  MINIMUM         53   1159 PM  35    1897  51      2       50
  AVERAGE         56                        63     -7       62

PRECIPITATION (IN)
  YESTERDAY        0.88          2.52 1974   0.08   0.80     0.02
  MONTH TO DATE    2.95                      1.72   1.23     0.30
  SINCE JUN 1      7.62                      9.34  -1.72    15.12
  SINCE JAN 1     15.79                     15.87  -0.08    23.94

SNOWFALL (IN)
  YESTERDAY        0.0                       0.0    0.0      0.0
  MONTH TO DATE    0.0                       0.0    0.0      0.0
  SINCE JUN 1      0.0                       0.0    0.0      0.0
  SINCE JUL 1      0.0                       0.0    0.0      0.0
  SNOW DEPTH       0

DEGREE DAYS
 HEATING
  YESTERDAY        9                         4      5        3
  MONTH TO DATE   65                        52     13       58
  SINCE JUN 1    261                       286    -25      290
  SINCE JUL 1    112                       122    -10      161

 COOLING
  YESTERDAY        0                         2     -2        0
  MONTH TO DATE   42                        38      4        7
  SINCE JUN 1    137                       152    -15       79
  SINCE JAN 1    137                       161    -24      102
..................................................................


WIND (MPH)
  HIGHEST WIND SPEED    25   HIGHEST WIND DIRECTION     N (20)
  HIGHEST GUST SPEED    35   HIGHEST GUST DIRECTION     N (10)
  AVERAGE WIND SPEED    13.7


SKY COVER
  AVERAGE SKY COVER 1.0


WEATHER CONDITIONS
 THE FOLLOWING WEATHER WAS RECORDED YESTERDAY.
  RAIN
  LIGHT RAIN
  FOG


RELATIVE HUMIDITY (PERCENT)
 HIGHEST    93           100 AM
 LOWEST     72           700 PM
 AVERAGE    83

..........................................................


THE INTERNATIONAL FALLS MN CLIMATE NORMALS FOR TODAY
                         NORMAL    RECORD    YEAR
 MAXIMUM TEMPERATURE (F)   76        91      1910
 MINIMUM TEMPERATURE (F)   50        32      1907


SUNRISE AND SUNSET
AUGUST 20 2015........SUNRISE   614 AM CDT   SUNSET   819 PM CDT
AUGUST 21 2015........SUNRISE   615 AM CDT   SUNSET   817 PM CDT


-  INDICATES NEGATIVE NUMBERS.
R  INDICATES RECORD WAS SET OR TIED.
MM INDICATES DATA IS MISSING.
T  INDICATES TRACE AMOUNT.




$$
