000
CDUS43 KDLH 150630
CLIINL


CLIMATE REPORT
NATIONAL WEATHER SERVICE DULUTH MN
1230 AM CST SUN FEB 15 2015


...................................

...THE INTERNATIONAL FALLS MN CLIMATE SUMMARY FOR FEBRUARY 14 2015...

CLIMATE NORMAL PERIOD 1981 TO 2010
CLIMATE RECORD PERIOD 1895 TO 2015


WEATHER ITEM   OBSERVED TIME   RECORD YEAR NORMAL DEPARTURE LAST
                VALUE   (LST)  VALUE       VALUE  FROM      YEAR
                                                  NORMAL
..................................................................
TEMPERATURE (F)
 YESTERDAY
  MAXIMUM         -5    126 AM  43    1999  22    -27        9
  MINIMUM        -19    653 PM -44    1909  -2    -17      -18
  AVERAGE        -12                        10    -22       -4

PRECIPITATION (IN)
  YESTERDAY        T             0.51 1915   0.02  -0.02      T
  MONTH TO DATE    0.42                      0.25   0.17     0.18
  SINCE DEC 1      2.60                      1.68   0.92     2.44
  SINCE JAN 1      1.75                      0.87   0.88     1.00

SNOWFALL (IN)
  YESTERDAY        0.1           3.4  1995   0.3   -0.2       T
  MONTH TO DATE    6.8                       5.3    1.5      5.3
  SINCE DEC 1     38.3                      35.3    3.0     48.6
  SINCE JUL 1     47.6                      51.3   -3.7     59.5
  SNOW DEPTH      15

DEGREE DAYS
 HEATING
  YESTERDAY       77                        55     22       69
  MONTH TO DATE  893                       801     92      992
  SINCE DEC 1   4167                      4393   -226     5249
  SINCE JUL 1   6778                      6854    -76     7607

 COOLING
  YESTERDAY        0                         0      0        0
  MONTH TO DATE    0                         0      0        0
  SINCE DEC 1      0                         0      0        0
  SINCE JAN 1      0                         0      0        0
..................................................................


WIND (MPH)
  HIGHEST WIND SPEED    25   HIGHEST WIND DIRECTION     N (360)
  HIGHEST GUST SPEED    33   HIGHEST GUST DIRECTION     N (360)
  AVERAGE WIND SPEED     9.6


SKY COVER
  AVERAGE SKY COVER 0.1


WEATHER CONDITIONS
 THE FOLLOWING WEATHER WAS RECORDED YESTERDAY.
  LIGHT SNOW
  HAZE


RELATIVE HUMIDITY (PERCENT)
 HIGHEST    75          1200 AM
 LOWEST     47           300 PM
 AVERAGE    61

..........................................................


THE INTERNATIONAL FALLS MN CLIMATE NORMALS FOR TODAY
                         NORMAL    RECORD    YEAR
 MAXIMUM TEMPERATURE (F)   22        46      1981
 MINIMUM TEMPERATURE (F)   -2       -43      1909


SUNRISE AND SUNSET
FEBRUARY 15 2015......SUNRISE   721 AM CST   SUNSET   535 PM CST
FEBRUARY 16 2015......SUNRISE   720 AM CST   SUNSET   536 PM CST


-  INDICATES NEGATIVE NUMBERS.
R  INDICATES RECORD WAS SET OR TIED.
MM INDICATES DATA IS MISSING.
T  INDICATES TRACE AMOUNT.




$$
