516
CDUS43 KDLH 180622
CLIINL


CLIMATE REPORT
NATIONAL WEATHER SERVICE DULUTH MN
121 AM CDT MON JUL 18 2016


...................................

...THE INTERNATIONAL FALLS MN CLIMATE SUMMARY FOR JULY 17 2016...

CLIMATE NORMAL PERIOD 1981 TO 2010
CLIMATE RECORD PERIOD 1895 TO 2016


WEATHER ITEM   OBSERVED TIME   RECORD YEAR NORMAL DEPARTURE LAST
                VALUE   (LST)  VALUE       VALUE  FROM      YEAR
                                                  NORMAL
..................................................................
TEMPERATURE (F)
 YESTERDAY
  MAXIMUM         78    239 PM  94    1991  78      0       81
  MINIMUM         58   1159 PM  42    1918  53      5       62
  AVERAGE         68                        66      2       72

PRECIPITATION (IN)
  YESTERDAY        0.57          1.78 1978   0.12   0.45     0.00
  MONTH TO DATE    2.32                      2.26   0.06     1.15
  SINCE JUN 1      9.24                      6.18   3.06     4.35
  SINCE JAN 1     17.04                     12.71   4.33    12.52

SNOWFALL (IN)
  YESTERDAY        0.0           0.0  2002   0.0    0.0      0.0
                                      2001
  MONTH TO DATE    0.0                       0.0    0.0      0.0
  SINCE JUN 1      0.0                       0.0    0.0      0.0
  SINCE JUL 1      0.0                       0.0    0.0      0.0
  SNOW DEPTH       0

DEGREE DAYS
 HEATING
  YESTERDAY        0                         2     -2        0
  MONTH TO DATE   37                        41     -4       38
  SINCE JUN 1    204                       205     -1      187
  SINCE JUL 1     37                        41     -4       38

 COOLING
  YESTERDAY        3                         3      0        7
  MONTH TO DATE   28                        42    -14       41
  SINCE JUN 1     47                        80    -33       45
  SINCE JAN 1     49                        89    -40       45
..................................................................


WIND (MPH)
  HIGHEST WIND SPEED    31   HIGHEST WIND DIRECTION     N (340)
  HIGHEST GUST SPEED    41   HIGHEST GUST DIRECTION    NW (330)
  AVERAGE WIND SPEED     6.9


SKY COVER
  AVERAGE SKY COVER 0.7


WEATHER CONDITIONS
 THE FOLLOWING WEATHER WAS RECORDED YESTERDAY.
  THUNDERSTORM
  HEAVY RAIN
  RAIN
  LIGHT RAIN
  FOG


RELATIVE HUMIDITY (PERCENT)
 HIGHEST   100          1000 AM
 LOWEST     64           200 PM
 AVERAGE    82

..........................................................


THE INTERNATIONAL FALLS MN CLIMATE NORMALS FOR TODAY
                         NORMAL    RECORD    YEAR
 MAXIMUM TEMPERATURE (F)   78        98      1916
 MINIMUM TEMPERATURE (F)   53        38      1912


SUNRISE AND SUNSET
JULY 18 2016..........SUNRISE   531 AM CDT   SUNSET   908 PM CDT
JULY 19 2016..........SUNRISE   532 AM CDT   SUNSET   907 PM CDT


-  INDICATES NEGATIVE NUMBERS.
R  INDICATES RECORD WAS SET OR TIED.
MM INDICATES DATA IS MISSING.
T  INDICATES TRACE AMOUNT.




$$
