000
CDUS43 KDLH 022116
CLIINL


CLIMATE REPORT
NATIONAL WEATHER SERVICE DULUTH MN
416 PM CDT TUE AUG 2 2016


...................................

...THE INTERNATIONAL FALLS MN CLIMATE SUMMARY FOR AUGUST 1 2016...

CLIMATE NORMAL PERIOD 1981 TO 2010
CLIMATE RECORD PERIOD 1895 TO 2016


WEATHER ITEM   OBSERVED TIME   RECORD YEAR NORMAL DEPARTURE LAST
                VALUE   (LST)  VALUE       VALUE  FROM      YEAR
                                                  NORMAL
..................................................................
TEMPERATURE (F)
 YESTERDAY
  MAXIMUM         84    505 PM  93    1989  78      6       81
                                      1926
  MINIMUM         62    519 AM  38    1959  52     10       52
  AVERAGE         73                        65      8       67

PRECIPITATION (IN)
  YESTERDAY        0.48          3.27 1911   0.08   0.40     0.00
  MONTH TO DATE    0.48                      0.08   0.40     0.00
  SINCE JUN 1      9.83                      7.70   2.13     4.67
  SINCE JAN 1     17.63                     14.23   3.40    12.84

SNOWFALL (IN)
  YESTERDAY        0.0           0.0  2002   0.0    0.0      0.0
                                      2001
  MONTH TO DATE    0.0                       0.0    0.0      0.0
  SINCE JUN 1      0.0                       0.0    0.0      0.0
  SINCE JUL 1      0.0                       0.0    0.0      0.0
  SNOW DEPTH       0

DEGREE DAYS
 HEATING
  YESTERDAY        0                         2     -2        0
  MONTH TO DATE    0                         2     -2        0
  SINCE JUN 1    210                       236    -26      196
  SINCE JUL 1     43                        72    -29       47

 COOLING
  YESTERDAY        8                         2      6        2
  MONTH TO DATE    8                         2      6        2
  SINCE JUN 1    108                       116     -8       97
  SINCE JAN 1    110                       125    -15       97
..................................................................


WIND (MPH)
  HIGHEST WIND SPEED    24   HIGHEST WIND DIRECTION    NW (310)
  HIGHEST GUST SPEED    33   HIGHEST GUST DIRECTION    NW (320)
  AVERAGE WIND SPEED     6.9


SKY COVER
  AVERAGE SKY COVER 0.4


WEATHER CONDITIONS
 THE FOLLOWING WEATHER WAS RECORDED YESTERDAY.
  THUNDERSTORM
  HEAVY RAIN
  RAIN
  LIGHT RAIN
  FOG
  HAZE


RELATIVE HUMIDITY (PERCENT)
 HIGHEST   100          1100 PM
 LOWEST     63           200 PM
 AVERAGE    82

..........................................................


THE INTERNATIONAL FALLS MN CLIMATE NORMALS FOR TODAY
                         NORMAL    RECORD    YEAR
 MAXIMUM TEMPERATURE (F)   78        91      1989
                                             1964
 MINIMUM TEMPERATURE (F)   52        41      1918


SUNRISE AND SUNSET
AUGUST  2 2016........SUNRISE   550 AM CDT   SUNSET   849 PM CDT
AUGUST  3 2016........SUNRISE   551 AM CDT   SUNSET   847 PM CDT


-  INDICATES NEGATIVE NUMBERS.
R  INDICATES RECORD WAS SET OR TIED.
MM INDICATES DATA IS MISSING.
T  INDICATES TRACE AMOUNT.




$$
