000
CDUS43 KDLH 240629
CLIINL


CLIMATE REPORT
NATIONAL WEATHER SERVICE DULUTH MN
127 AM CDT MON MAR 24 2014


...................................

...THE INTERNATIONAL FALLS MN CLIMATE SUMMARY FOR MARCH 23 2014...

CLIMATE NORMAL PERIOD 1981 TO 2010
CLIMATE RECORD PERIOD 1895 TO 2014


WEATHER ITEM   OBSERVED TIME   RECORD YEAR NORMAL DEPARTURE LAST
                VALUE   (LST)  VALUE       VALUE  FROM      YEAR
                                                  NORMAL
..................................................................
TEMPERATURE (F)
 YESTERDAY
  MAXIMUM         15    428 PM  66    2003  38    -23       30
  MINIMUM        -26R   552 AM -25    1974  16    -42       -2
  AVERAGE         -5                        27    -32       14

PRECIPITATION (IN)
  YESTERDAY        T             1.21 2009   0.04  -0.04     0.00
  MONTH TO DATE    1.18                      0.65   0.53     1.14
  SINCE MAR 1      1.18                      0.65   0.53     1.14
  SINCE JAN 1      2.93                      1.84   1.09     4.80

SNOWFALL (IN)
  YESTERDAY        T             4.1  1991   0.3   -0.3      0.0
  MONTH TO DATE   15.0                       5.9    9.1     14.6
  SINCE MAR 1     15.0                       5.9    9.1     14.6
  SINCE JUL 1     91.4                      62.7   28.7     84.9
  SNOW DEPTH      27

DEGREE DAYS
 HEATING
  YESTERDAY       70                        38     32       51
  MONTH TO DATE 1212                       996    216     1208
  SINCE MAR 1   1212                       996    216     1208
  SINCE JUL 1   9643                      8579   1064     8765

 COOLING
  YESTERDAY        0                         0      0        0
  MONTH TO DATE    0                         0      0        0
  SINCE MAR 1      0                         0      0        0
  SINCE JAN 1      0                         0      0        0
..................................................................


WIND (MPH)
  HIGHEST WIND SPEED    17   HIGHEST WIND DIRECTION     W (290)
  HIGHEST GUST SPEED    23   HIGHEST GUST DIRECTION     W (280)
  AVERAGE WIND SPEED     5.8


SKY COVER
  AVERAGE SKY COVER 0.0


WEATHER CONDITIONS
 THE FOLLOWING WEATHER WAS RECORDED YESTERDAY.
  LIGHT SNOW


RELATIVE HUMIDITY (PERCENT)
 HIGHEST    86           900 PM
 LOWEST     38           100 PM
 AVERAGE    62

..........................................................


THE INTERNATIONAL FALLS MN CLIMATE NORMALS FOR TODAY
                         NORMAL    RECORD    YEAR
 MAXIMUM TEMPERATURE (F)   39        63      1921
 MINIMUM TEMPERATURE (F)   17       -29      1974


SUNRISE AND SUNSET
MARCH 24 2014.........SUNRISE   708 AM CDT   SUNSET   733 PM CDT
MARCH 25 2014.........SUNRISE   706 AM CDT   SUNSET   734 PM CDT


-  INDICATES NEGATIVE NUMBERS.
R  INDICATES RECORD WAS SET OR TIED.
MM INDICATES DATA IS MISSING.
T  INDICATES TRACE AMOUNT.




$$
