000
CDUS43 KDLH 090621
CLIINL


CLIMATE REPORT
NATIONAL WEATHER SERVICE DULUTH MN
120 AM CDT SAT MAY 9 2015


...................................

...THE INTERNATIONAL FALLS MN CLIMATE SUMMARY FOR MAY 8 2015...

CLIMATE NORMAL PERIOD 1981 TO 2010
CLIMATE RECORD PERIOD 1895 TO 2015


WEATHER ITEM   OBSERVED TIME   RECORD YEAR NORMAL DEPARTURE LAST
                VALUE   (LST)  VALUE       VALUE  FROM      YEAR
                                                  NORMAL
..................................................................
TEMPERATURE (F)
 YESTERDAY
  MAXIMUM         46    227 PM  89    1953  62    -16       49
  MINIMUM         35    718 AM  21    2008  36     -1       40
  AVERAGE         41                        49     -8       45

PRECIPITATION (IN)
  YESTERDAY        T             0.70 1895   0.09  -0.09     0.04
  MONTH TO DATE    0.66                      0.63   0.03     0.48
  SINCE MAR 1      2.02                      3.11  -1.09     3.47
  SINCE JAN 1      4.04                      4.30  -0.26     5.22

SNOWFALL (IN)
  YESTERDAY        0.0           0.3  1962   0.1   -0.1      0.0
  MONTH TO DATE    0.0                       0.2   -0.2       T
  SINCE MAR 1      7.8                      14.2   -6.4     24.8
  SINCE JUL 1     64.5                      71.0   -6.5    101.2
  SNOW DEPTH       0

DEGREE DAYS
 HEATING
  YESTERDAY       24                        16      8       20
  MONTH TO DATE  105                       138    -33      195
  SINCE MAR 1   2033                      2193   -160     2708
  SINCE JUL 1   9787                      9776     11    11139

 COOLING
  YESTERDAY        0                         0      0        0
  MONTH TO DATE    0                         0      0        0
  SINCE MAR 1      0                         1     -1        0
  SINCE JAN 1      0                         1     -1        0
..................................................................


WIND (MPH)
  HIGHEST WIND SPEED    17   HIGHEST WIND DIRECTION    NW (320)
  HIGHEST GUST SPEED    25   HIGHEST GUST DIRECTION     N (340)
  AVERAGE WIND SPEED    11.2


SKY COVER
  AVERAGE SKY COVER 1.0


WEATHER CONDITIONS
 THE FOLLOWING WEATHER WAS RECORDED YESTERDAY.
  LIGHT RAIN
  FOG


RELATIVE HUMIDITY (PERCENT)
 HIGHEST    92          1200 AM
 LOWEST     62           200 PM
 AVERAGE    77

..........................................................


THE INTERNATIONAL FALLS MN CLIMATE NORMALS FOR TODAY
                         NORMAL    RECORD    YEAR
 MAXIMUM TEMPERATURE (F)   63        85      2007
 MINIMUM TEMPERATURE (F)   36        17      1966


SUNRISE AND SUNSET
MAY  9 2015...........SUNRISE   542 AM CDT   SUNSET   840 PM CDT
MAY 10 2015...........SUNRISE   540 AM CDT   SUNSET   841 PM CDT


-  INDICATES NEGATIVE NUMBERS.
R  INDICATES RECORD WAS SET OR TIED.
MM INDICATES DATA IS MISSING.
T  INDICATES TRACE AMOUNT.




$$
