273
CDUS43 KDLH 060636
CLIINL


CLIMATE REPORT
NATIONAL WEATHER SERVICE DULUTH MN
132 AM CDT FRI OCT 6 2017


...................................

...THE INTERNATIONAL FALLS MN CLIMATE SUMMARY FOR OCTOBER 5 2017...

CLIMATE NORMAL PERIOD 1981 TO 2010
CLIMATE RECORD PERIOD 1895 TO 2017


WEATHER ITEM   OBSERVED TIME   RECORD YEAR NORMAL DEPARTURE LAST
                VALUE   (LST)  VALUE       VALUE  FROM      YEAR
                                                  NORMAL
..................................................................
TEMPERATURE (F)
 YESTERDAY
  MAXIMUM         60    158 PM  88    1963  57      3       64
  MINIMUM         29   1157 PM  18    1958  34     -5       45
  AVERAGE         45                        45      0       55

PRECIPITATION (IN)
  YESTERDAY        0.00          2.02 1946   0.08  -0.08     0.24
  MONTH TO DATE    0.82                      0.40   0.42     0.26
  SINCE SEP 1      3.89                      3.39   0.50     3.59
  SINCE JAN 1     20.63                     20.35   0.28    24.15

SNOWFALL (IN)
  YESTERDAY        0.0           1.5  2012   0.0    0.0      0.0
  MONTH TO DATE    0.0                       0.1   -0.1      0.0
  SINCE SEP 1      0.0                       0.2   -0.2      0.0
  SINCE JUL 1      0.0                       0.2   -0.2      0.0
  SNOW DEPTH       0

DEGREE DAYS
 HEATING
  YESTERDAY       20                        20      0       10
  MONTH TO DATE   76                        94    -18       39
  SINCE SEP 1    345                       447   -102      277
  SINCE JUL 1    556                       628    -72      394

 COOLING
  YESTERDAY        0                         0      0        0
  MONTH TO DATE    0                         0      0        0
  SINCE SEP 1      7                        11     -4        7
  SINCE JAN 1     86                       192   -106      155
..................................................................


WIND (MPH)
  HIGHEST WIND SPEED    13   HIGHEST WIND DIRECTION    NW (330)
  HIGHEST GUST SPEED    17   HIGHEST GUST DIRECTION     W (270)
  AVERAGE WIND SPEED     3.4


SKY COVER
  AVERAGE SKY COVER 0.1


WEATHER CONDITIONS
 THE FOLLOWING WEATHER WAS RECORDED YESTERDAY.
  NO SIGNIFICANT WEATHER WAS OBSERVED.


RELATIVE HUMIDITY (PERCENT)
 HIGHEST   100           300 AM
 LOWEST     46           200 PM
 AVERAGE    73

..........................................................


THE INTERNATIONAL FALLS MN CLIMATE NORMALS FOR TODAY
                         NORMAL    RECORD    YEAR
 MAXIMUM TEMPERATURE (F)   56        81      2011
                                             1961
 MINIMUM TEMPERATURE (F)   34        18      1999


SUNRISE AND SUNSET
OCTOBER  6 2017.......SUNRISE   721 AM CDT   SUNSET   642 PM CDT
OCTOBER  7 2017.......SUNRISE   722 AM CDT   SUNSET   640 PM CDT


-  INDICATES NEGATIVE NUMBERS.
R  INDICATES RECORD WAS SET OR TIED.
MM INDICATES DATA IS MISSING.
T  INDICATES TRACE AMOUNT.




$$
