000
CDUS43 KDLH 130643
CLIINL


CLIMATE REPORT
NATIONAL WEATHER SERVICE DULUTH MN
143 AM CDT FRI MAY 13 2016


...................................

...THE INTERNATIONAL FALLS MN CLIMATE SUMMARY FOR MAY 12 2016...

CLIMATE NORMAL PERIOD 1981 TO 2010
CLIMATE RECORD PERIOD 1895 TO 2016


WEATHER ITEM   OBSERVED TIME   RECORD YEAR NORMAL DEPARTURE LAST
                VALUE   (LST)  VALUE       VALUE  FROM      YEAR
                                                  NORMAL
..................................................................
TEMPERATURE (F)
 YESTERDAY
  MAXIMUM         53    213 PM  86    1991  64    -11       49
  MINIMUM         40   1159 PM  22    2013  37      3       30
                                      1996
  AVERAGE         47                        51     -4       40

PRECIPITATION (IN)
  YESTERDAY        T             1.20 2014   0.09  -0.09     0.06
  MONTH TO DATE    0.26                      0.98  -0.72     1.40
  SINCE MAR 1      5.08                      3.46   1.62     2.76
  SINCE JAN 1      6.45                      4.65   1.80     4.78

SNOWFALL (IN)
  YESTERDAY        0.0           0.3  1953   0.0    0.0       T
  MONTH TO DATE    0.0                       0.2   -0.2       T
  SINCE MAR 1     14.2                      14.2    0.0      7.8
  SINCE JUL 1     47.7                      71.0  -23.3     64.5
  SNOW DEPTH       0

DEGREE DAYS
 HEATING
  YESTERDAY       18                        15      3       25
  MONTH TO DATE  156                       199    -43      201
  SINCE MAR 1   2085                      2254   -169     2129
  SINCE JUL 1   8617                      9837  -1220     9883

 COOLING
  YESTERDAY        0                         0      0        0
  MONTH TO DATE    0                         0      0        0
  SINCE MAR 1      0                         1     -1        0
  SINCE JAN 1      0                         1     -1        0
..................................................................


WIND (MPH)
  HIGHEST WIND SPEED    21   HIGHEST WIND DIRECTION     W (280)
  HIGHEST GUST SPEED    26   HIGHEST GUST DIRECTION     W (290)
  AVERAGE WIND SPEED    10.4


SKY COVER
  AVERAGE SKY COVER 1.0


WEATHER CONDITIONS
 THE FOLLOWING WEATHER WAS RECORDED YESTERDAY.
  LIGHT RAIN
  HAZE


RELATIVE HUMIDITY (PERCENT)
 HIGHEST   100          1200 AM
 LOWEST     70           700 PM
 AVERAGE    85

..........................................................


THE INTERNATIONAL FALLS MN CLIMATE NORMALS FOR TODAY
                         NORMAL    RECORD    YEAR
 MAXIMUM TEMPERATURE (F)   64        87      1977
 MINIMUM TEMPERATURE (F)   38        22      1997
                                             1953


SUNRISE AND SUNSET
MAY 13 2016...........SUNRISE   535 AM CDT   SUNSET   846 PM CDT
MAY 14 2016...........SUNRISE   533 AM CDT   SUNSET   847 PM CDT


-  INDICATES NEGATIVE NUMBERS.
R  INDICATES RECORD WAS SET OR TIED.
MM INDICATES DATA IS MISSING.
T  INDICATES TRACE AMOUNT.




$$
