000
CDUS43 KDLH 072226
CLIINL


CLIMATE REPORT
NATIONAL WEATHER SERVICE DULUTH MN
425 PM CST FRI NOV 7 2014


...................................

...THE INTERNATIONAL FALLS MN CLIMATE SUMMARY FOR NOVEMBER 7 2014...
VALID TODAY AS OF 0400 PM LOCAL TIME.

CLIMATE NORMAL PERIOD 1981 TO 2010
CLIMATE RECORD PERIOD 1895 TO 2014


WEATHER ITEM   OBSERVED TIME   RECORD YEAR NORMAL DEPARTURE LAST
                VALUE   (LST)  VALUE       VALUE  FROM      YEAR
                                                  NORMAL
..................................................................
TEMPERATURE (F)
 TODAY
  MAXIMUM         37    359 PM  63    1981  39     -2       34
                                      1969
  MINIMUM         28    257 AM  -9    2003  23      5       18
  AVERAGE         33                        31      2       26

PRECIPITATION (IN)
  TODAY            0.11                      0.05   0.06      T
  MONTH TO DATE    0.18                      0.37  -0.19     0.15
  SINCE SEP 1      4.44                      5.44  -1.00     4.23
  SINCE JAN 1     28.98                     22.40   6.58    29.34

SNOWFALL (IN)
  TODAY            T                         0.4   -0.4       T
  MONTH TO DATE    0.1                       2.1   -2.0       T
  SINCE JUL 1      0.2                       4.4   -4.2      1.6
  SNOW DEPTH       0

DEGREE DAYS
 HEATING
  TODAY           32                        34     -2       39
  MONTH TO DATE  203                       228    -25      223
  SINCE SEP 1   1221                      1324   -103     1171
  SINCE JUL 1   1435                      1505    -70     1391

 COOLING
  TODAY            0                         0      0        0
  MONTH TO DATE    0                         0      0        0
  SINCE SEP 1     10                        11     -1       11
  SINCE JAN 1    121                       192    -71      224
..................................................................


WIND (MPH)
  HIGHEST WIND SPEED    16   HIGHEST WIND DIRECTION     S (160)
  HIGHEST GUST SPEED    25   HIGHEST GUST DIRECTION     S (160)


SKY COVER
  AVERAGE SKY COVER 0.9


WEATHER CONDITIONS
 THE FOLLOWING WEATHER WAS RECORDED TODAY.
  RAIN
  LIGHT RAIN
  FOG


RELATIVE HUMIDITY (PERCENT)
 HIGHEST    92           200 AM
 LOWEST     75           700 AM
 AVERAGE    84

..........................................................


THE INTERNATIONAL FALLS MN CLIMATE NORMALS FOR TOMORROW
                         NORMAL    RECORD    YEAR
 MAXIMUM TEMPERATURE (F)   38        72      1999
 MINIMUM TEMPERATURE (F)   22       -13      2003


SUNRISE AND SUNSET
NOVEMBER  7 2014......SUNRISE   709 AM CST   SUNSET   445 PM CST
NOVEMBER  8 2014......SUNRISE   711 AM CST   SUNSET   443 PM CST


-  INDICATES NEGATIVE NUMBERS.
R  INDICATES RECORD WAS SET OR TIED.
MM INDICATES DATA IS MISSING.
T  INDICATES TRACE AMOUNT.




$$
