000
CDUS43 KDLH 160635
CLIINL


CLIMATE REPORT
NATIONAL WEATHER SERVICE DULUTH MN
1229 AM CST MON JAN 16 2017


...................................

...THE INTERNATIONAL FALLS MN CLIMATE SUMMARY FOR JANUARY 15 2017...

CLIMATE NORMAL PERIOD 1981 TO 2010
CLIMATE RECORD PERIOD 1895 TO 2017


WEATHER ITEM   OBSERVED TIME   RECORD YEAR NORMAL DEPARTURE LAST
                VALUE   (LST)  VALUE       VALUE  FROM      YEAR
                                                  NORMAL
..................................................................
TEMPERATURE (F)
 YESTERDAY
  MAXIMUM         31    422 PM  39    2010  15     16        7
  MINIMUM         -9    346 AM -45    1972  -7     -2       -3
                                      1909
  AVERAGE         11                         4      7        2

PRECIPITATION (IN)
  YESTERDAY        0.00          0.43 1969   0.02  -0.02      T
  MONTH TO DATE    0.89                      0.34   0.55     0.20
  SINCE DEC 1      3.08                      1.15   1.93     1.27
  SINCE JAN 1      0.89                      0.34   0.55     0.20

SNOWFALL (IN)
  YESTERDAY        0.0           4.2  1969   0.5   -0.5      0.1
  MONTH TO DATE   14.5                       7.9    6.6      3.1
  SINCE DEC 1     40.0                      22.9   17.1     12.6
  SINCE JUL 1     48.4                      38.9    9.5     16.4
  SNOW DEPTH      17

DEGREE DAYS
 HEATING
  YESTERDAY       54                        61     -7       63
  MONTH TO DATE 1011                       911    100      840
  SINCE DEC 1   2677                      2625     52     2153
  SINCE JUL 1   4483                      5086   -603     4159

 COOLING
  YESTERDAY        0                         0      0        0
  MONTH TO DATE    0                         0      0        0
  SINCE DEC 1      0                         0      0        0
  SINCE JAN 1      0                         0      0        0
..................................................................


WIND (MPH)
  HIGHEST WIND SPEED    16   HIGHEST WIND DIRECTION    SW (240)
  HIGHEST GUST SPEED    25   HIGHEST GUST DIRECTION    SW (230)
  AVERAGE WIND SPEED     7.1


SKY COVER
  AVERAGE SKY COVER 0.0


WEATHER CONDITIONS
 THE FOLLOWING WEATHER WAS RECORDED YESTERDAY.
  NO SIGNIFICANT WEATHER WAS OBSERVED.


RELATIVE HUMIDITY (PERCENT)
 HIGHEST    86          1200 AM
 LOWEST     47           300 PM
 AVERAGE    67

..........................................................


THE INTERNATIONAL FALLS MN CLIMATE NORMALS FOR TODAY
                         NORMAL    RECORD    YEAR
 MAXIMUM TEMPERATURE (F)   15        44      1897
 MINIMUM TEMPERATURE (F)   -7       -44      1979


SUNRISE AND SUNSET
JANUARY 16 2017.......SUNRISE   800 AM CST   SUNSET   448 PM CST
JANUARY 17 2017.......SUNRISE   759 AM CST   SUNSET   449 PM CST


-  INDICATES NEGATIVE NUMBERS.
R  INDICATES RECORD WAS SET OR TIED.
MM INDICATES DATA IS MISSING.
T  INDICATES TRACE AMOUNT.




$$
