162
CDUS43 KDLH 150635
CLIINL


CLIMATE REPORT
NATIONAL WEATHER SERVICE DULUTH MN
1233 AM CST MON JAN 15 2018


...................................

...THE INTERNATIONAL FALLS MN CLIMATE SUMMARY FOR JANUARY 14 2018...

CLIMATE NORMAL PERIOD 1981 TO 2010
CLIMATE RECORD PERIOD 1895 TO 2018


WEATHER ITEM   OBSERVED TIME   RECORD YEAR NORMAL DEPARTURE LAST
                VALUE   (LST)  VALUE       VALUE  FROM      YEAR
                                                  NORMAL
..................................................................
TEMPERATURE (F)
 YESTERDAY
  MAXIMUM          6    503 PM  35    1987  15     -9       16
  MINIMUM        -23   1224 AM -42    2009  -7    -16      -11
                                      1972
                                      1965
  AVERAGE         -8                         4    -12        3

PRECIPITATION (IN)
  YESTERDAY        0.12          0.44 1953   0.02   0.10     0.00
  MONTH TO DATE    0.43                      0.32   0.11     0.89
  SINCE DEC 1      1.59                      1.13   0.46     3.08
  SINCE JAN 1      0.43                      0.32   0.11     0.89

SNOWFALL (IN)
  YESTERDAY        1.7           5.5  2004   0.5    1.2      0.0
  MONTH TO DATE    5.7                       7.4   -1.7     14.5
  SINCE DEC 1     22.1                      22.4   -0.3     40.0
  SINCE JUL 1     36.1                      38.4   -2.3     48.4
  SNOW DEPTH       9

DEGREE DAYS
 HEATING
  YESTERDAY       73                        61     12       62
  MONTH TO DATE  960                       850    110      957
  SINCE DEC 1   2787                      2564    223     2623
  SINCE JUL 1   5181                      5025    156     4429

 COOLING
  YESTERDAY        0                         0      0        0
  MONTH TO DATE    0                         0      0        0
  SINCE DEC 1      0                         0      0        0
  SINCE JAN 1      0                         0      0        0
..................................................................


WIND (MPH)
  HIGHEST WIND SPEED    14   HIGHEST WIND DIRECTION     N (360)
  HIGHEST GUST SPEED    17   HIGHEST GUST DIRECTION     N (350)
  AVERAGE WIND SPEED     6.0


SKY COVER
  AVERAGE SKY COVER 0.8


WEATHER CONDITIONS
 THE FOLLOWING WEATHER WAS RECORDED YESTERDAY.
  HEAVY SNOW
  SNOW
  LIGHT SNOW
  FOG
  HAZE


RELATIVE HUMIDITY (PERCENT)
 HIGHEST    87          1100 AM
 LOWEST     70           300 AM
 AVERAGE    79

..........................................................


THE INTERNATIONAL FALLS MN CLIMATE NORMALS FOR TODAY
                         NORMAL    RECORD    YEAR
 MAXIMUM TEMPERATURE (F)   15        39      2010
 MINIMUM TEMPERATURE (F)   -7       -45      1972
                                             1909


SUNRISE AND SUNSET
JANUARY 15 2018.......SUNRISE   800 AM CST   SUNSET   446 PM CST
JANUARY 16 2018.......SUNRISE   800 AM CST   SUNSET   447 PM CST


-  INDICATES NEGATIVE NUMBERS.
R  INDICATES RECORD WAS SET OR TIED.
MM INDICATES DATA IS MISSING.
T  INDICATES TRACE AMOUNT.




$$
