000
CDUS43 KDLH 170736
CLIINL


CLIMATE REPORT
NATIONAL WEATHER SERVICE DULUTH MN
235 AM CDT SUN APR 17 2016


...................................

...THE INTERNATIONAL FALLS MN CLIMATE SUMMARY FOR APRIL 16 2016...

CLIMATE NORMAL PERIOD 1981 TO 2010
CLIMATE RECORD PERIOD 1895 TO 2016


WEATHER ITEM   OBSERVED TIME   RECORD YEAR NORMAL DEPARTURE LAST
                VALUE   (LST)  VALUE       VALUE  FROM      YEAR
                                                  NORMAL
..................................................................
TEMPERATURE (F)
 YESTERDAY
  MAXIMUM         77   1222 PM  85    1913  52     25       67
  MINIMUM         48   1159 PM  13    1953  28     20       28
  AVERAGE         63                        40     23       48

PRECIPITATION (IN)
  YESTERDAY        T             0.98 1945   0.04  -0.04     0.00
  MONTH TO DATE    0.52                      0.72  -0.20     0.26
  SINCE MAR 1      3.23                      1.67   1.56     0.90
  SINCE JAN 1      4.60                      2.86   1.74     2.92

SNOWFALL (IN)
  YESTERDAY        0.0           5.8  2011   0.2   -0.2      0.0
  MONTH TO DATE    4.9                       4.3    0.6      2.0
  SINCE MAR 1     14.2                      11.9    2.3      5.5
  SINCE JUL 1     47.7                      68.7  -21.0     62.2
  SNOW DEPTH       T

DEGREE DAYS
 HEATING
  YESTERDAY        2                        25    -23       17
  MONTH TO DATE  519                       466     53      408
  SINCE MAR 1   1622                      1749   -127     1577
  SINCE JUL 1   8154                      9332  -1178     9331

 COOLING
  YESTERDAY        0                         0      0        0
  MONTH TO DATE    0                         0      0        0
  SINCE MAR 1      0                         0      0        0
  SINCE JAN 1      0                         0      0        0
..................................................................


WIND (MPH)
  HIGHEST WIND SPEED    16   HIGHEST WIND DIRECTION    SW (220)
  HIGHEST GUST SPEED    24   HIGHEST GUST DIRECTION    SW (220)
  AVERAGE WIND SPEED     6.9


SKY COVER
  AVERAGE SKY COVER 0.9


WEATHER CONDITIONS
 THE FOLLOWING WEATHER WAS RECORDED YESTERDAY.
  NO SIGNIFICANT WEATHER WAS OBSERVED.


RELATIVE HUMIDITY (PERCENT)
 HIGHEST    74          1100 PM
 LOWEST     41          1100 AM
 AVERAGE    58

..........................................................


THE INTERNATIONAL FALLS MN CLIMATE NORMALS FOR TODAY
                         NORMAL    RECORD    YEAR
 MAXIMUM TEMPERATURE (F)   53        77      1911
 MINIMUM TEMPERATURE (F)   28        11      1953


SUNRISE AND SUNSET
APRIL 17 2016.........SUNRISE   618 AM CDT   SUNSET   809 PM CDT
APRIL 18 2016.........SUNRISE   616 AM CDT   SUNSET   810 PM CDT


-  INDICATES NEGATIVE NUMBERS.
R  INDICATES RECORD WAS SET OR TIED.
MM INDICATES DATA IS MISSING.
T  INDICATES TRACE AMOUNT.




$$
