000
CDUS43 KDLH 110619
CLIINL


CLIMATE REPORT
NATIONAL WEATHER SERVICE DULUTH MN
119 AM CDT MON MAY 11 2015


...................................

...THE INTERNATIONAL FALLS MN CLIMATE SUMMARY FOR MAY 10 2015...

CLIMATE NORMAL PERIOD 1981 TO 2010
CLIMATE RECORD PERIOD 1895 TO 2015


WEATHER ITEM   OBSERVED TIME   RECORD YEAR NORMAL DEPARTURE LAST
                VALUE   (LST)  VALUE       VALUE  FROM      YEAR
                                                  NORMAL
..................................................................
TEMPERATURE (F)
 YESTERDAY
  MAXIMUM         48    333 PM  83    1992  63    -15       70
                                      1991
  MINIMUM         39   1159 PM  24    1981  37      2       29
                                      1909
  AVERAGE         44                        50     -6       50

PRECIPITATION (IN)
  YESTERDAY        0.13          1.02 1985   0.09   0.04     0.00
  MONTH TO DATE    0.79                      0.80  -0.01     1.05
  SINCE MAR 1      2.15                      3.28  -1.13     4.04
  SINCE JAN 1      4.17                      4.47  -0.30     5.79

SNOWFALL (IN)
  YESTERDAY        0.0           0.6  1970   0.0    0.0      0.0
  MONTH TO DATE    0.0                       0.2   -0.2       T
  SINCE MAR 1      7.8                      14.2   -6.4     24.8
  SINCE JUL 1     64.5                      71.0   -6.5    101.2
  SNOW DEPTH       0

DEGREE DAYS
 HEATING
  YESTERDAY       21                        15      6       15
  MONTH TO DATE  148                       169    -21      236
  SINCE MAR 1   2076                      2224   -148     2749
  SINCE JUL 1   9830                      9807     23    11180

 COOLING
  YESTERDAY        0                         0      0        0
  MONTH TO DATE    0                         0      0        0
  SINCE MAR 1      0                         1     -1        0
  SINCE JAN 1      0                         1     -1        0
..................................................................


WIND (MPH)
  HIGHEST WIND SPEED    20   HIGHEST WIND DIRECTION     E (80)
  HIGHEST GUST SPEED    26   HIGHEST GUST DIRECTION     E (90)
  AVERAGE WIND SPEED    10.6


SKY COVER
  AVERAGE SKY COVER 1.0


WEATHER CONDITIONS
 THE FOLLOWING WEATHER WAS RECORDED YESTERDAY.
  LIGHT RAIN


RELATIVE HUMIDITY (PERCENT)
 HIGHEST    79           600 AM
 LOWEST     46           200 PM
 AVERAGE    63

..........................................................


THE INTERNATIONAL FALLS MN CLIMATE NORMALS FOR TODAY
                         NORMAL    RECORD    YEAR
 MAXIMUM TEMPERATURE (F)   63        83      1993
                                             1991
 MINIMUM TEMPERATURE (F)   37        24      1996
                                             1953


SUNRISE AND SUNSET
MAY 11 2015...........SUNRISE   539 AM CDT   SUNSET   842 PM CDT
MAY 12 2015...........SUNRISE   537 AM CDT   SUNSET   843 PM CDT


-  INDICATES NEGATIVE NUMBERS.
R  INDICATES RECORD WAS SET OR TIED.
MM INDICATES DATA IS MISSING.
T  INDICATES TRACE AMOUNT.




$$
