494
CDUS43 KDLH 120642
CLIINL


CLIMATE REPORT
NATIONAL WEATHER SERVICE DULUTH MN
1240 AM CST SUN FEB 12 2017


...................................

...THE INTERNATIONAL FALLS MN CLIMATE SUMMARY FOR FEBRUARY 11 2017...

CLIMATE NORMAL PERIOD 1981 TO 2010
CLIMATE RECORD PERIOD 1895 TO 2017


WEATHER ITEM   OBSERVED TIME   RECORD YEAR NORMAL DEPARTURE LAST
                VALUE   (LST)  VALUE       VALUE  FROM      YEAR
                                                  NORMAL
..................................................................
TEMPERATURE (F)
 YESTERDAY
  MAXIMUM         29   1159 PM  44    2002  21      8       13
  MINIMUM         14    846 PM -40    2008  -3     17      -23
  AVERAGE         22                         9     13       -5

PRECIPITATION (IN)
  YESTERDAY        T             0.24 1961   0.02  -0.02     0.00
  MONTH TO DATE    0.77                      0.19   0.58     0.18
  SINCE DEC 1      4.23                      1.62   2.61     1.84
  SINCE JAN 1      2.04                      0.81   1.23     0.77

SNOWFALL (IN)
  YESTERDAY        T             2.8  1961   0.4   -0.4      0.0
  MONTH TO DATE   11.4                       4.2    7.2      1.7
  SINCE DEC 1     53.8                      34.2   19.6     20.0
  SINCE JUL 1     62.2                      50.2   12.0     23.8
  SNOW DEPTH       0

DEGREE DAYS
 HEATING
  YESTERDAY       43                        56    -13       70
  MONTH TO DATE  659                       635     24      618
  SINCE DEC 1   3997                      4227   -230     3627
  SINCE JUL 1   5803                      6688   -885     5633

 COOLING
  YESTERDAY        0                         0      0        0
  MONTH TO DATE    0                         0      0        0
  SINCE DEC 1      0                         0      0        0
  SINCE JAN 1      0                         0      0        0
..................................................................


WIND (MPH)
  HIGHEST WIND SPEED    17   HIGHEST WIND DIRECTION     W (270)
  HIGHEST GUST SPEED    25   HIGHEST GUST DIRECTION     W (280)
  AVERAGE WIND SPEED     6.4


SKY COVER
  AVERAGE SKY COVER 0.9


WEATHER CONDITIONS
 THE FOLLOWING WEATHER WAS RECORDED YESTERDAY.
  NO SIGNIFICANT WEATHER WAS OBSERVED.


RELATIVE HUMIDITY (PERCENT)
 HIGHEST    92           900 PM
 LOWEST     68           500 PM
 AVERAGE    80

..........................................................


THE INTERNATIONAL FALLS MN CLIMATE NORMALS FOR TODAY
                         NORMAL    RECORD    YEAR
 MAXIMUM TEMPERATURE (F)   21        43      1976
 MINIMUM TEMPERATURE (F)   -3       -40      1914


SUNRISE AND SUNSET
FEBRUARY 12 2017......SUNRISE   726 AM CST   SUNSET   531 PM CST
FEBRUARY 13 2017......SUNRISE   724 AM CST   SUNSET   532 PM CST


-  INDICATES NEGATIVE NUMBERS.
R  INDICATES RECORD WAS SET OR TIED.
MM INDICATES DATA IS MISSING.
T  INDICATES TRACE AMOUNT.




$$
