000
CDUS43 KDLH 080626
CLIINL


CLIMATE REPORT
NATIONAL WEATHER SERVICE DULUTH MN
1223 AM CST MON JAN 8 2018


...................................

...THE INTERNATIONAL FALLS MN CLIMATE SUMMARY FOR JANUARY 7 2018...

CLIMATE NORMAL PERIOD 1981 TO 2010
CLIMATE RECORD PERIOD 1895 TO 2018


WEATHER ITEM   OBSERVED TIME   RECORD YEAR NORMAL DEPARTURE LAST
                VALUE   (LST)  VALUE       VALUE  FROM      YEAR
                                                  NORMAL
..................................................................
TEMPERATURE (F)
 YESTERDAY
  MAXIMUM         25   1030 PM  46    2003  15     10        0
  MINIMUM         13   1221 AM -54    1909  -6     19      -14
  AVERAGE         19                         4     15       -7

PRECIPITATION (IN)
  YESTERDAY        T             4.02 1907   0.03  -0.03      T
  MONTH TO DATE    0.04                      0.17  -0.13     0.58
  SINCE DEC 1      1.20                      0.98   0.22     2.77
  SINCE JAN 1      0.04                      0.17  -0.13     0.58

SNOWFALL (IN)
  YESTERDAY        T             6.6  1989   0.6   -0.6       T
  MONTH TO DATE    0.5                       3.7   -3.2     10.3
  SINCE DEC 1     16.9                      18.7   -1.8     35.8
  SINCE JUL 1     30.9                      34.7   -3.8     44.2
  SNOW DEPTH       7

DEGREE DAYS
 HEATING
  YESTERDAY       46                        61    -15       72
  MONTH TO DATE  507                       423     84      474
  SINCE DEC 1   2334                      2137    197     2140
  SINCE JUL 1   4728                      4598    130     3946

 COOLING
  YESTERDAY        0                         0      0        0
  MONTH TO DATE    0                         0      0        0
  SINCE DEC 1      0                         0      0        0
  SINCE JAN 1      0                         0      0        0
..................................................................


WIND (MPH)
  HIGHEST WIND SPEED    16   HIGHEST WIND DIRECTION    SW (210)
  HIGHEST GUST SPEED    23   HIGHEST GUST DIRECTION     S (200)
  AVERAGE WIND SPEED     8.2


SKY COVER
  AVERAGE SKY COVER 0.9


WEATHER CONDITIONS
 THE FOLLOWING WEATHER WAS RECORDED YESTERDAY.
  LIGHT SNOW
  FOG
  HAZE


RELATIVE HUMIDITY (PERCENT)
 HIGHEST    81           700 PM
 LOWEST     64           100 AM
 AVERAGE    73

..........................................................


THE INTERNATIONAL FALLS MN CLIMATE NORMALS FOR TODAY
                         NORMAL    RECORD    YEAR
 MAXIMUM TEMPERATURE (F)   15        45      2003
 MINIMUM TEMPERATURE (F)   -7       -38      1973


SUNRISE AND SUNSET
JANUARY  8 2018.......SUNRISE   804 AM CST   SUNSET   437 PM CST
JANUARY  9 2018.......SUNRISE   804 AM CST   SUNSET   438 PM CST


-  INDICATES NEGATIVE NUMBERS.
R  INDICATES RECORD WAS SET OR TIED.
MM INDICATES DATA IS MISSING.
T  INDICATES TRACE AMOUNT.




$$
