000
CDUS43 KDLH 152234
CLIINL


CLIMATE REPORT
NATIONAL WEATHER SERVICE DULUTH MN
533 PM CDT SUN MAR 15 2015


...................................

...THE INTERNATIONAL FALLS MN CLIMATE SUMMARY FOR MARCH 15 2015...
VALID TODAY AS OF 0500 PM LOCAL TIME.

CLIMATE NORMAL PERIOD 1981 TO 2010
CLIMATE RECORD PERIOD 1895 TO 2015


WEATHER ITEM   OBSERVED TIME   RECORD YEAR NORMAL DEPARTURE LAST
                VALUE   (LST)  VALUE       VALUE  FROM      YEAR
                                                  NORMAL
..................................................................
TEMPERATURE (F)
 TODAY
  MAXIMUM         65R   328 PM  57    2012  34     31       15
                                      2009
                                      2003
  MINIMUM         34   1200 AM -26    1897  12     22      -12
  AVERAGE         50                        23     27        2

PRECIPITATION (IN)
  TODAY            0.00                      0.02  -0.02     0.00
  MONTH TO DATE    0.09                      0.37  -0.28     0.17
  SINCE MAR 1      0.09                      0.37  -0.28     0.17
  SINCE JAN 1      2.11                      1.56   0.55     1.92

SNOWFALL (IN)
  TODAY            0.0                       0.2   -0.2      0.0
  MONTH TO DATE    1.8                       4.0   -2.2      2.7
  SINCE JUL 1     58.5                      60.8   -2.3     79.1
  SNOW DEPTH       3

DEGREE DAYS
 HEATING
  TODAY           15                        42    -27       63
  MONTH TO DATE  606                       680    -74      811
  SINCE MAR 1    606                       680    -74      811
  SINCE JUL 1   8360                      8263     97     9242

 COOLING
  TODAY            0                         0      0        0
  MONTH TO DATE    0                         0      0        0
  SINCE MAR 1      0                         0      0        0
  SINCE JAN 1      0                         0      0        0
..................................................................


WIND (MPH)
  HIGHEST WIND SPEED    22   HIGHEST WIND DIRECTION     W (280)
  HIGHEST GUST SPEED    31   HIGHEST GUST DIRECTION     W (280)


SKY COVER
  AVERAGE SKY COVER 0.0


WEATHER CONDITIONS
 THE FOLLOWING WEATHER WAS RECORDED TODAY.
  NO SIGNIFICANT WEATHER WAS OBSERVED.


RELATIVE HUMIDITY (PERCENT)
 HIGHEST    75          1200 AM
 LOWEST     33          1200 PM
 AVERAGE    54

..........................................................


THE INTERNATIONAL FALLS MN CLIMATE NORMALS FOR TOMORROW
                         NORMAL    RECORD    YEAR
 MAXIMUM TEMPERATURE (F)   35        71      2012
 MINIMUM TEMPERATURE (F)   13       -23      2014


SUNRISE AND SUNSET
MARCH 15 2015.........SUNRISE   727 AM CDT   SUNSET   719 PM CDT
MARCH 16 2015.........SUNRISE   725 AM CDT   SUNSET   720 PM CDT


-  INDICATES NEGATIVE NUMBERS.
R  INDICATES RECORD WAS SET OR TIED.
MM INDICATES DATA IS MISSING.
T  INDICATES TRACE AMOUNT.




$$
