000
CDUS43 KDLH 122231
CLIINL


CLIMATE REPORT
NATIONAL WEATHER SERVICE DULUTH MN
431 PM CST WED NOV 12 2014


...................................

...THE INTERNATIONAL FALLS MN CLIMATE SUMMARY FOR NOVEMBER 12 2014...
VALID TODAY AS OF 0400 PM LOCAL TIME.

CLIMATE NORMAL PERIOD 1981 TO 2010
CLIMATE RECORD PERIOD 1895 TO 2014


WEATHER ITEM   OBSERVED TIME   RECORD YEAR NORMAL DEPARTURE LAST
                VALUE   (LST)  VALUE       VALUE  FROM      YEAR
                                                  NORMAL
..................................................................
TEMPERATURE (F)
 TODAY
  MAXIMUM         29    148 PM  60    1981  36     -7       30
  MINIMUM         20    342 AM -15    1966  20      0       10
  AVERAGE         25                        28     -3       20

PRECIPITATION (IN)
  TODAY            0.04                      0.05  -0.01      T
  MONTH TO DATE    0.31                      0.63  -0.32     0.60
  SINCE SEP 1      4.57                      5.70  -1.13     4.68
  SINCE JAN 1     29.11                     22.66   6.45    29.79

SNOWFALL (IN)
  TODAY            0.3                       0.5   -0.2       T
  MONTH TO DATE    0.9                       4.1   -3.2      4.5
  SINCE JUL 1      1.0                       6.4   -5.4      6.1
  SNOW DEPTH       T

DEGREE DAYS
 HEATING
  TODAY           40                        37      3       45
  MONTH TO DATE  415                       408      7      427
  SINCE SEP 1   1433                      1504    -71     1375
  SINCE JUL 1   1647                      1685    -38     1595

 COOLING
  TODAY            0                         0      0        0
  MONTH TO DATE    0                         0      0        0
  SINCE SEP 1     10                        11     -1       11
  SINCE JAN 1    121                       192    -71      224
..................................................................


WIND (MPH)
  HIGHEST WIND SPEED    16   HIGHEST WIND DIRECTION     N (360)
  HIGHEST GUST SPEED    20   HIGHEST GUST DIRECTION    NW (330)


SKY COVER
  AVERAGE SKY COVER 1.0


WEATHER CONDITIONS
 THE FOLLOWING WEATHER WAS RECORDED TODAY.
  HEAVY SNOW
  LIGHT SNOW
  FOG
  FOG W/VISIBILITY <= 1/4 MILE
  HAZE


RELATIVE HUMIDITY (PERCENT)
 HIGHEST    91           100 AM
 LOWEST     63           100 PM
 AVERAGE    77

..........................................................


THE INTERNATIONAL FALLS MN CLIMATE NORMALS FOR TOMORROW
                         NORMAL    RECORD    YEAR
 MAXIMUM TEMPERATURE (F)   35        61      1981
 MINIMUM TEMPERATURE (F)   19       -12      1995
                                             1986


SUNRISE AND SUNSET
NOVEMBER 12 2014......SUNRISE   717 AM CST   SUNSET   438 PM CST
NOVEMBER 13 2014......SUNRISE   719 AM CST   SUNSET   436 PM CST


-  INDICATES NEGATIVE NUMBERS.
R  INDICATES RECORD WAS SET OR TIED.
MM INDICATES DATA IS MISSING.
T  INDICATES TRACE AMOUNT.




$$
