000
CDUS43 KDLH 110630
CLIINL


CLIMATE REPORT
NATIONAL WEATHER SERVICE DULUTH MN
130 AM CDT SAT OCT 11 2014


...................................

...THE INTERNATIONAL FALLS MN CLIMATE SUMMARY FOR OCTOBER 10 2014...

CLIMATE NORMAL PERIOD 1981 TO 2010
CLIMATE RECORD PERIOD 1895 TO 2014


WEATHER ITEM   OBSERVED TIME   RECORD YEAR NORMAL DEPARTURE LAST
                VALUE   (LST)  VALUE       VALUE  FROM      YEAR
                                                  NORMAL
..................................................................
TEMPERATURE (F)
 YESTERDAY
  MAXIMUM         45    251 PM  80    1955  54     -9       73
  MINIMUM         23   1142 PM  18    1979  33    -10       45
                                      1919
  AVERAGE         34                        44    -10       59

PRECIPITATION (IN)
  YESTERDAY        T             1.90 1949   0.07  -0.07     0.00
  MONTH TO DATE    0.25                      0.78  -0.53     0.67
  SINCE SEP 1      3.35                      3.77  -0.42     2.68
  SINCE JAN 1     27.89                     20.73   7.16    27.79

SNOWFALL (IN)
  YESTERDAY       MM             T    2012   0.0   MM        0.0
                                      2006
                                      1980
  MONTH TO DATE    T                         0.3   -0.3      0.0
  SINCE SEP 1      T                         0.4   -0.4      0.0
  SINCE JUL 1      T                         0.4   -0.4      0.0
  SNOW DEPTH       0

DEGREE DAYS
 HEATING
  YESTERDAY       31                        21     10        6
  MONTH TO DATE  243                       197     46      142
  SINCE SEP 1    565                       550     15      364
  SINCE JUL 1    779                       731     48      584

 COOLING
  YESTERDAY        0                         0      0        0
  MONTH TO DATE    0                         0      0        0
  SINCE SEP 1     10                        11     -1       11
  SINCE JAN 1    121                       192    -71      224
..................................................................


WIND (MPH)
  HIGHEST WIND SPEED    14   HIGHEST WIND DIRECTION    NW (330)
  HIGHEST GUST SPEED    17   HIGHEST GUST DIRECTION    NW (330)
  AVERAGE WIND SPEED     3.0


SKY COVER
  AVERAGE SKY COVER 0.9


WEATHER CONDITIONS
 THE FOLLOWING WEATHER WAS RECORDED YESTERDAY.
  LIGHT RAIN


RELATIVE HUMIDITY (PERCENT)
 HIGHEST   100           900 PM
 LOWEST     49          1200 PM
 AVERAGE    75

..........................................................


THE INTERNATIONAL FALLS MN CLIMATE NORMALS FOR TODAY
                         NORMAL    RECORD    YEAR
 MAXIMUM TEMPERATURE (F)   54        77      1920
 MINIMUM TEMPERATURE (F)   33        19      2006
                                             1908


SUNRISE AND SUNSET
OCTOBER 11 2014.......SUNRISE   728 AM CDT   SUNSET   632 PM CDT
OCTOBER 12 2014.......SUNRISE   729 AM CDT   SUNSET   630 PM CDT


-  INDICATES NEGATIVE NUMBERS.
R  INDICATES RECORD WAS SET OR TIED.
MM INDICATES DATA IS MISSING.
T  INDICATES TRACE AMOUNT.




$$
