000
CDUS43 KDLH 161312
CLIINL


CLIMATE REPORT
NATIONAL WEATHER SERVICE DULUTH MN
811 AM CDT MON OCT 16 2017


...................................

...THE INTERNATIONAL FALLS MN CLIMATE SUMMARY FOR OCTOBER 15 2017...

CLIMATE NORMAL PERIOD 1981 TO 2010
CLIMATE RECORD PERIOD 1895 TO 2017


WEATHER ITEM   OBSERVED TIME   RECORD YEAR NORMAL DEPARTURE LAST
                VALUE   (LST)  VALUE       VALUE  FROM      YEAR
                                                  NORMAL
..................................................................
TEMPERATURE (F)
 YESTERDAY
  MAXIMUM         50    223 PM  77    1964  52     -2       67
  MINIMUM         28    650 AM  18    2002  31     -3       34
                                      1952
  AVERAGE         39                        42     -3       51

PRECIPITATION (IN)
  YESTERDAY        0.00          0.50 1915   0.06  -0.06      T
  MONTH TO DATE    0.82                      1.12  -0.30     0.89
  SINCE SEP 1      3.89                      4.11  -0.22     4.22
  SINCE JAN 1     20.63                     21.07  -0.44    24.78

SNOWFALL (IN)
  YESTERDAY        0.0           3.1  1952   0.0    0.0      0.0
  MONTH TO DATE    0.0                       0.5   -0.5       T
  SINCE SEP 1      0.0                       0.6   -0.6       T
  SINCE JUL 1      0.0                       0.6   -0.6       T
  SNOW DEPTH       0

DEGREE DAYS
 HEATING
  YESTERDAY       26                        23      3       14
  MONTH TO DATE  291                       310    -19      243
  SINCE SEP 1    560                       663   -103      481
  SINCE JUL 1    771                       844    -73      598

 COOLING
  YESTERDAY        0                         0      0        0
  MONTH TO DATE    0                         0      0        0
  SINCE SEP 1      7                        11     -4        7
  SINCE JAN 1     86                       192   -106      155
..................................................................


WIND (MPH)
  HIGHEST WIND SPEED    17   HIGHEST WIND DIRECTION     W (260)
  HIGHEST GUST SPEED    23   HIGHEST GUST DIRECTION    SW (240)
  AVERAGE WIND SPEED     5.9


SKY COVER
  AVERAGE SKY COVER 0.3


WEATHER CONDITIONS
 THE FOLLOWING WEATHER WAS RECORDED YESTERDAY.
  NO SIGNIFICANT WEATHER WAS OBSERVED.


RELATIVE HUMIDITY (PERCENT)
 HIGHEST    92           600 AM
 LOWEST     36           200 PM
 AVERAGE    64

..........................................................


THE INTERNATIONAL FALLS MN CLIMATE NORMALS FOR TODAY
                         NORMAL    RECORD    YEAR
 MAXIMUM TEMPERATURE (F)   51        81      1953
                                             1912
 MINIMUM TEMPERATURE (F)   31        10      1952


SUNRISE AND SUNSET
OCTOBER 16 2017.......SUNRISE   735 AM CDT   SUNSET   622 PM CDT
OCTOBER 17 2017.......SUNRISE   737 AM CDT   SUNSET   620 PM CDT


-  INDICATES NEGATIVE NUMBERS.
R  INDICATES RECORD WAS SET OR TIED.
MM INDICATES DATA IS MISSING.
T  INDICATES TRACE AMOUNT.




$$
