000
CDUS43 KDLH 220624
CLIINL


CLIMATE REPORT
NATIONAL WEATHER SERVICE DULUTH MN
123 AM CDT TUE APR 22 2014


...................................

...THE INTERNATIONAL FALLS MN CLIMATE SUMMARY FOR APRIL 21 2014...

CLIMATE NORMAL PERIOD 1981 TO 2010
CLIMATE RECORD PERIOD 1895 TO 2014


WEATHER ITEM   OBSERVED TIME   RECORD YEAR NORMAL DEPARTURE LAST
                VALUE   (LST)  VALUE       VALUE  FROM      YEAR
                                                  NORMAL
..................................................................
TEMPERATURE (F)
 YESTERDAY
  MAXIMUM         49    324 AM  90    1980  55     -6       37
  MINIMUM         33   1141 PM  11    1966  30      3       24
  AVERAGE         41                        42     -1       31

PRECIPITATION (IN)
  YESTERDAY        T             1.00 1964   0.05  -0.05     0.35
  MONTH TO DATE    0.59                      0.97  -0.38     1.47
  SINCE MAR 1      2.05                      1.92   0.13     2.62
  SINCE JAN 1      3.80                      3.11   0.69     6.28

SNOWFALL (IN)
  YESTERDAY        0.0           2.4  2012   0.1   -0.1      1.7
  MONTH TO DATE    3.8                       5.2   -1.4     13.6
  SINCE MAR 1     21.4                      12.8    8.6     28.3
  SINCE JUL 1     97.8                      69.6   28.2     98.6
  SNOW DEPTH       T

DEGREE DAYS
 HEATING
  YESTERDAY       24                        23      1       34
  MONTH TO DATE  675                       585     90      793
  SINCE MAR 1   2281                      1868    413     2305
  SINCE JUL 1  10712                      9451   1261     9862

 COOLING
  YESTERDAY        0                         0      0        0
  MONTH TO DATE    0                         0      0        0
  SINCE MAR 1      0                         0      0        0
  SINCE JAN 1      0                         0      0        0
..................................................................


WIND (MPH)
  HIGHEST WIND SPEED    22   HIGHEST WIND DIRECTION    NW (310)
  HIGHEST GUST SPEED    29   HIGHEST GUST DIRECTION    NW (300)
  AVERAGE WIND SPEED    12.2


SKY COVER
  AVERAGE SKY COVER 0.8


WEATHER CONDITIONS
 THE FOLLOWING WEATHER WAS RECORDED YESTERDAY.
  NO SIGNIFICANT WEATHER WAS OBSERVED.


RELATIVE HUMIDITY (PERCENT)
 HIGHEST    76           900 AM
 LOWEST     50           300 AM
 AVERAGE    63

..........................................................


THE INTERNATIONAL FALLS MN CLIMATE NORMALS FOR TODAY
                         NORMAL    RECORD    YEAR
 MAXIMUM TEMPERATURE (F)   55        81      1990
 MINIMUM TEMPERATURE (F)   30        17      2004
                                             1910


SUNRISE AND SUNSET
APRIL 22 2014.........SUNRISE   610 AM CDT   SUNSET   815 PM CDT
APRIL 23 2014.........SUNRISE   608 AM CDT   SUNSET   817 PM CDT


-  INDICATES NEGATIVE NUMBERS.
R  INDICATES RECORD WAS SET OR TIED.
MM INDICATES DATA IS MISSING.
T  INDICATES TRACE AMOUNT.




$$
