000
CDUS43 KDLH 210644
CLIINL


CLIMATE REPORT
NATIONAL WEATHER SERVICE DULUTH MN
142 AM CDT THU AUG 21 2014


...................................

...THE INTERNATIONAL FALLS MN CLIMATE SUMMARY FOR AUGUST 20 2014...

CLIMATE NORMAL PERIOD 1981 TO 2010
CLIMATE RECORD PERIOD 1895 TO 2014


WEATHER ITEM   OBSERVED TIME   RECORD YEAR NORMAL DEPARTURE LAST
                VALUE   (LST)  VALUE       VALUE  FROM      YEAR
                                                  NORMAL
..................................................................
TEMPERATURE (F)
 YESTERDAY
  MAXIMUM         76    419 PM  91    1910  76      0       89
  MINIMUM         49    335 AM  32    1907  50     -1       68
  AVERAGE         63                        63      0       79

PRECIPITATION (IN)
  YESTERDAY        0.00          1.33 1988   0.09  -0.09     0.00
  MONTH TO DATE    0.30                      1.81  -1.51     2.12
  SINCE JUN 1     15.12                      9.43   5.69    11.12
  SINCE JAN 1     23.94                     15.96   7.98    23.50

SNOWFALL (IN)
  YESTERDAY        0.0           T    1952   0.0    0.0      0.0
  MONTH TO DATE    0.0                       0.0    0.0      0.0
  SINCE JUN 1      0.0                       0.0    0.0      0.0
  SINCE JUL 1      0.0                       0.0    0.0      0.0
  SNOW DEPTH       0

DEGREE DAYS
 HEATING
  YESTERDAY        2                         4     -2        0
  MONTH TO DATE   60                        56      4      124
  SINCE JUN 1    292                       290      2      378
  SINCE JUL 1    163                       126     37      209

 COOLING
  YESTERDAY        0                         2     -2       14
  MONTH TO DATE    7                        40    -33       31
  SINCE JUN 1     79                       154    -75      155
  SINCE JAN 1    102                       163    -61      158
..................................................................


WIND (MPH)
  HIGHEST WIND SPEED    14   HIGHEST WIND DIRECTION    SE (120)
  HIGHEST GUST SPEED    18   HIGHEST GUST DIRECTION     E (90)
  AVERAGE WIND SPEED     3.9


SKY COVER
  AVERAGE SKY COVER 0.4


WEATHER CONDITIONS
 THE FOLLOWING WEATHER WAS RECORDED YESTERDAY.
  FOG
  FOG W/VISIBILITY <= 1/4 MILE


RELATIVE HUMIDITY (PERCENT)
 HIGHEST   100          1200 AM
 LOWEST     54           100 PM
 AVERAGE    77

..........................................................


THE INTERNATIONAL FALLS MN CLIMATE NORMALS FOR TODAY
                         NORMAL    RECORD    YEAR
 MAXIMUM TEMPERATURE (F)   75        87      1971
 MINIMUM TEMPERATURE (F)   50        32      2004


SUNRISE AND SUNSET
AUGUST 21 2014........SUNRISE   615 AM CDT   SUNSET   817 PM CDT
AUGUST 22 2014........SUNRISE   617 AM CDT   SUNSET   815 PM CDT


-  INDICATES NEGATIVE NUMBERS.
R  INDICATES RECORD WAS SET OR TIED.
MM INDICATES DATA IS MISSING.
T  INDICATES TRACE AMOUNT.




$$
