182
CDUS43 KDLH 240000
CLIINL


CLIMATE REPORT
NATIONAL WEATHER SERVICE DULUTH MN
654 PM CDT SUN JUL 23 2017


...................................

...THE INTERNATIONAL FALLS MN CLIMATE SUMMARY FOR JULY 23 2017...
VALID TODAY AS OF 0500 PM LOCAL TIME.

CLIMATE NORMAL PERIOD 1981 TO 2010
CLIMATE RECORD PERIOD 1895 TO 2017


WEATHER ITEM   OBSERVED TIME   RECORD YEAR NORMAL DEPARTURE LAST
                VALUE   (LST)  VALUE       VALUE  FROM      YEAR
                                                  NORMAL
..................................................................
TEMPERATURE (F)
 TODAY
  MAXIMUM         78    446 PM  92    1958  78      0       80
                                      1923
  MINIMUM         55   1217 AM  36    1913  53      2       56
  AVERAGE         67                        66      1       68

PRECIPITATION (IN)
  TODAY            0.00                      0.11  -0.11     0.00
  MONTH TO DATE    2.21                      2.90  -0.69     2.42
  SINCE JUN 1      6.00                      6.82  -0.82     9.34
  SINCE JAN 1     12.62                     13.35  -0.73    17.14

SNOWFALL (IN)
  TODAY            0.0                       0.0    0.0      0.0
  MONTH TO DATE    0.0                       0.0    0.0      0.0
  SINCE JUL 1      0.0                       0.0    0.0      0.0
  SNOW DEPTH       0

DEGREE DAYS
 HEATING
  TODAY            0                         2     -2        0
  MONTH TO DATE   65                        53     12       40
  SINCE JUN 1    189                       217    -28      207
  SINCE JUL 1     65                        53     12       40

 COOLING
  TODAY            2                         2      0        3
  MONTH TO DATE   28                        57    -29       55
  SINCE JUN 1     40                        95    -55       74
  SINCE JAN 1     40                       104    -64       76
..................................................................


WIND (MPH)
  HIGHEST WIND SPEED    13   HIGHEST WIND DIRECTION     E (90)
  HIGHEST GUST SPEED    17   HIGHEST GUST DIRECTION    NE (50)


SKY COVER
  AVERAGE SKY COVER 0.5


WEATHER CONDITIONS
 THE FOLLOWING WEATHER WAS RECORDED TODAY.
  FOG


RELATIVE HUMIDITY (PERCENT)
 HIGHEST   100          1200 AM
 LOWEST     39           400 PM
 AVERAGE    70

..........................................................


THE INTERNATIONAL FALLS MN CLIMATE NORMALS FOR TOMORROW
                         NORMAL    RECORD    YEAR
 MAXIMUM TEMPERATURE (F)   78        97      1918
 MINIMUM TEMPERATURE (F)   53        36      2004


SUNRISE AND SUNSET
JULY 23 2017..........SUNRISE   537 AM CDT   SUNSET   903 PM CDT
JULY 24 2017..........SUNRISE   538 AM CDT   SUNSET   901 PM CDT


-  INDICATES NEGATIVE NUMBERS.
R  INDICATES RECORD WAS SET OR TIED.
MM INDICATES DATA IS MISSING.
T  INDICATES TRACE AMOUNT.




$$
