000
CDUS43 KDLH 250622
CLIINL


CLIMATE REPORT
NATIONAL WEATHER SERVICE DULUTH MN
121 AM CDT THU AUG 25 2016


...................................

...THE INTERNATIONAL FALLS MN CLIMATE SUMMARY FOR AUGUST 24 2016...

CLIMATE NORMAL PERIOD 1981 TO 2010
CLIMATE RECORD PERIOD 1895 TO 2016


WEATHER ITEM   OBSERVED TIME   RECORD YEAR NORMAL DEPARTURE LAST
                VALUE   (LST)  VALUE       VALUE  FROM      YEAR
                                                  NORMAL
..................................................................
TEMPERATURE (F)
 YESTERDAY
  MAXIMUM         79    246 PM  92    1948  74      5       53
  MINIMUM         50   1127 PM  31    1908  50      0       46
  AVERAGE         65                        62      3       50

PRECIPITATION (IN)
  YESTERDAY        0.00          1.85 1950   0.09  -0.09     0.10
  MONTH TO DATE    2.21                      2.16   0.05     3.57
  SINCE JUN 1     11.56                      9.78   1.78     8.24
  SINCE JAN 1     19.36                     16.31   3.05    16.41

SNOWFALL (IN)
  YESTERDAY        0.0           0.0  2002   0.0    0.0      0.0
                                      2001
  MONTH TO DATE    0.0                       0.0    0.0      0.0
  SINCE JUN 1      0.0                       0.0    0.0      0.0
  SINCE JUL 1      0.0                       0.0    0.0      0.0
  SNOW DEPTH       0

DEGREE DAYS
 HEATING
  YESTERDAY        0                         4     -4       15
  MONTH TO DATE   36                        72    -36       98
  SINCE JUN 1    246                       306    -60      294
  SINCE JUL 1     79                       142    -63      145

 COOLING
  YESTERDAY        0                         1     -1        0
  MONTH TO DATE   44                        46     -2       44
  SINCE JUN 1    144                       160    -16      139
  SINCE JAN 1    146                       169    -23      139
..................................................................


WIND (MPH)
  HIGHEST WIND SPEED    16   HIGHEST WIND DIRECTION     W (250)
  HIGHEST GUST SPEED    25   HIGHEST GUST DIRECTION     W (260)
  AVERAGE WIND SPEED     7.4


SKY COVER
  AVERAGE SKY COVER 0.5


WEATHER CONDITIONS
 THE FOLLOWING WEATHER WAS RECORDED YESTERDAY.
  NO SIGNIFICANT WEATHER WAS OBSERVED.


RELATIVE HUMIDITY (PERCENT)
 HIGHEST    96          1100 PM
 LOWEST     42           200 PM
 AVERAGE    69

..........................................................


THE INTERNATIONAL FALLS MN CLIMATE NORMALS FOR TODAY
                         NORMAL    RECORD    YEAR
 MAXIMUM TEMPERATURE (F)   74        92      1953
 MINIMUM TEMPERATURE (F)   49        32      1950


SUNRISE AND SUNSET
AUGUST 25 2016........SUNRISE   622 AM CDT   SUNSET   808 PM CDT
AUGUST 26 2016........SUNRISE   623 AM CDT   SUNSET   806 PM CDT


-  INDICATES NEGATIVE NUMBERS.
R  INDICATES RECORD WAS SET OR TIED.
MM INDICATES DATA IS MISSING.
T  INDICATES TRACE AMOUNT.




$$
