000
CDUS43 KDLH 290634
CLIINL


CLIMATE REPORT
NATIONAL WEATHER SERVICE DULUTH MN
133 AM CDT TUE JUL 29 2014


...................................

...THE INTERNATIONAL FALLS MN CLIMATE SUMMARY FOR JULY 28 2014...

CLIMATE NORMAL PERIOD 1981 TO 2010
CLIMATE RECORD PERIOD 1895 TO 2014


WEATHER ITEM   OBSERVED TIME   RECORD YEAR NORMAL DEPARTURE LAST
                VALUE   (LST)  VALUE       VALUE  FROM      YEAR
                                                  NORMAL
..................................................................
TEMPERATURE (F)
 YESTERDAY
  MAXIMUM         76    305 PM 100    1916  78     -2       72
  MINIMUM         47    304 AM  38    1913  53     -6       43
  AVERAGE         62                        65     -3       58

PRECIPITATION (IN)
  YESTERDAY        0.00          1.92 1920   0.10  -0.10     0.00
  MONTH TO DATE    4.54                      3.41   1.13     7.39
  SINCE JUN 1     14.78                      7.33   7.45     8.99
  SINCE JAN 1     23.60                     13.86   9.74    21.37

SNOWFALL (IN)
  YESTERDAY        0.0           T    1990   0.0    0.0      0.0
  MONTH TO DATE    0.0                       0.0    0.0      0.0
  SINCE JUN 1      0.0                       0.0    0.0      0.0
  SINCE JUL 1      0.0                       0.0    0.0      0.0
  SNOW DEPTH       0

DEGREE DAYS
 HEATING
  YESTERDAY        3                         2      1        7
  MONTH TO DATE   98                        63     35       74
  SINCE JUN 1    227                       227      0      243
  SINCE JUL 1     98                        63     35       74

 COOLING
  YESTERDAY        0                         2     -2        0
  MONTH TO DATE   43                        67    -24       90
  SINCE JUN 1     72                       105    -33      124
  SINCE JAN 1     95                       114    -19      127
..................................................................


WIND (MPH)
  HIGHEST WIND SPEED    16   HIGHEST WIND DIRECTION     N (360)
  HIGHEST GUST SPEED    20   HIGHEST GUST DIRECTION     N (360)
  AVERAGE WIND SPEED     5.7


SKY COVER
  AVERAGE SKY COVER 0.2


WEATHER CONDITIONS
 THE FOLLOWING WEATHER WAS RECORDED YESTERDAY.
  NO SIGNIFICANT WEATHER WAS OBSERVED.


RELATIVE HUMIDITY (PERCENT)
 HIGHEST   100           100 AM
 LOWEST     49          1200 PM
 AVERAGE    75

..........................................................


THE INTERNATIONAL FALLS MN CLIMATE NORMALS FOR TODAY
                         NORMAL    RECORD    YEAR
 MAXIMUM TEMPERATURE (F)   78        98      1975
                                             1916
 MINIMUM TEMPERATURE (F)   53        36      2005


SUNRISE AND SUNSET
JULY 29 2014..........SUNRISE   544 AM CDT   SUNSET   855 PM CDT
JULY 30 2014..........SUNRISE   545 AM CDT   SUNSET   854 PM CDT


-  INDICATES NEGATIVE NUMBERS.
R  INDICATES RECORD WAS SET OR TIED.
MM INDICATES DATA IS MISSING.
T  INDICATES TRACE AMOUNT.




$$
