000
CDUS43 KDLH 310626
CLIINL


CLIMATE REPORT
NATIONAL WEATHER SERVICE DULUTH MN
1226 AM CST SAT JAN 31 2015


...................................

...THE INTERNATIONAL FALLS MN CLIMATE SUMMARY FOR JANUARY 30 2015...

CLIMATE NORMAL PERIOD 1981 TO 2010
CLIMATE RECORD PERIOD 1895 TO 2015


WEATHER ITEM   OBSERVED TIME   RECORD YEAR NORMAL DEPARTURE LAST
                VALUE   (LST)  VALUE       VALUE  FROM      YEAR
                                                  NORMAL
..................................................................
TEMPERATURE (F)
 YESTERDAY
  MAXIMUM         15   1159 PM  43    1999  17     -2        6
  MINIMUM        -19   1225 AM -40    1950  -6    -13      -13
                                      1909
  AVERAGE         -2                         6     -8       -3

PRECIPITATION (IN)
  YESTERDAY        0.07          0.29 1946   0.01   0.06     0.00
  MONTH TO DATE    1.33                      0.60   0.73     0.82
  SINCE DEC 1      2.18                      1.41   0.77     2.26
  SINCE JAN 1      1.33                      0.60   0.73     0.82

SNOWFALL (IN)
  YESTERDAY        0.8           3.0  1974   0.4    0.4      0.0
  MONTH TO DATE   20.6                      14.6    6.0     16.8
  SINCE DEC 1     31.3                      29.6    1.7     43.2
  SINCE JUL 1     40.6                      45.6   -5.0     54.1
  SNOW DEPTH      13

DEGREE DAYS
 HEATING
  YESTERDAY       67                        60      7       68
  MONTH TO DATE 1748                      1820    -72     2047
  SINCE DEC 1   3211                      3534   -323     4184
  SINCE JUL 1   5822                      5995   -173     6542

 COOLING
  YESTERDAY        0                         0      0        0
  MONTH TO DATE    0                         0      0        0
  SINCE DEC 1      0                         0      0        0
  SINCE JAN 1      0                         0      0        0
..................................................................


WIND (MPH)
  HIGHEST WIND SPEED    12   HIGHEST WIND DIRECTION    SE (150)
  HIGHEST GUST SPEED    15   HIGHEST GUST DIRECTION    SE (150)
  AVERAGE WIND SPEED     3.2


SKY COVER
  AVERAGE SKY COVER 0.7


WEATHER CONDITIONS
 THE FOLLOWING WEATHER WAS RECORDED YESTERDAY.
  LIGHT SNOW
  FOG


RELATIVE HUMIDITY (PERCENT)
 HIGHEST    89           100 AM
 LOWEST     73          1100 PM
 AVERAGE    81

..........................................................


THE INTERNATIONAL FALLS MN CLIMATE NORMALS FOR TODAY
                         NORMAL    RECORD    YEAR
 MAXIMUM TEMPERATURE (F)   17        45      1999
 MINIMUM TEMPERATURE (F)   -6       -35      1996
                                             1985
                                             1982


SUNRISE AND SUNSET
JANUARY 31 2015.......SUNRISE   745 AM CST   SUNSET   510 PM CST
FEBRUARY  1 2015......SUNRISE   743 AM CST   SUNSET   512 PM CST


-  INDICATES NEGATIVE NUMBERS.
R  INDICATES RECORD WAS SET OR TIED.
MM INDICATES DATA IS MISSING.
T  INDICATES TRACE AMOUNT.




$$
