000
CDUS43 KDLH 200648
CLIINL


CLIMATE REPORT
NATIONAL WEATHER SERVICE DULUTH MN
145 AM CDT SUN APR 20 2014


...................................

...THE INTERNATIONAL FALLS MN CLIMATE SUMMARY FOR APRIL 19 2014...

CLIMATE NORMAL PERIOD 1981 TO 2010
CLIMATE RECORD PERIOD 1895 TO 2014


WEATHER ITEM   OBSERVED TIME   RECORD YEAR NORMAL DEPARTURE LAST
                VALUE   (LST)  VALUE       VALUE  FROM      YEAR
                                                  NORMAL
..................................................................
TEMPERATURE (F)
 YESTERDAY
  MAXIMUM         62    438 PM  83    1987  54      8       33
  MINIMUM         32    421 AM  15    1947  29      3       16
  AVERAGE         47                        41      6       25

PRECIPITATION (IN)
  YESTERDAY        0.23          1.40 1957   0.05   0.18     0.05
  MONTH TO DATE    0.59                      0.87  -0.28     1.12
  SINCE MAR 1      2.05                      1.82   0.23     2.27
  SINCE JAN 1      3.80                      3.01   0.79     5.93

SNOWFALL (IN)
  YESTERDAY        1.2           5.0  1966   0.2    1.0      1.0
  MONTH TO DATE    3.8                       4.9   -1.1     11.9
  SINCE MAR 1     21.4                      12.5    8.9     26.6
  SINCE JUL 1     97.8                      69.3   28.5     96.9
  SNOW DEPTH       1

DEGREE DAYS
 HEATING
  YESTERDAY       18                        24     -6       40
  MONTH TO DATE  630                       539     91      715
  SINCE MAR 1   2236                      1822    414     2227
  SINCE JUL 1  10667                      9405   1262     9784

 COOLING
  YESTERDAY        0                         0      0        0
  MONTH TO DATE    0                         0      0        0
  SINCE MAR 1      0                         0      0        0
  SINCE JAN 1      0                         0      0        0
..................................................................


WIND (MPH)
  HIGHEST WIND SPEED    28   HIGHEST WIND DIRECTION    SE (120)
  HIGHEST GUST SPEED    37   HIGHEST GUST DIRECTION     E (110)
  AVERAGE WIND SPEED    13.1


SKY COVER
  AVERAGE SKY COVER 0.6


WEATHER CONDITIONS
 THE FOLLOWING WEATHER WAS RECORDED YESTERDAY.
  LIGHT RAIN
  LT FREEZING RAIN
  LIGHT SNOW
  FOG


RELATIVE HUMIDITY (PERCENT)
 HIGHEST    92           400 AM
 LOWEST     32           500 PM
 AVERAGE    62

..........................................................


THE INTERNATIONAL FALLS MN CLIMATE NORMALS FOR TODAY
                         NORMAL    RECORD    YEAR
 MAXIMUM TEMPERATURE (F)   54        85      1923
 MINIMUM TEMPERATURE (F)   29         4      2013


SUNRISE AND SUNSET
APRIL 20 2014.........SUNRISE   614 AM CDT   SUNSET   812 PM CDT
APRIL 21 2014.........SUNRISE   612 AM CDT   SUNSET   814 PM CDT


-  INDICATES NEGATIVE NUMBERS.
R  INDICATES RECORD WAS SET OR TIED.
MM INDICATES DATA IS MISSING.
T  INDICATES TRACE AMOUNT.




$$
