000
CDUS43 KDLH 212224
CLIINL


CLIMATE REPORT
NATIONAL WEATHER SERVICE DULUTH MN
521 PM CDT TUE OCT 21 2014


...................................

...THE INTERNATIONAL FALLS MN CLIMATE SUMMARY FOR OCTOBER 21 2014...
VALID TODAY AS OF 0500 PM LOCAL TIME.

CLIMATE NORMAL PERIOD 1981 TO 2010
CLIMATE RECORD PERIOD 1895 TO 2014


WEATHER ITEM   OBSERVED TIME   RECORD YEAR NORMAL DEPARTURE LAST
                VALUE   (LST)  VALUE       VALUE  FROM      YEAR
                                                  NORMAL
..................................................................
TEMPERATURE (F)
 TODAY
  MAXIMUM         50    236 PM  79    1953  49      1       39
  MINIMUM         32    659 AM  14    1917  30      2       27
  AVERAGE         41                        39      2       33

PRECIPITATION (IN)
  TODAY            0.00                      0.06  -0.06     0.04
  MONTH TO DATE    0.57                      1.50  -0.93     1.94
  SINCE SEP 1      3.67                      4.49  -0.82     3.95
  SINCE JAN 1     28.21                     21.45   6.76    29.06

SNOWFALL (IN)
  TODAY            0.0                       0.1   -0.1      0.2
  MONTH TO DATE    T                         1.0   -1.0      1.2
  SINCE JUL 1      T                         1.1   -1.1      1.2
  SNOW DEPTH       0

DEGREE DAYS
 HEATING
  TODAY           24                        26     -2       32
  MONTH TO DATE  469                       459     10      405
  SINCE SEP 1    791                       812    -21      627
  SINCE JUL 1   1005                       993     12      847

 COOLING
  TODAY            0                         0      0        0
  MONTH TO DATE    0                         0      0        0
  SINCE SEP 1     10                        11     -1       11
  SINCE JAN 1    121                       192    -71      224
..................................................................


WIND (MPH)
  HIGHEST WIND SPEED    18   HIGHEST WIND DIRECTION    SE (140)
  HIGHEST GUST SPEED    24   HIGHEST GUST DIRECTION    SE (140)


SKY COVER
  AVERAGE SKY COVER 0.6


WEATHER CONDITIONS
 THE FOLLOWING WEATHER WAS RECORDED TODAY.
  NO SIGNIFICANT WEATHER WAS OBSERVED.


RELATIVE HUMIDITY (PERCENT)
 HIGHEST    92           700 AM
 LOWEST     61           100 PM
 AVERAGE    77

..........................................................


THE INTERNATIONAL FALLS MN CLIMATE NORMALS FOR TOMORROW
                         NORMAL    RECORD    YEAR
 MAXIMUM TEMPERATURE (F)   48        79      1920
 MINIMUM TEMPERATURE (F)   29         9      1913


SUNRISE AND SUNSET
OCTOBER 21 2014.......SUNRISE   743 AM CDT   SUNSET   613 PM CDT
OCTOBER 22 2014.......SUNRISE   744 AM CDT   SUNSET   611 PM CDT


-  INDICATES NEGATIVE NUMBERS.
R  INDICATES RECORD WAS SET OR TIED.
MM INDICATES DATA IS MISSING.
T  INDICATES TRACE AMOUNT.




$$
