000
CDUS43 KDLH 260625
CLIINL


CLIMATE REPORT
NATIONAL WEATHER SERVICE DULUTH MN
125 AM CDT THU MAR 26 2015


...................................

...THE INTERNATIONAL FALLS MN CLIMATE SUMMARY FOR MARCH 25 2015...

CLIMATE NORMAL PERIOD 1981 TO 2010
CLIMATE RECORD PERIOD 1895 TO 2015


WEATHER ITEM   OBSERVED TIME   RECORD YEAR NORMAL DEPARTURE LAST
                VALUE   (LST)  VALUE       VALUE  FROM      YEAR
                                                  NORMAL
..................................................................
TEMPERATURE (F)
 YESTERDAY
  MAXIMUM         38   1233 AM  60    1921  39     -1       17
                                      1918
                                      1911
  MINIMUM         23   1159 PM -20    1965  17      6       -8
  AVERAGE         31                        28      3        5

PRECIPITATION (IN)
  YESTERDAY        0.21          0.34 1948   0.04   0.17      T
  MONTH TO DATE    0.32                      0.72  -0.40     1.18
  SINCE MAR 1      0.32                      0.72  -0.40     1.18
  SINCE JAN 1      2.34                      1.91   0.43     2.93

SNOWFALL (IN)
  YESTERDAY        1.0           2.6  1954   0.2    0.8       T
  MONTH TO DATE    3.2                       6.3   -3.1     15.0
  SINCE MAR 1      3.2                       6.3   -3.1     15.0
  SINCE JUL 1     59.9                      63.1   -3.2     91.4
  SNOW DEPTH       T

DEGREE DAYS
 HEATING
  YESTERDAY       34                        37     -3       60
  MONTH TO DATE  963                      1070   -107     1338
  SINCE MAR 1    963                      1070   -107     1338
  SINCE JUL 1   8717                      8653     64     9769

 COOLING
  YESTERDAY        0                         0      0        0
  MONTH TO DATE    0                         0      0        0
  SINCE MAR 1      0                         0      0        0
  SINCE JAN 1      0                         0      0        0
..................................................................


WIND (MPH)
  HIGHEST WIND SPEED    26   HIGHEST WIND DIRECTION    NW (330)
  HIGHEST GUST SPEED    36   HIGHEST GUST DIRECTION    NW (300)
  AVERAGE WIND SPEED    10.9


SKY COVER
  AVERAGE SKY COVER 1.0


WEATHER CONDITIONS
 THE FOLLOWING WEATHER WAS RECORDED YESTERDAY.
  LT FREEZING RAIN
  SNOW
  LIGHT SNOW
  FOG
  FOG W/VISIBILITY <= 1/4 MILE
  HAZE


RELATIVE HUMIDITY (PERCENT)
 HIGHEST    92           400 AM
 LOWEST     64          1200 AM
 AVERAGE    78

..........................................................


THE INTERNATIONAL FALLS MN CLIMATE NORMALS FOR TODAY
                         NORMAL    RECORD    YEAR
 MAXIMUM TEMPERATURE (F)   40        57      1989
                                             1973
                                             1968
 MINIMUM TEMPERATURE (F)   18       -22      1996


SUNRISE AND SUNSET
MARCH 26 2015.........SUNRISE   704 AM CDT   SUNSET   735 PM CDT
MARCH 27 2015.........SUNRISE   702 AM CDT   SUNSET   737 PM CDT


-  INDICATES NEGATIVE NUMBERS.
R  INDICATES RECORD WAS SET OR TIED.
MM INDICATES DATA IS MISSING.
T  INDICATES TRACE AMOUNT.




$$
