000
CDUS43 KDLH 140641
CLIINL


CLIMATE REPORT
NATIONAL WEATHER SERVICE DULUTH MN
140 AM CDT MON AUG 14 2017


...................................

...THE INTERNATIONAL FALLS MN CLIMATE SUMMARY FOR AUGUST 13 2017...

CLIMATE NORMAL PERIOD 1981 TO 2010
CLIMATE RECORD PERIOD 1895 TO 2017


WEATHER ITEM   OBSERVED TIME   RECORD YEAR NORMAL DEPARTURE LAST
                VALUE   (LST)  VALUE       VALUE  FROM      YEAR
                                                  NORMAL
..................................................................
TEMPERATURE (F)
 YESTERDAY
  MAXIMUM         76    224 PM  94    1970  77     -1       74
  MINIMUM         46    505 AM  33    1997  52     -6       51
  AVERAGE         61                        64     -3       63

PRECIPITATION (IN)
  YESTERDAY        0.00          1.00 1919   0.09  -0.09     0.00
  MONTH TO DATE    1.64                      1.20   0.44     2.17
  SINCE JUN 1      7.68                      8.82  -1.14    11.52
  SINCE JAN 1     14.30                     15.35  -1.05    19.32

SNOWFALL (IN)
  YESTERDAY        0.0           T    1996   0.0    0.0      0.0
  MONTH TO DATE    0.0                       0.0    0.0      0.0
  SINCE JUN 1      0.0                       0.0    0.0      0.0
  SINCE JUL 1      0.0                       0.0    0.0      0.0
  SNOW DEPTH       0

DEGREE DAYS
 HEATING
  YESTERDAY        4                         3      1        2
  MONTH TO DATE   49                        33     16       13
  SINCE JUN 1    240                       267    -27      223
  SINCE JUL 1    116                       103     13       56

 COOLING
  YESTERDAY        0                         2     -2        0
  MONTH TO DATE    9                        26    -17       25
  SINCE JUN 1     75                       140    -65      125
  SINCE JAN 1     75                       149    -74      127
..................................................................


WIND (MPH)
  HIGHEST WIND SPEED    13   HIGHEST WIND DIRECTION    SW (220)
  HIGHEST GUST SPEED    18   HIGHEST GUST DIRECTION    SW (220)
  AVERAGE WIND SPEED     2.4


SKY COVER
  AVERAGE SKY COVER 0.1


WEATHER CONDITIONS
 THE FOLLOWING WEATHER WAS RECORDED YESTERDAY.
  FOG


RELATIVE HUMIDITY (PERCENT)
 HIGHEST    96           600 AM
 LOWEST     53          1200 PM
 AVERAGE    75

..........................................................


THE INTERNATIONAL FALLS MN CLIMATE NORMALS FOR TODAY
                         NORMAL    RECORD    YEAR
 MAXIMUM TEMPERATURE (F)   77        92      1961
                                             1922
 MINIMUM TEMPERATURE (F)   51        35      2013
                                             1997
                                             1964


SUNRISE AND SUNSET
AUGUST 14 2017........SUNRISE   606 AM CDT   SUNSET   829 PM CDT
AUGUST 15 2017........SUNRISE   607 AM CDT   SUNSET   828 PM CDT


-  INDICATES NEGATIVE NUMBERS.
R  INDICATES RECORD WAS SET OR TIED.
MM INDICATES DATA IS MISSING.
T  INDICATES TRACE AMOUNT.




$$
