000
CDUS43 KDLH 290624
CLIINL


CLIMATE REPORT
NATIONAL WEATHER SERVICE DULUTH MN
123 AM CDT MON SEP 29 2014


...................................

...THE INTERNATIONAL FALLS MN CLIMATE SUMMARY FOR SEPTEMBER 28 2014...

CLIMATE NORMAL PERIOD 1981 TO 2010
CLIMATE RECORD PERIOD 1895 TO 2014


WEATHER ITEM   OBSERVED TIME   RECORD YEAR NORMAL DEPARTURE LAST
                VALUE   (LST)  VALUE       VALUE  FROM      YEAR
                                                  NORMAL
..................................................................
TEMPERATURE (F)
 YESTERDAY
  MAXIMUM         63   1227 AM  82    2011  60      3       67
  MINIMUM         45   1159 PM  24    1907  37      8       46
  AVERAGE         54                        48      6       57

PRECIPITATION (IN)
  YESTERDAY        0.40          1.83 1997   0.09   0.31     0.38
  MONTH TO DATE    3.10                      2.81   0.29     2.01
  SINCE SEP 1      3.10                      2.81   0.29     2.01
  SINCE JAN 1     27.64                     19.77   7.87    27.12

SNOWFALL (IN)
  YESTERDAY        0.0           T    2003   0.0    0.0      0.0
                                      1993
  MONTH TO DATE    0.0                       0.1   -0.1      0.0
  SINCE SEP 1      0.0                       0.1   -0.1      0.0
  SINCE JUL 1      0.0                       0.1   -0.1      0.0
  SNOW DEPTH       0

DEGREE DAYS
 HEATING
  YESTERDAY       11                        17     -6        8
  MONTH TO DATE  286                       318    -32      213
  SINCE SEP 1    286                       318    -32      213
  SINCE JUL 1    500                       499      1      433

 COOLING
  YESTERDAY        0                         0      0        0
  MONTH TO DATE   10                         9      1       11
  SINCE SEP 1     10                         9      1       11
  SINCE JAN 1    121                       190    -69      224
..................................................................


WIND (MPH)
  HIGHEST WIND SPEED    18   HIGHEST WIND DIRECTION     N (350)
  HIGHEST GUST SPEED    22   HIGHEST GUST DIRECTION    NE (30)
  AVERAGE WIND SPEED     8.0


SKY COVER
  AVERAGE SKY COVER 0.7


WEATHER CONDITIONS
 THE FOLLOWING WEATHER WAS RECORDED YESTERDAY.
  RAIN
  LIGHT RAIN
  FOG


RELATIVE HUMIDITY (PERCENT)
 HIGHEST   100           400 AM
 LOWEST     78          1200 PM
 AVERAGE    89

..........................................................


THE INTERNATIONAL FALLS MN CLIMATE NORMALS FOR TODAY
                         NORMAL    RECORD    YEAR
 MAXIMUM TEMPERATURE (F)   59        88      1897
 MINIMUM TEMPERATURE (F)   37        23      1907


SUNRISE AND SUNSET
SEPTEMBER 29 2014.....SUNRISE   710 AM CDT   SUNSET   657 PM CDT
SEPTEMBER 30 2014.....SUNRISE   712 AM CDT   SUNSET   654 PM CDT


-  INDICATES NEGATIVE NUMBERS.
R  INDICATES RECORD WAS SET OR TIED.
MM INDICATES DATA IS MISSING.
T  INDICATES TRACE AMOUNT.




$$
