000
CDUS43 KDLH 290621
CLIINL


CLIMATE REPORT
NATIONAL WEATHER SERVICE DULUTH MN
120 AM CDT FRI JUL 29 2016


...................................

...THE INTERNATIONAL FALLS MN CLIMATE SUMMARY FOR JULY 28 2016...

CLIMATE NORMAL PERIOD 1981 TO 2010
CLIMATE RECORD PERIOD 1895 TO 2016


WEATHER ITEM   OBSERVED TIME   RECORD YEAR NORMAL DEPARTURE LAST
                VALUE   (LST)  VALUE       VALUE  FROM      YEAR
                                                  NORMAL
..................................................................
TEMPERATURE (F)
 YESTERDAY
  MAXIMUM         77    423 PM 100    1916  78     -1       82
  MINIMUM         51   1147 PM  38    1913  53     -2       65
  AVERAGE         64                        65     -1       74

PRECIPITATION (IN)
  YESTERDAY        0.00          1.92 1920   0.10  -0.10     0.08
  MONTH TO DATE    2.42                      3.41  -0.99     1.46
  SINCE JUN 1      9.34                      7.33   2.01     4.66
  SINCE JAN 1     17.14                     13.86   3.28    12.83

SNOWFALL (IN)
  YESTERDAY        0.0           T    1990   0.0    0.0      0.0
  MONTH TO DATE    0.0                       0.0    0.0      0.0
  SINCE JUN 1      0.0                       0.0    0.0      0.0
  SINCE JUL 1      0.0                       0.0    0.0      0.0
  SNOW DEPTH       0

DEGREE DAYS
 HEATING
  YESTERDAY        1                         2     -1        0
  MONTH TO DATE   41                        63    -22       47
  SINCE JUN 1    208                       227    -19      196
  SINCE JUL 1     41                        63    -22       47

 COOLING
  YESTERDAY        0                         2     -2        9
  MONTH TO DATE   75                        67      8       86
  SINCE JUN 1     94                       105    -11       90
  SINCE JAN 1     96                       114    -18       90
..................................................................


WIND (MPH)
  HIGHEST WIND SPEED    12   HIGHEST WIND DIRECTION     N (10)
  HIGHEST GUST SPEED    15   HIGHEST GUST DIRECTION     N (10)
  AVERAGE WIND SPEED     3.6


SKY COVER
  AVERAGE SKY COVER 0.2


WEATHER CONDITIONS
 THE FOLLOWING WEATHER WAS RECORDED YESTERDAY.
  NO SIGNIFICANT WEATHER WAS OBSERVED.


RELATIVE HUMIDITY (PERCENT)
 HIGHEST    93           900 PM
 LOWEST     43           500 PM
 AVERAGE    68

..........................................................


THE INTERNATIONAL FALLS MN CLIMATE NORMALS FOR TODAY
                         NORMAL    RECORD    YEAR
 MAXIMUM TEMPERATURE (F)   78        98      1975
                                             1916
 MINIMUM TEMPERATURE (F)   53        36      2005


SUNRISE AND SUNSET
JULY 29 2016..........SUNRISE   545 AM CDT   SUNSET   855 PM CDT
JULY 30 2016..........SUNRISE   546 AM CDT   SUNSET   853 PM CDT


-  INDICATES NEGATIVE NUMBERS.
R  INDICATES RECORD WAS SET OR TIED.
MM INDICATES DATA IS MISSING.
T  INDICATES TRACE AMOUNT.




$$
