000
CDUS43 KDLH 210621
CLIINL


CLIMATE REPORT
NATIONAL WEATHER SERVICE DULUTH MN
119 AM CDT FRI JUL 21 2017


...................................

...THE INTERNATIONAL FALLS MN CLIMATE SUMMARY FOR JULY 20 2017...

CLIMATE NORMAL PERIOD 1981 TO 2010
CLIMATE RECORD PERIOD 1895 TO 2017


WEATHER ITEM   OBSERVED TIME   RECORD YEAR NORMAL DEPARTURE LAST
                VALUE   (LST)  VALUE       VALUE  FROM      YEAR
                                                  NORMAL
..................................................................
TEMPERATURE (F)
 YESTERDAY
  MAXIMUM         79    332 PM  97    1923  78      1       89
  MINIMUM         52    329 AM  36    1912  53     -1       59
  AVERAGE         66                        66      0       74

PRECIPITATION (IN)
  YESTERDAY        0.00          1.06 1952   0.10  -0.10      T
  MONTH TO DATE    2.10                      2.58  -0.48     2.32
  SINCE JUN 1      5.89                      6.50  -0.61     9.24
  SINCE JAN 1     12.51                     13.03  -0.52    17.04

SNOWFALL (IN)
  YESTERDAY        0.0           0.0  2002   0.0    0.0      0.0
                                      2001
  MONTH TO DATE    0.0                       0.0    0.0      0.0
  SINCE JUN 1      0.0                       0.0    0.0      0.0
  SINCE JUL 1      0.0                       0.0    0.0      0.0
  SNOW DEPTH       0

DEGREE DAYS
 HEATING
  YESTERDAY        0                         2     -2        0
  MONTH TO DATE   65                        47     18       40
  SINCE JUN 1    189                       211    -22      207
  SINCE JUL 1     65                        47     18       40

 COOLING
  YESTERDAY        1                         3     -2        9
  MONTH TO DATE   24                        51    -27       37
  SINCE JUN 1     36                        89    -53       56
  SINCE JAN 1     36                        98    -62       58
..................................................................


WIND (MPH)
  HIGHEST WIND SPEED    14   HIGHEST WIND DIRECTION    NW (300)
  HIGHEST GUST SPEED    18   HIGHEST GUST DIRECTION    NW (300)
  AVERAGE WIND SPEED     4.3


SKY COVER
  AVERAGE SKY COVER 0.1


WEATHER CONDITIONS
 THE FOLLOWING WEATHER WAS RECORDED YESTERDAY.
  FOG
  FOG W/VISIBILITY <= 1/4 MILE


RELATIVE HUMIDITY (PERCENT)
 HIGHEST   100           500 AM
 LOWEST     39           300 PM
 AVERAGE    70

..........................................................


THE INTERNATIONAL FALLS MN CLIMATE NORMALS FOR TODAY
                         NORMAL    RECORD    YEAR
 MAXIMUM TEMPERATURE (F)   78        96      1923
                                             1906
 MINIMUM TEMPERATURE (F)   53        41      2013
                                             1947


SUNRISE AND SUNSET
JULY 21 2017..........SUNRISE   534 AM CDT   SUNSET   905 PM CDT
JULY 22 2017..........SUNRISE   536 AM CDT   SUNSET   904 PM CDT


-  INDICATES NEGATIVE NUMBERS.
R  INDICATES RECORD WAS SET OR TIED.
MM INDICATES DATA IS MISSING.
T  INDICATES TRACE AMOUNT.




$$
